{"id":5169,"date":"2022-12-15T14:41:37","date_gmt":"2022-12-15T14:41:37","guid":{"rendered":"https:\/\/moraissoaresarquitectos.pt\/?post_type=projecto&#038;p=5169"},"modified":"2022-12-20T10:40:36","modified_gmt":"2022-12-20T10:40:36","slug":"casa-januario","status":"publish","type":"projecto","link":"https:\/\/moraissoaresarquitectos.pt\/pt-pt\/projectos\/casa-januario\/","title":{"rendered":"Casa Janu\u00e1rio"},"content":{"rendered":"<p>Fundada em 1926, a Casa Janu\u00e1rio \u00e9 uma mercearia fina, sendo uma refer\u00eancia no com\u00e9rcio tradicional da cidade do Porto.<\/p>\n<p>Na loja s\u00e3o repostas montras de desenho tradicional em madeira, tendo como inspira\u00e7\u00e3o a fachada original, atrav\u00e9s de fotografias antigas. Substitui-se assim as montras em alum\u00ednio anodizado datadas dos anos 70. O interior da loja, porque com interven\u00e7\u00e3o recente, n\u00e3o sofre grande altera\u00e7\u00e3o.<\/p>\n<p>Posteriormente os andares superiores de armaz\u00e9m e escrit\u00f3rios, porque j\u00e1 desactivados, d\u00e3o lugar a um alojamento local.<\/p>\n","protected":false},"excerpt":{"rendered":"<p>Fundada em 1926, a Casa Janu\u00e1rio \u00e9 uma mercearia fina, sendo uma refer\u00eancia no com\u00e9rcio tradicional da cidade do Porto. Na loja s\u00e3o repostas montras de desenho tradicional em madeira, tendo como inspira\u00e7\u00e3o a fachada original, atrav\u00e9s de fotografias antigas. Substitui-se assim as montras em alum\u00ednio anodizado datadas dos anos 70. O interior da loja, [&hellip;]<\/p>\n<p class=\"read-more\"><a class=\"button\" href=\"https:\/\/moraissoaresarquitectos.pt\/pt-pt\/projectos\/casa-januario\/\">Read More<\/a><\/p>\n","protected":false},"featured_media":5170,"template":"","tipo_de_projecto":[206,197],"class_list":["post-5169","projecto","type-projecto","status-publish","has-post-thumbnail","hentry","tipo_de_projecto-hotels-restaurants","tipo_de_projecto-retail"],"yoast_head":"<!-- This site is optimized with the Yoast SEO plugin v26.3 - https:\/\/yoast.com\/wordpress\/plugins\/seo\/ -->\n<title>Casa Janu\u00e1rio - Morais<\/title>\n<meta name=\"robots\" content=\"index, follow, max-snippet:-1, max-image-preview:large, max-video-preview:-1\" \/>\n<link rel=\"canonical\" href=\"https:\/\/moraissoaresarquitectos.pt\/pt-pt\/projectos\/casa-januario\/\" \/>\n<meta property=\"og:locale\" content=\"pt_PT\" \/>\n<meta property=\"og:type\" content=\"article\" \/>\n<meta property=\"og:title\" content=\"Casa Janu\u00e1rio - Morais\" \/>\n<meta property=\"og:description\" content=\"Fundada em 1926, a Casa Janu\u00e1rio \u00e9 uma mercearia fina, sendo uma refer\u00eancia no com\u00e9rcio tradicional da cidade do Porto. Na loja s\u00e3o repostas montras de desenho tradicional em madeira, tendo como inspira\u00e7\u00e3o a fachada original, atrav\u00e9s de fotografias antigas. Substitui-se assim as montras em alum\u00ednio anodizado datadas dos anos 70. O interior da loja, [&hellip;]Read More\" \/>\n<meta property=\"og:url\" content=\"https:\/\/moraissoaresarquitectos.pt\/pt-pt\/projectos\/casa-januario\/\" \/>\n<meta property=\"og:site_name\" content=\"Morais\" \/>\n<meta property=\"article:modified_time\" content=\"2022-12-20T10:40:36+00:00\" \/>\n<meta property=\"og:image\" content=\"https:\/\/moraissoaresarquitectos.pt\/wp-content\/uploads\/2022\/12\/01-6.jpg\" \/>\n\t<meta property=\"og:image:width\" content=\"1728\" \/>\n\t<meta property=\"og:image:height\" content=\"1203\" \/>\n\t<meta property=\"og:image:type\" content=\"image\/jpeg\" \/>\n<meta name=\"twitter:card\" content=\"summary_large_image\" \/>\n<meta name=\"twitter:label1\" content=\"Tempo estimado de leitura\" \/>\n\t<meta name=\"twitter:data1\" content=\"1 minuto\" \/>\n<script type=\"application\/ld+json\" class=\"yoast-schema-graph\">{\"@context\":\"https:\/\/schema.org\",\"@graph\":[{\"@type\":\"WebPage\",\"@id\":\"https:\/\/moraissoaresarquitectos.pt\/pt-pt\/projectos\/casa-januario\/\",\"url\":\"https:\/\/moraissoaresarquitectos.pt\/pt-pt\/projectos\/casa-januario\/\",\"name\":\"Casa Janu\u00e1rio - Morais\",\"isPartOf\":{\"@id\":\"https:\/\/moraissoaresarquitectos.pt\/#website\"},\"primaryImageOfPage\":{\"@id\":\"https:\/\/moraissoaresarquitectos.pt\/pt-pt\/projectos\/casa-januario\/#primaryimage\"},\"image\":{\"@id\":\"https:\/\/moraissoaresarquitectos.pt\/pt-pt\/projectos\/casa-januario\/#primaryimage\"},\"thumbnailUrl\":\"https:\/\/moraissoaresarquitectos.pt\/wp-content\/uploads\/2022\/12\/01-6.jpg\",\"datePublished\":\"2022-12-15T14:41:37+00:00\",\"dateModified\":\"2022-12-20T10:40:36+00:00\",\"breadcrumb\":{\"@id\":\"https:\/\/moraissoaresarquitectos.pt\/pt-pt\/projectos\/casa-januario\/#breadcrumb\"},\"inLanguage\":\"pt-PT\",\"potentialAction\":[{\"@type\":\"ReadAction\",\"target\":[\"https:\/\/moraissoaresarquitectos.pt\/pt-pt\/projectos\/casa-januario\/\"]}]},{\"@type\":\"ImageObject\",\"inLanguage\":\"pt-PT\",\"@id\":\"https:\/\/moraissoaresarquitectos.pt\/pt-pt\/projectos\/casa-januario\/#primaryimage\",\"url\":\"https:\/\/moraissoaresarquitectos.pt\/wp-content\/uploads\/2022\/12\/01-6.jpg\",\"contentUrl\":\"https:\/\/moraissoaresarquitectos.pt\/wp-content\/uploads\/2022\/12\/01-6.jpg\",\"width\":1728,\"height\":1203},{\"@type\":\"BreadcrumbList\",\"@id\":\"https:\/\/moraissoaresarquitectos.pt\/pt-pt\/projectos\/casa-januario\/#breadcrumb\",\"itemListElement\":[{\"@type\":\"ListItem\",\"position\":1,\"name\":\"Home\",\"item\":\"https:\/\/moraissoaresarquitectos.pt\/pt-pt\/\"},{\"@type\":\"ListItem\",\"position\":2,\"name\":\"Projectos\",\"item\":\"https:\/\/moraissoaresarquitectos.pt\/projectos\/\"},{\"@type\":\"ListItem\",\"position\":3,\"name\":\"Casa Janu\u00e1rio\"}]},{\"@type\":\"WebSite\",\"@id\":\"https:\/\/moraissoaresarquitectos.pt\/#website\",\"url\":\"https:\/\/moraissoaresarquitectos.pt\/\",\"name\":\"Morais\",\"description\":\"Morais Soares Arquitectos\",\"publisher\":{\"@id\":\"https:\/\/moraissoaresarquitectos.pt\/#organization\"},\"potentialAction\":[{\"@type\":\"SearchAction\",\"target\":{\"@type\":\"EntryPoint\",\"urlTemplate\":\"https:\/\/moraissoaresarquitectos.pt\/?s={search_term_string}\"},\"query-input\":{\"@type\":\"PropertyValueSpecification\",\"valueRequired\":true,\"valueName\":\"search_term_string\"}}],\"inLanguage\":\"pt-PT\"},{\"@type\":\"Organization\",\"@id\":\"https:\/\/moraissoaresarquitectos.pt\/#organization\",\"name\":\"Morais Soares Arquitectos\",\"url\":\"https:\/\/moraissoaresarquitectos.pt\/\",\"logo\":{\"@type\":\"ImageObject\",\"inLanguage\":\"pt-PT\",\"@id\":\"https:\/\/moraissoaresarquitectos.pt\/#\/schema\/logo\/image\/\",\"url\":\"https:\/\/moraissoaresarquitectos.pt\/wp-content\/uploads\/2022\/06\/cropped-logo-selecionado-2022-05-02-copiar.png\",\"contentUrl\":\"https:\/\/moraissoaresarquitectos.pt\/wp-content\/uploads\/2022\/06\/cropped-logo-selecionado-2022-05-02-copiar.png\",\"width\":500,\"height\":328,\"caption\":\"Morais Soares Arquitectos\"},\"image\":{\"@id\":\"https:\/\/moraissoaresarquitectos.pt\/#\/schema\/logo\/image\/\"}}]}<\/script>\n<!-- \/ Yoast SEO plugin. -->","yoast_head_json":{"title":"Casa Janu\u00e1rio - Morais","robots":{"index":"index","follow":"follow","max-snippet":"max-snippet:-1","max-image-preview":"max-image-preview:large","max-video-preview":"max-video-preview:-1"},"canonical":"https:\/\/moraissoaresarquitectos.pt\/pt-pt\/projectos\/casa-januario\/","og_locale":"pt_PT","og_type":"article","og_title":"Casa Janu\u00e1rio - Morais","og_description":"Fundada em 1926, a Casa Janu\u00e1rio \u00e9 uma mercearia fina, sendo uma refer\u00eancia no com\u00e9rcio tradicional da cidade do Porto. Na loja s\u00e3o repostas montras de desenho tradicional em madeira, tendo como inspira\u00e7\u00e3o a fachada original, atrav\u00e9s de fotografias antigas. Substitui-se assim as montras em alum\u00ednio anodizado datadas dos anos 70. O interior da loja, [&hellip;]Read More","og_url":"https:\/\/moraissoaresarquitectos.pt\/pt-pt\/projectos\/casa-januario\/","og_site_name":"Morais","article_modified_time":"2022-12-20T10:40:36+00:00","og_image":[{"width":1728,"height":1203,"url":"https:\/\/moraissoaresarquitectos.pt\/wp-content\/uploads\/2022\/12\/01-6.jpg","type":"image\/jpeg"}],"twitter_card":"summary_large_image","twitter_misc":{"Tempo estimado de leitura":"1 minuto"},"schema":{"@context":"https:\/\/schema.org","@graph":[{"@type":"WebPage","@id":"https:\/\/moraissoaresarquitectos.pt\/pt-pt\/projectos\/casa-januario\/","url":"https:\/\/moraissoaresarquitectos.pt\/pt-pt\/projectos\/casa-januario\/","name":"Casa Janu\u00e1rio - Morais","isPartOf":{"@id":"https:\/\/moraissoaresarquitectos.pt\/#website"},"primaryImageOfPage":{"@id":"https:\/\/moraissoaresarquitectos.pt\/pt-pt\/projectos\/casa-januario\/#primaryimage"},"image":{"@id":"https:\/\/moraissoaresarquitectos.pt\/pt-pt\/projectos\/casa-januario\/#primaryimage"},"thumbnailUrl":"https:\/\/moraissoaresarquitectos.pt\/wp-content\/uploads\/2022\/12\/01-6.jpg","datePublished":"2022-12-15T14:41:37+00:00","dateModified":"2022-12-20T10:40:36+00:00","breadcrumb":{"@id":"https:\/\/moraissoaresarquitectos.pt\/pt-pt\/projectos\/casa-januario\/#breadcrumb"},"inLanguage":"pt-PT","potentialAction":[{"@type":"ReadAction","target":["https:\/\/moraissoaresarquitectos.pt\/pt-pt\/projectos\/casa-januario\/"]}]},{"@type":"ImageObject","inLanguage":"pt-PT","@id":"https:\/\/moraissoaresarquitectos.pt\/pt-pt\/projectos\/casa-januario\/#primaryimage","url":"https:\/\/moraissoaresarquitectos.pt\/wp-content\/uploads\/2022\/12\/01-6.jpg","contentUrl":"https:\/\/moraissoaresarquitectos.pt\/wp-content\/uploads\/2022\/12\/01-6.jpg","width":1728,"height":1203},{"@type":"BreadcrumbList","@id":"https:\/\/moraissoaresarquitectos.pt\/pt-pt\/projectos\/casa-januario\/#breadcrumb","itemListElement":[{"@type":"ListItem","position":1,"name":"Home","item":"https:\/\/moraissoaresarquitectos.pt\/pt-pt\/"},{"@type":"ListItem","position":2,"name":"Projectos","item":"https:\/\/moraissoaresarquitectos.pt\/projectos\/"},{"@type":"ListItem","position":3,"name":"Casa Janu\u00e1rio"}]},{"@type":"WebSite","@id":"https:\/\/moraissoaresarquitectos.pt\/#website","url":"https:\/\/moraissoaresarquitectos.pt\/","name":"Morais","description":"Morais Soares Arquitectos","publisher":{"@id":"https:\/\/moraissoaresarquitectos.pt\/#organization"},"potentialAction":[{"@type":"SearchAction","target":{"@type":"EntryPoint","urlTemplate":"https:\/\/moraissoaresarquitectos.pt\/?s={search_term_string}"},"query-input":{"@type":"PropertyValueSpecification","valueRequired":true,"valueName":"search_term_string"}}],"inLanguage":"pt-PT"},{"@type":"Organization","@id":"https:\/\/moraissoaresarquitectos.pt\/#organization","name":"Morais Soares Arquitectos","url":"https:\/\/moraissoaresarquitectos.pt\/","logo":{"@type":"ImageObject","inLanguage":"pt-PT","@id":"https:\/\/moraissoaresarquitectos.pt\/#\/schema\/logo\/image\/","url":"https:\/\/moraissoaresarquitectos.pt\/wp-content\/uploads\/2022\/06\/cropped-logo-selecionado-2022-05-02-copiar.png","contentUrl":"https:\/\/moraissoaresarquitectos.pt\/wp-content\/uploads\/2022\/06\/cropped-logo-selecionado-2022-05-02-copiar.png","width":500,"height":328,"caption":"Morais Soares Arquitectos"},"image":{"@id":"https:\/\/moraissoaresarquitectos.pt\/#\/schema\/logo\/image\/"}}]}},"_links":{"self":[{"href":"https:\/\/moraissoaresarquitectos.pt\/pt-pt\/wp-json\/wp\/v2\/projecto\/5169","targetHints":{"allow":["GET"]}}],"collection":[{"href":"https:\/\/moraissoaresarquitectos.pt\/pt-pt\/wp-json\/wp\/v2\/projecto"}],"about":[{"href":"https:\/\/moraissoaresarquitectos.pt\/pt-pt\/wp-json\/wp\/v2\/types\/projecto"}],"version-history":[{"count":2,"href":"https:\/\/moraissoaresarquitectos.pt\/pt-pt\/wp-json\/wp\/v2\/projecto\/5169\/revisions"}],"predecessor-version":[{"id":5192,"href":"https:\/\/moraissoaresarquitectos.pt\/pt-pt\/wp-json\/wp\/v2\/projecto\/5169\/revisions\/5192"}],"wp:featuredmedia":[{"embeddable":true,"href":"https:\/\/moraissoaresarquitectos.pt\/pt-pt\/wp-json\/wp\/v2\/media\/5170"}],"wp:attachment":[{"href":"https:\/\/moraissoaresarquitectos.pt\/pt-pt\/wp-json\/wp\/v2\/media?parent=5169"}],"wp:term":[{"taxonomy":"tipo_de_projecto","embeddable":true,"href":"https:\/\/moraissoaresarquitectos.pt\/pt-pt\/wp-json\/wp\/v2\/tipo_de_projecto?post=5169"}],"curies":[{"name":"wp","href":"https:\/\/api.w.org\/{rel}","templated":true}]}}

Casa Januário

<p>Fundada em 1926, a Casa Januário é uma mercearia fina, sendo uma referência no comércio tradicional da cidade do Porto.</p>
<p>Na loja são repostas montras de desenho tradicional em madeira, tendo como inspiração a fachada original, através de fotografias antigas. Substitui-se assim as montras em alumínio anodizado datadas dos anos 70. O interior da loja, porque com intervenção recente, não sofre grande alteração.</p>
<p>Posteriormente os andares superiores de armazém e escritórios, porque já desactivados, dão lugar a um alojamento local.</p>

<p>Fundada em 1926, a Casa Januário é uma mercearia fina, sendo uma referência no comércio tradicional da cidade do Porto. Na loja são repostas montras de desenho tradicional em madeira, tendo como inspiração a fachada original, através de fotografias antigas. Substitui-se assim as montras em alumínio anodizado datadas dos anos 70. O interior da loja, [&hellip;]</p>
<p class="read-more"><a class="button" href="https://moraissoaresarquitectos.pt/pt-pt/projectos/casa-januario/">Read More</a></p>

<!-- This site is optimized with the Yoast SEO plugin v26.3 - https://yoast.com/wordpress/plugins/seo/ -->
<title>Casa Januário - Morais</title>
<meta name="robots" content="index, follow, max-snippet:-1, max-image-preview:large, max-video-preview:-1" />
<link rel="canonical" href="https://moraissoaresarquitectos.pt/pt-pt/projectos/casa-januario/" />
<meta property="og:locale" content="pt_PT" />
<meta property="og:type" content="article" />
<meta property="og:title" content="Casa Januário - Morais" />
<meta property="og:description" content="Fundada em 1926, a Casa Januário é uma mercearia fina, sendo uma referência no comércio tradicional da cidade do Porto. Na loja são repostas montras de desenho tradicional em madeira, tendo como inspiração a fachada original, através de fotografias antigas. Substitui-se assim as montras em alumínio anodizado datadas dos anos 70. O interior da loja, [&hellip;]Read More" />
<meta property="og:url" content="https://moraissoaresarquitectos.pt/pt-pt/projectos/casa-januario/" />
<meta property="og:site_name" content="Morais" />
<meta property="article:modified_time" content="2022-12-20T10:40:36+00:00" />
<meta property="og:image" content="https://moraissoaresarquitectos.pt/wp-content/uploads/2022/12/01-6.jpg" />
	<meta property="og:image:width" content="1728" />
	<meta property="og:image:height" content="1203" />
	<meta property="og:image:type" content="image/jpeg" />
<meta name="twitter:card" content="summary_large_image" />
<meta name="twitter:label1" content="Tempo estimado de leitura" />
	<meta name="twitter:data1" content="1 minuto" />
<script type="application/ld+json" class="yoast-schema-graph">{"@context":"https://schema.org","@graph":[{"@type":"WebPage","@id":"https://moraissoaresarquitectos.pt/pt-pt/projectos/casa-januario/","url":"https://moraissoaresarquitectos.pt/pt-pt/projectos/casa-januario/","name":"Casa Januário - Morais","isPartOf":{"@id":"https://moraissoaresarquitectos.pt/#website"},"primaryImageOfPage":{"@id":"https://moraissoaresarquitectos.pt/pt-pt/projectos/casa-januario/#primaryimage"},"image":{"@id":"https://moraissoaresarquitectos.pt/pt-pt/projectos/casa-januario/#primaryimage"},"thumbnailUrl":"https://moraissoaresarquitectos.pt/wp-content/uploads/2022/12/01-6.jpg","datePublished":"2022-12-15T14:41:37+00:00","dateModified":"2022-12-20T10:40:36+00:00","breadcrumb":{"@id":"https://moraissoaresarquitectos.pt/pt-pt/projectos/casa-januario/#breadcrumb"},"inLanguage":"pt-PT","potentialAction":[{"@type":"ReadAction","target":["https://moraissoaresarquitectos.pt/pt-pt/projectos/casa-januario/"]}]},{"@type":"ImageObject","inLanguage":"pt-PT","@id":"https://moraissoaresarquitectos.pt/pt-pt/projectos/casa-januario/#primaryimage","url":"https://moraissoaresarquitectos.pt/wp-content/uploads/2022/12/01-6.jpg","contentUrl":"https://moraissoaresarquitectos.pt/wp-content/uploads/2022/12/01-6.jpg","width":1728,"height":1203},{"@type":"BreadcrumbList","@id":"https://moraissoaresarquitectos.pt/pt-pt/projectos/casa-januario/#breadcrumb","itemListElement":[{"@type":"ListItem","position":1,"name":"Home","item":"https://moraissoaresarquitectos.pt/pt-pt/"},{"@type":"ListItem","position":2,"name":"Projectos","item":"https://moraissoaresarquitectos.pt/projectos/"},{"@type":"ListItem","position":3,"name":"Casa Januário"}]},{"@type":"WebSite","@id":"https://moraissoaresarquitectos.pt/#website","url":"https://moraissoaresarquitectos.pt/","name":"Morais","description":"Morais Soares Arquitectos","publisher":{"@id":"https://moraissoaresarquitectos.pt/#organization"},"potentialAction":[{"@type":"SearchAction","target":{"@type":"EntryPoint","urlTemplate":"https://moraissoaresarquitectos.pt/?s={search_term_string}"},"query-input":{"@type":"PropertyValueSpecification","valueRequired":true,"valueName":"search_term_string"}}],"inLanguage":"pt-PT"},{"@type":"Organization","@id":"https://moraissoaresarquitectos.pt/#organization","name":"Morais Soares Arquitectos","url":"https://moraissoaresarquitectos.pt/","logo":{"@type":"ImageObject","inLanguage":"pt-PT","@id":"https://moraissoaresarquitectos.pt/#/schema/logo/image/","url":"https://moraissoaresarquitectos.pt/wp-content/uploads/2022/06/cropped-logo-selecionado-2022-05-02-copiar.png","contentUrl":"https://moraissoaresarquitectos.pt/wp-content/uploads/2022/06/cropped-logo-selecionado-2022-05-02-copiar.png","width":500,"height":328,"caption":"Morais Soares Arquitectos"},"image":{"@id":"https://moraissoaresarquitectos.pt/#/schema/logo/image/"}}]}</script>
<!-- / Yoast SEO plugin. -->

Casa Januário - Morais

Fundada em 1926, a Casa Januário é uma mercearia fina, sendo uma referência no comércio tradicional da cidade do Porto. Na loja são repostas montras de desenho tradicional em madeira, tendo como inspiração a fachada original, através de fotografias antigas. Substitui-se assim as montras em alumínio anodizado datadas dos anos 70. O interior da loja, [&hellip;]Read More
