{"id":2779,"date":"2022-05-26T11:15:27","date_gmt":"2022-05-26T11:15:27","guid":{"rendered":"https:\/\/moraissoaresarquitectos.pt\/?post_type=projecto&#038;p=2779"},"modified":"2022-11-30T18:13:12","modified_gmt":"2022-11-30T18:13:12","slug":"igreja-de-ramalde","status":"publish","type":"projecto","link":"https:\/\/moraissoaresarquitectos.pt\/pt-pt\/projectos\/igreja-de-ramalde\/","title":{"rendered":"igreja de Ramalde"},"content":{"rendered":"<p>A igreja define pela sua forma semi-circular uma leitura exterior continua, observada de qualquer arruamento circundante. \u00c9 marcada simbolicamente por uma torre, esguia de planta triangulada, al\u00e7ada como os restantes corpos em tijolo gresado, mas rematada na sua aresta aguda com um \u201ccorrer\u201d de zinco.<br \/>\nEnquadra-se com o corpo dos Servi\u00e7os\/Actividades Paroquiais, este de formas paralelipip\u00e9dicas, separado por espelho de \u00e1gua, pela Torre e pelo Baptist\u00e9rio.<br \/>\nFoi considerada em reuni\u00e3o de Bispos, a Igreja que responde com rigor \u00e0s regras fundamentais lit\u00fargicas.<br \/>\nUm bel\u00edssimo painel exterior em azulejaria da autoria do pintor Rog\u00e9rio Ribeiro complementa e enriquece a Igreja e o s\u00edtio.<\/p>\n","protected":false},"excerpt":{"rendered":"<p>A igreja define pela sua forma semi-circular uma leitura exterior continua, observada de qualquer arruamento circundante. \u00c9 marcada simbolicamente por uma torre, esguia de planta triangulada, al\u00e7ada como os restantes corpos em tijolo gresado, mas rematada na sua aresta aguda com um \u201ccorrer\u201d de zinco. Enquadra-se com o corpo dos Servi\u00e7os\/Actividades Paroquiais, este de formas [&hellip;]<\/p>\n<p class=\"read-more\"><a class=\"button\" href=\"https:\/\/moraissoaresarquitectos.pt\/pt-pt\/projectos\/igreja-de-ramalde\/\">Read More<\/a><\/p>\n","protected":false},"featured_media":2795,"template":"","tipo_de_projecto":[204],"class_list":["post-2779","projecto","type-projecto","status-publish","has-post-thumbnail","hentry","tipo_de_projecto-others"],"yoast_head":"<!-- This site is optimized with the Yoast SEO plugin v26.3 - https:\/\/yoast.com\/wordpress\/plugins\/seo\/ -->\n<title>igreja de Ramalde - Morais<\/title>\n<meta name=\"robots\" content=\"index, follow, max-snippet:-1, max-image-preview:large, max-video-preview:-1\" \/>\n<link rel=\"canonical\" href=\"https:\/\/moraissoaresarquitectos.pt\/pt-pt\/projectos\/igreja-de-ramalde\/\" \/>\n<meta property=\"og:locale\" content=\"pt_PT\" \/>\n<meta property=\"og:type\" content=\"article\" \/>\n<meta property=\"og:title\" content=\"igreja de Ramalde - Morais\" \/>\n<meta property=\"og:description\" content=\"A igreja define pela sua forma semi-circular uma leitura exterior continua, observada de qualquer arruamento circundante. \u00c9 marcada simbolicamente por uma torre, esguia de planta triangulada, al\u00e7ada como os restantes corpos em tijolo gresado, mas rematada na sua aresta aguda com um \u201ccorrer\u201d de zinco. Enquadra-se com o corpo dos Servi\u00e7os\/Actividades Paroquiais, este de formas [&hellip;]Read More\" \/>\n<meta property=\"og:url\" content=\"https:\/\/moraissoaresarquitectos.pt\/pt-pt\/projectos\/igreja-de-ramalde\/\" \/>\n<meta property=\"og:site_name\" content=\"Morais\" \/>\n<meta property=\"article:modified_time\" content=\"2022-11-30T18:13:12+00:00\" \/>\n<meta property=\"og:image\" content=\"https:\/\/moraissoaresarquitectos.pt\/wp-content\/uploads\/2022\/05\/Ramalde-1-copiar.jpg\" \/>\n\t<meta property=\"og:image:width\" content=\"1800\" \/>\n\t<meta property=\"og:image:height\" content=\"2296\" \/>\n\t<meta property=\"og:image:type\" content=\"image\/jpeg\" \/>\n<meta name=\"twitter:card\" content=\"summary_large_image\" \/>\n<meta name=\"twitter:label1\" content=\"Tempo estimado de leitura\" \/>\n\t<meta name=\"twitter:data1\" content=\"1 minuto\" \/>\n<script type=\"application\/ld+json\" class=\"yoast-schema-graph\">{\"@context\":\"https:\/\/schema.org\",\"@graph\":[{\"@type\":\"WebPage\",\"@id\":\"https:\/\/moraissoaresarquitectos.pt\/pt-pt\/projectos\/igreja-de-ramalde\/\",\"url\":\"https:\/\/moraissoaresarquitectos.pt\/pt-pt\/projectos\/igreja-de-ramalde\/\",\"name\":\"igreja de Ramalde - Morais\",\"isPartOf\":{\"@id\":\"https:\/\/moraissoaresarquitectos.pt\/#website\"},\"primaryImageOfPage\":{\"@id\":\"https:\/\/moraissoaresarquitectos.pt\/pt-pt\/projectos\/igreja-de-ramalde\/#primaryimage\"},\"image\":{\"@id\":\"https:\/\/moraissoaresarquitectos.pt\/pt-pt\/projectos\/igreja-de-ramalde\/#primaryimage\"},\"thumbnailUrl\":\"https:\/\/moraissoaresarquitectos.pt\/wp-content\/uploads\/2022\/05\/Ramalde-1-copiar.jpg\",\"datePublished\":\"2022-05-26T11:15:27+00:00\",\"dateModified\":\"2022-11-30T18:13:12+00:00\",\"breadcrumb\":{\"@id\":\"https:\/\/moraissoaresarquitectos.pt\/pt-pt\/projectos\/igreja-de-ramalde\/#breadcrumb\"},\"inLanguage\":\"pt-PT\",\"potentialAction\":[{\"@type\":\"ReadAction\",\"target\":[\"https:\/\/moraissoaresarquitectos.pt\/pt-pt\/projectos\/igreja-de-ramalde\/\"]}]},{\"@type\":\"ImageObject\",\"inLanguage\":\"pt-PT\",\"@id\":\"https:\/\/moraissoaresarquitectos.pt\/pt-pt\/projectos\/igreja-de-ramalde\/#primaryimage\",\"url\":\"https:\/\/moraissoaresarquitectos.pt\/wp-content\/uploads\/2022\/05\/Ramalde-1-copiar.jpg\",\"contentUrl\":\"https:\/\/moraissoaresarquitectos.pt\/wp-content\/uploads\/2022\/05\/Ramalde-1-copiar.jpg\",\"width\":1800,\"height\":2296,\"caption\":\"igreja de Ramalde\"},{\"@type\":\"BreadcrumbList\",\"@id\":\"https:\/\/moraissoaresarquitectos.pt\/pt-pt\/projectos\/igreja-de-ramalde\/#breadcrumb\",\"itemListElement\":[{\"@type\":\"ListItem\",\"position\":1,\"name\":\"Home\",\"item\":\"https:\/\/moraissoaresarquitectos.pt\/pt-pt\/\"},{\"@type\":\"ListItem\",\"position\":2,\"name\":\"Projectos\",\"item\":\"https:\/\/moraissoaresarquitectos.pt\/projectos\/\"},{\"@type\":\"ListItem\",\"position\":3,\"name\":\"igreja de Ramalde\"}]},{\"@type\":\"WebSite\",\"@id\":\"https:\/\/moraissoaresarquitectos.pt\/#website\",\"url\":\"https:\/\/moraissoaresarquitectos.pt\/\",\"name\":\"Morais\",\"description\":\"Morais Soares Arquitectos\",\"publisher\":{\"@id\":\"https:\/\/moraissoaresarquitectos.pt\/#organization\"},\"potentialAction\":[{\"@type\":\"SearchAction\",\"target\":{\"@type\":\"EntryPoint\",\"urlTemplate\":\"https:\/\/moraissoaresarquitectos.pt\/?s={search_term_string}\"},\"query-input\":{\"@type\":\"PropertyValueSpecification\",\"valueRequired\":true,\"valueName\":\"search_term_string\"}}],\"inLanguage\":\"pt-PT\"},{\"@type\":\"Organization\",\"@id\":\"https:\/\/moraissoaresarquitectos.pt\/#organization\",\"name\":\"Morais Soares Arquitectos\",\"url\":\"https:\/\/moraissoaresarquitectos.pt\/\",\"logo\":{\"@type\":\"ImageObject\",\"inLanguage\":\"pt-PT\",\"@id\":\"https:\/\/moraissoaresarquitectos.pt\/#\/schema\/logo\/image\/\",\"url\":\"https:\/\/moraissoaresarquitectos.pt\/wp-content\/uploads\/2022\/06\/cropped-logo-selecionado-2022-05-02-copiar.png\",\"contentUrl\":\"https:\/\/moraissoaresarquitectos.pt\/wp-content\/uploads\/2022\/06\/cropped-logo-selecionado-2022-05-02-copiar.png\",\"width\":500,\"height\":328,\"caption\":\"Morais Soares Arquitectos\"},\"image\":{\"@id\":\"https:\/\/moraissoaresarquitectos.pt\/#\/schema\/logo\/image\/\"}}]}<\/script>\n<!-- \/ Yoast SEO plugin. -->","yoast_head_json":{"title":"igreja de Ramalde - Morais","robots":{"index":"index","follow":"follow","max-snippet":"max-snippet:-1","max-image-preview":"max-image-preview:large","max-video-preview":"max-video-preview:-1"},"canonical":"https:\/\/moraissoaresarquitectos.pt\/pt-pt\/projectos\/igreja-de-ramalde\/","og_locale":"pt_PT","og_type":"article","og_title":"igreja de Ramalde - Morais","og_description":"A igreja define pela sua forma semi-circular uma leitura exterior continua, observada de qualquer arruamento circundante. \u00c9 marcada simbolicamente por uma torre, esguia de planta triangulada, al\u00e7ada como os restantes corpos em tijolo gresado, mas rematada na sua aresta aguda com um \u201ccorrer\u201d de zinco. Enquadra-se com o corpo dos Servi\u00e7os\/Actividades Paroquiais, este de formas [&hellip;]Read More","og_url":"https:\/\/moraissoaresarquitectos.pt\/pt-pt\/projectos\/igreja-de-ramalde\/","og_site_name":"Morais","article_modified_time":"2022-11-30T18:13:12+00:00","og_image":[{"width":1800,"height":2296,"url":"https:\/\/moraissoaresarquitectos.pt\/wp-content\/uploads\/2022\/05\/Ramalde-1-copiar.jpg","type":"image\/jpeg"}],"twitter_card":"summary_large_image","twitter_misc":{"Tempo estimado de leitura":"1 minuto"},"schema":{"@context":"https:\/\/schema.org","@graph":[{"@type":"WebPage","@id":"https:\/\/moraissoaresarquitectos.pt\/pt-pt\/projectos\/igreja-de-ramalde\/","url":"https:\/\/moraissoaresarquitectos.pt\/pt-pt\/projectos\/igreja-de-ramalde\/","name":"igreja de Ramalde - Morais","isPartOf":{"@id":"https:\/\/moraissoaresarquitectos.pt\/#website"},"primaryImageOfPage":{"@id":"https:\/\/moraissoaresarquitectos.pt\/pt-pt\/projectos\/igreja-de-ramalde\/#primaryimage"},"image":{"@id":"https:\/\/moraissoaresarquitectos.pt\/pt-pt\/projectos\/igreja-de-ramalde\/#primaryimage"},"thumbnailUrl":"https:\/\/moraissoaresarquitectos.pt\/wp-content\/uploads\/2022\/05\/Ramalde-1-copiar.jpg","datePublished":"2022-05-26T11:15:27+00:00","dateModified":"2022-11-30T18:13:12+00:00","breadcrumb":{"@id":"https:\/\/moraissoaresarquitectos.pt\/pt-pt\/projectos\/igreja-de-ramalde\/#breadcrumb"},"inLanguage":"pt-PT","potentialAction":[{"@type":"ReadAction","target":["https:\/\/moraissoaresarquitectos.pt\/pt-pt\/projectos\/igreja-de-ramalde\/"]}]},{"@type":"ImageObject","inLanguage":"pt-PT","@id":"https:\/\/moraissoaresarquitectos.pt\/pt-pt\/projectos\/igreja-de-ramalde\/#primaryimage","url":"https:\/\/moraissoaresarquitectos.pt\/wp-content\/uploads\/2022\/05\/Ramalde-1-copiar.jpg","contentUrl":"https:\/\/moraissoaresarquitectos.pt\/wp-content\/uploads\/2022\/05\/Ramalde-1-copiar.jpg","width":1800,"height":2296,"caption":"igreja de Ramalde"},{"@type":"BreadcrumbList","@id":"https:\/\/moraissoaresarquitectos.pt\/pt-pt\/projectos\/igreja-de-ramalde\/#breadcrumb","itemListElement":[{"@type":"ListItem","position":1,"name":"Home","item":"https:\/\/moraissoaresarquitectos.pt\/pt-pt\/"},{"@type":"ListItem","position":2,"name":"Projectos","item":"https:\/\/moraissoaresarquitectos.pt\/projectos\/"},{"@type":"ListItem","position":3,"name":"igreja de Ramalde"}]},{"@type":"WebSite","@id":"https:\/\/moraissoaresarquitectos.pt\/#website","url":"https:\/\/moraissoaresarquitectos.pt\/","name":"Morais","description":"Morais Soares Arquitectos","publisher":{"@id":"https:\/\/moraissoaresarquitectos.pt\/#organization"},"potentialAction":[{"@type":"SearchAction","target":{"@type":"EntryPoint","urlTemplate":"https:\/\/moraissoaresarquitectos.pt\/?s={search_term_string}"},"query-input":{"@type":"PropertyValueSpecification","valueRequired":true,"valueName":"search_term_string"}}],"inLanguage":"pt-PT"},{"@type":"Organization","@id":"https:\/\/moraissoaresarquitectos.pt\/#organization","name":"Morais Soares Arquitectos","url":"https:\/\/moraissoaresarquitectos.pt\/","logo":{"@type":"ImageObject","inLanguage":"pt-PT","@id":"https:\/\/moraissoaresarquitectos.pt\/#\/schema\/logo\/image\/","url":"https:\/\/moraissoaresarquitectos.pt\/wp-content\/uploads\/2022\/06\/cropped-logo-selecionado-2022-05-02-copiar.png","contentUrl":"https:\/\/moraissoaresarquitectos.pt\/wp-content\/uploads\/2022\/06\/cropped-logo-selecionado-2022-05-02-copiar.png","width":500,"height":328,"caption":"Morais Soares Arquitectos"},"image":{"@id":"https:\/\/moraissoaresarquitectos.pt\/#\/schema\/logo\/image\/"}}]}},"_links":{"self":[{"href":"https:\/\/moraissoaresarquitectos.pt\/pt-pt\/wp-json\/wp\/v2\/projecto\/2779","targetHints":{"allow":["GET"]}}],"collection":[{"href":"https:\/\/moraissoaresarquitectos.pt\/pt-pt\/wp-json\/wp\/v2\/projecto"}],"about":[{"href":"https:\/\/moraissoaresarquitectos.pt\/pt-pt\/wp-json\/wp\/v2\/types\/projecto"}],"version-history":[{"count":1,"href":"https:\/\/moraissoaresarquitectos.pt\/pt-pt\/wp-json\/wp\/v2\/projecto\/2779\/revisions"}],"predecessor-version":[{"id":3926,"href":"https:\/\/moraissoaresarquitectos.pt\/pt-pt\/wp-json\/wp\/v2\/projecto\/2779\/revisions\/3926"}],"wp:featuredmedia":[{"embeddable":true,"href":"https:\/\/moraissoaresarquitectos.pt\/pt-pt\/wp-json\/wp\/v2\/media\/2795"}],"wp:attachment":[{"href":"https:\/\/moraissoaresarquitectos.pt\/pt-pt\/wp-json\/wp\/v2\/media?parent=2779"}],"wp:term":[{"taxonomy":"tipo_de_projecto","embeddable":true,"href":"https:\/\/moraissoaresarquitectos.pt\/pt-pt\/wp-json\/wp\/v2\/tipo_de_projecto?post=2779"}],"curies":[{"name":"wp","href":"https:\/\/api.w.org\/{rel}","templated":true}]}}

<p>A igreja define pela sua forma semi-circular uma leitura exterior continua, observada de qualquer arruamento circundante. É marcada simbolicamente por uma torre, esguia de planta triangulada, alçada como os restantes corpos em tijolo gresado, mas rematada na sua aresta aguda com um “correr” de zinco.<br />
Enquadra-se com o corpo dos Serviços/Actividades Paroquiais, este de formas paralelipipédicas, separado por espelho de água, pela Torre e pelo Baptistério.<br />
Foi considerada em reunião de Bispos, a Igreja que responde com rigor às regras fundamentais litúrgicas.<br />
Um belíssimo painel exterior em azulejaria da autoria do pintor Rogério Ribeiro complementa e enriquece a Igreja e o sítio.</p>

<p>A igreja define pela sua forma semi-circular uma leitura exterior continua, observada de qualquer arruamento circundante. É marcada simbolicamente por uma torre, esguia de planta triangulada, alçada como os restantes corpos em tijolo gresado, mas rematada na sua aresta aguda com um “correr” de zinco. Enquadra-se com o corpo dos Serviços/Actividades Paroquiais, este de formas [&hellip;]</p>
<p class="read-more"><a class="button" href="https://moraissoaresarquitectos.pt/pt-pt/projectos/igreja-de-ramalde/">Read More</a></p>

<!-- This site is optimized with the Yoast SEO plugin v26.3 - https://yoast.com/wordpress/plugins/seo/ -->
<title>igreja de Ramalde - Morais</title>
<meta name="robots" content="index, follow, max-snippet:-1, max-image-preview:large, max-video-preview:-1" />
<link rel="canonical" href="https://moraissoaresarquitectos.pt/pt-pt/projectos/igreja-de-ramalde/" />
<meta property="og:locale" content="pt_PT" />
<meta property="og:type" content="article" />
<meta property="og:title" content="igreja de Ramalde - Morais" />
<meta property="og:description" content="A igreja define pela sua forma semi-circular uma leitura exterior continua, observada de qualquer arruamento circundante. É marcada simbolicamente por uma torre, esguia de planta triangulada, alçada como os restantes corpos em tijolo gresado, mas rematada na sua aresta aguda com um “correr” de zinco. Enquadra-se com o corpo dos Serviços/Actividades Paroquiais, este de formas [&hellip;]Read More" />
<meta property="og:url" content="https://moraissoaresarquitectos.pt/pt-pt/projectos/igreja-de-ramalde/" />
<meta property="og:site_name" content="Morais" />
<meta property="article:modified_time" content="2022-11-30T18:13:12+00:00" />
<meta property="og:image" content="https://moraissoaresarquitectos.pt/wp-content/uploads/2022/05/Ramalde-1-copiar.jpg" />
	<meta property="og:image:width" content="1800" />
	<meta property="og:image:height" content="2296" />
	<meta property="og:image:type" content="image/jpeg" />
<meta name="twitter:card" content="summary_large_image" />
<meta name="twitter:label1" content="Tempo estimado de leitura" />
	<meta name="twitter:data1" content="1 minuto" />
<script type="application/ld+json" class="yoast-schema-graph">{"@context":"https://schema.org","@graph":[{"@type":"WebPage","@id":"https://moraissoaresarquitectos.pt/pt-pt/projectos/igreja-de-ramalde/","url":"https://moraissoaresarquitectos.pt/pt-pt/projectos/igreja-de-ramalde/","name":"igreja de Ramalde - Morais","isPartOf":{"@id":"https://moraissoaresarquitectos.pt/#website"},"primaryImageOfPage":{"@id":"https://moraissoaresarquitectos.pt/pt-pt/projectos/igreja-de-ramalde/#primaryimage"},"image":{"@id":"https://moraissoaresarquitectos.pt/pt-pt/projectos/igreja-de-ramalde/#primaryimage"},"thumbnailUrl":"https://moraissoaresarquitectos.pt/wp-content/uploads/2022/05/Ramalde-1-copiar.jpg","datePublished":"2022-05-26T11:15:27+00:00","dateModified":"2022-11-30T18:13:12+00:00","breadcrumb":{"@id":"https://moraissoaresarquitectos.pt/pt-pt/projectos/igreja-de-ramalde/#breadcrumb"},"inLanguage":"pt-PT","potentialAction":[{"@type":"ReadAction","target":["https://moraissoaresarquitectos.pt/pt-pt/projectos/igreja-de-ramalde/"]}]},{"@type":"ImageObject","inLanguage":"pt-PT","@id":"https://moraissoaresarquitectos.pt/pt-pt/projectos/igreja-de-ramalde/#primaryimage","url":"https://moraissoaresarquitectos.pt/wp-content/uploads/2022/05/Ramalde-1-copiar.jpg","contentUrl":"https://moraissoaresarquitectos.pt/wp-content/uploads/2022/05/Ramalde-1-copiar.jpg","width":1800,"height":2296,"caption":"igreja de Ramalde"},{"@type":"BreadcrumbList","@id":"https://moraissoaresarquitectos.pt/pt-pt/projectos/igreja-de-ramalde/#breadcrumb","itemListElement":[{"@type":"ListItem","position":1,"name":"Home","item":"https://moraissoaresarquitectos.pt/pt-pt/"},{"@type":"ListItem","position":2,"name":"Projectos","item":"https://moraissoaresarquitectos.pt/projectos/"},{"@type":"ListItem","position":3,"name":"igreja de Ramalde"}]},{"@type":"WebSite","@id":"https://moraissoaresarquitectos.pt/#website","url":"https://moraissoaresarquitectos.pt/","name":"Morais","description":"Morais Soares Arquitectos","publisher":{"@id":"https://moraissoaresarquitectos.pt/#organization"},"potentialAction":[{"@type":"SearchAction","target":{"@type":"EntryPoint","urlTemplate":"https://moraissoaresarquitectos.pt/?s={search_term_string}"},"query-input":{"@type":"PropertyValueSpecification","valueRequired":true,"valueName":"search_term_string"}}],"inLanguage":"pt-PT"},{"@type":"Organization","@id":"https://moraissoaresarquitectos.pt/#organization","name":"Morais Soares Arquitectos","url":"https://moraissoaresarquitectos.pt/","logo":{"@type":"ImageObject","inLanguage":"pt-PT","@id":"https://moraissoaresarquitectos.pt/#/schema/logo/image/","url":"https://moraissoaresarquitectos.pt/wp-content/uploads/2022/06/cropped-logo-selecionado-2022-05-02-copiar.png","contentUrl":"https://moraissoaresarquitectos.pt/wp-content/uploads/2022/06/cropped-logo-selecionado-2022-05-02-copiar.png","width":500,"height":328,"caption":"Morais Soares Arquitectos"},"image":{"@id":"https://moraissoaresarquitectos.pt/#/schema/logo/image/"}}]}</script>
<!-- / Yoast SEO plugin. -->

A igreja define pela sua forma semi-circular uma leitura exterior continua, observada de qualquer arruamento circundante. É marcada simbolicamente por uma torre, esguia de planta triangulada, alçada como os restantes corpos em tijolo gresado, mas rematada na sua aresta aguda com um “correr” de zinco. Enquadra-se com o corpo dos Serviços/Actividades Paroquiais, este de formas [&hellip;]Read More
