{"id":2690,"date":"2022-05-26T10:56:18","date_gmt":"2022-05-26T10:56:18","guid":{"rendered":"https:\/\/moraissoaresarquitectos.pt\/?post_type=projecto&#038;p=2690"},"modified":"2022-09-19T21:35:43","modified_gmt":"2022-09-19T21:35:43","slug":"pavilhao-showroom-velfac","status":"publish","type":"projecto","link":"https:\/\/moraissoaresarquitectos.pt\/pt-pt\/projectos\/pavilhao-showroom-velfac\/","title":{"rendered":"Pavilh\u00e3o showroom Velfac"},"content":{"rendered":"<p>Showroom entre a rua do Almada, a Pra\u00e7a de Montpellier ou a Rua Jos\u00e9 Falc\u00e3o, visit\u00e1vel por quem estaciona \u00e0 noite na Baixa\u2026<\/p>\n<p>Fachada lateral exemplificando v\u00e1rias janelas que se abrem para o exterior. Porta\/janela, revers\u00edvel, janela de canto e janela com guia de rota\u00e7\u00e3o.<\/p>\n","protected":false},"excerpt":{"rendered":"<p>Showroom entre a rua do Almada, a Pra\u00e7a de Montpellier ou a Rua Jos\u00e9 Falc\u00e3o, visit\u00e1vel por quem estaciona \u00e0 noite na Baixa\u2026 Fachada lateral exemplificando v\u00e1rias janelas que se abrem para o exterior. Porta\/janela, revers\u00edvel, janela de canto e janela com guia de rota\u00e7\u00e3o.<\/p>\n","protected":false},"featured_media":2696,"template":"","tipo_de_projecto":[197],"class_list":["post-2690","projecto","type-projecto","status-publish","has-post-thumbnail","hentry","tipo_de_projecto-retail"],"yoast_head":"<!-- This site is optimized with the Yoast SEO plugin v26.3 - https:\/\/yoast.com\/wordpress\/plugins\/seo\/ -->\n<title>Pavilh\u00e3o showroom Velfac - Morais<\/title>\n<meta name=\"robots\" content=\"index, follow, max-snippet:-1, max-image-preview:large, max-video-preview:-1\" \/>\n<link rel=\"canonical\" href=\"https:\/\/moraissoaresarquitectos.pt\/pt-pt\/projectos\/pavilhao-showroom-velfac\/\" \/>\n<meta property=\"og:locale\" content=\"pt_PT\" \/>\n<meta property=\"og:type\" content=\"article\" \/>\n<meta property=\"og:title\" content=\"Pavilh\u00e3o showroom Velfac - Morais\" \/>\n<meta property=\"og:description\" content=\"Showroom entre a rua do Almada, a Pra\u00e7a de Montpellier ou a Rua Jos\u00e9 Falc\u00e3o, visit\u00e1vel por quem estaciona \u00e0 noite na Baixa\u2026 Fachada lateral exemplificando v\u00e1rias janelas que se abrem para o exterior. Porta\/janela, revers\u00edvel, janela de canto e janela com guia de rota\u00e7\u00e3o.\" \/>\n<meta property=\"og:url\" content=\"https:\/\/moraissoaresarquitectos.pt\/pt-pt\/projectos\/pavilhao-showroom-velfac\/\" \/>\n<meta property=\"og:site_name\" content=\"Morais\" \/>\n<meta property=\"article:modified_time\" content=\"2022-09-19T21:35:43+00:00\" \/>\n<meta property=\"og:image\" content=\"https:\/\/moraissoaresarquitectos.pt\/wp-content\/uploads\/2022\/05\/1-CAPA-5-scaled.jpg\" \/>\n\t<meta property=\"og:image:width\" content=\"1920\" \/>\n\t<meta property=\"og:image:height\" content=\"2560\" \/>\n\t<meta property=\"og:image:type\" content=\"image\/jpeg\" \/>\n<meta name=\"twitter:card\" content=\"summary_large_image\" \/>\n<meta name=\"twitter:label1\" content=\"Tempo estimado de leitura\" \/>\n\t<meta name=\"twitter:data1\" content=\"1 minuto\" \/>\n<script type=\"application\/ld+json\" class=\"yoast-schema-graph\">{\"@context\":\"https:\/\/schema.org\",\"@graph\":[{\"@type\":\"WebPage\",\"@id\":\"https:\/\/moraissoaresarquitectos.pt\/pt-pt\/projectos\/pavilhao-showroom-velfac\/\",\"url\":\"https:\/\/moraissoaresarquitectos.pt\/pt-pt\/projectos\/pavilhao-showroom-velfac\/\",\"name\":\"Pavilh\u00e3o showroom Velfac - Morais\",\"isPartOf\":{\"@id\":\"https:\/\/moraissoaresarquitectos.pt\/#website\"},\"primaryImageOfPage\":{\"@id\":\"https:\/\/moraissoaresarquitectos.pt\/pt-pt\/projectos\/pavilhao-showroom-velfac\/#primaryimage\"},\"image\":{\"@id\":\"https:\/\/moraissoaresarquitectos.pt\/pt-pt\/projectos\/pavilhao-showroom-velfac\/#primaryimage\"},\"thumbnailUrl\":\"https:\/\/moraissoaresarquitectos.pt\/wp-content\/uploads\/2022\/05\/1-CAPA-5-scaled.jpg\",\"datePublished\":\"2022-05-26T10:56:18+00:00\",\"dateModified\":\"2022-09-19T21:35:43+00:00\",\"breadcrumb\":{\"@id\":\"https:\/\/moraissoaresarquitectos.pt\/pt-pt\/projectos\/pavilhao-showroom-velfac\/#breadcrumb\"},\"inLanguage\":\"pt-PT\",\"potentialAction\":[{\"@type\":\"ReadAction\",\"target\":[\"https:\/\/moraissoaresarquitectos.pt\/pt-pt\/projectos\/pavilhao-showroom-velfac\/\"]}]},{\"@type\":\"ImageObject\",\"inLanguage\":\"pt-PT\",\"@id\":\"https:\/\/moraissoaresarquitectos.pt\/pt-pt\/projectos\/pavilhao-showroom-velfac\/#primaryimage\",\"url\":\"https:\/\/moraissoaresarquitectos.pt\/wp-content\/uploads\/2022\/05\/1-CAPA-5-scaled.jpg\",\"contentUrl\":\"https:\/\/moraissoaresarquitectos.pt\/wp-content\/uploads\/2022\/05\/1-CAPA-5-scaled.jpg\",\"width\":1920,\"height\":2560,\"caption\":\"Loja Predibrisa\"},{\"@type\":\"BreadcrumbList\",\"@id\":\"https:\/\/moraissoaresarquitectos.pt\/pt-pt\/projectos\/pavilhao-showroom-velfac\/#breadcrumb\",\"itemListElement\":[{\"@type\":\"ListItem\",\"position\":1,\"name\":\"Home\",\"item\":\"https:\/\/moraissoaresarquitectos.pt\/pt-pt\/\"},{\"@type\":\"ListItem\",\"position\":2,\"name\":\"Projectos\",\"item\":\"https:\/\/moraissoaresarquitectos.pt\/projectos\/\"},{\"@type\":\"ListItem\",\"position\":3,\"name\":\"Pavilh\u00e3o showroom Velfac\"}]},{\"@type\":\"WebSite\",\"@id\":\"https:\/\/moraissoaresarquitectos.pt\/#website\",\"url\":\"https:\/\/moraissoaresarquitectos.pt\/\",\"name\":\"Morais\",\"description\":\"Morais Soares Arquitectos\",\"publisher\":{\"@id\":\"https:\/\/moraissoaresarquitectos.pt\/#organization\"},\"potentialAction\":[{\"@type\":\"SearchAction\",\"target\":{\"@type\":\"EntryPoint\",\"urlTemplate\":\"https:\/\/moraissoaresarquitectos.pt\/?s={search_term_string}\"},\"query-input\":{\"@type\":\"PropertyValueSpecification\",\"valueRequired\":true,\"valueName\":\"search_term_string\"}}],\"inLanguage\":\"pt-PT\"},{\"@type\":\"Organization\",\"@id\":\"https:\/\/moraissoaresarquitectos.pt\/#organization\",\"name\":\"Morais Soares Arquitectos\",\"url\":\"https:\/\/moraissoaresarquitectos.pt\/\",\"logo\":{\"@type\":\"ImageObject\",\"inLanguage\":\"pt-PT\",\"@id\":\"https:\/\/moraissoaresarquitectos.pt\/#\/schema\/logo\/image\/\",\"url\":\"https:\/\/moraissoaresarquitectos.pt\/wp-content\/uploads\/2022\/06\/cropped-logo-selecionado-2022-05-02-copiar.png\",\"contentUrl\":\"https:\/\/moraissoaresarquitectos.pt\/wp-content\/uploads\/2022\/06\/cropped-logo-selecionado-2022-05-02-copiar.png\",\"width\":500,\"height\":328,\"caption\":\"Morais Soares Arquitectos\"},\"image\":{\"@id\":\"https:\/\/moraissoaresarquitectos.pt\/#\/schema\/logo\/image\/\"}}]}<\/script>\n<!-- \/ Yoast SEO plugin. -->","yoast_head_json":{"title":"Pavilh\u00e3o showroom Velfac - Morais","robots":{"index":"index","follow":"follow","max-snippet":"max-snippet:-1","max-image-preview":"max-image-preview:large","max-video-preview":"max-video-preview:-1"},"canonical":"https:\/\/moraissoaresarquitectos.pt\/pt-pt\/projectos\/pavilhao-showroom-velfac\/","og_locale":"pt_PT","og_type":"article","og_title":"Pavilh\u00e3o showroom Velfac - Morais","og_description":"Showroom entre a rua do Almada, a Pra\u00e7a de Montpellier ou a Rua Jos\u00e9 Falc\u00e3o, visit\u00e1vel por quem estaciona \u00e0 noite na Baixa\u2026 Fachada lateral exemplificando v\u00e1rias janelas que se abrem para o exterior. Porta\/janela, revers\u00edvel, janela de canto e janela com guia de rota\u00e7\u00e3o.","og_url":"https:\/\/moraissoaresarquitectos.pt\/pt-pt\/projectos\/pavilhao-showroom-velfac\/","og_site_name":"Morais","article_modified_time":"2022-09-19T21:35:43+00:00","og_image":[{"width":1920,"height":2560,"url":"https:\/\/moraissoaresarquitectos.pt\/wp-content\/uploads\/2022\/05\/1-CAPA-5-scaled.jpg","type":"image\/jpeg"}],"twitter_card":"summary_large_image","twitter_misc":{"Tempo estimado de leitura":"1 minuto"},"schema":{"@context":"https:\/\/schema.org","@graph":[{"@type":"WebPage","@id":"https:\/\/moraissoaresarquitectos.pt\/pt-pt\/projectos\/pavilhao-showroom-velfac\/","url":"https:\/\/moraissoaresarquitectos.pt\/pt-pt\/projectos\/pavilhao-showroom-velfac\/","name":"Pavilh\u00e3o showroom Velfac - Morais","isPartOf":{"@id":"https:\/\/moraissoaresarquitectos.pt\/#website"},"primaryImageOfPage":{"@id":"https:\/\/moraissoaresarquitectos.pt\/pt-pt\/projectos\/pavilhao-showroom-velfac\/#primaryimage"},"image":{"@id":"https:\/\/moraissoaresarquitectos.pt\/pt-pt\/projectos\/pavilhao-showroom-velfac\/#primaryimage"},"thumbnailUrl":"https:\/\/moraissoaresarquitectos.pt\/wp-content\/uploads\/2022\/05\/1-CAPA-5-scaled.jpg","datePublished":"2022-05-26T10:56:18+00:00","dateModified":"2022-09-19T21:35:43+00:00","breadcrumb":{"@id":"https:\/\/moraissoaresarquitectos.pt\/pt-pt\/projectos\/pavilhao-showroom-velfac\/#breadcrumb"},"inLanguage":"pt-PT","potentialAction":[{"@type":"ReadAction","target":["https:\/\/moraissoaresarquitectos.pt\/pt-pt\/projectos\/pavilhao-showroom-velfac\/"]}]},{"@type":"ImageObject","inLanguage":"pt-PT","@id":"https:\/\/moraissoaresarquitectos.pt\/pt-pt\/projectos\/pavilhao-showroom-velfac\/#primaryimage","url":"https:\/\/moraissoaresarquitectos.pt\/wp-content\/uploads\/2022\/05\/1-CAPA-5-scaled.jpg","contentUrl":"https:\/\/moraissoaresarquitectos.pt\/wp-content\/uploads\/2022\/05\/1-CAPA-5-scaled.jpg","width":1920,"height":2560,"caption":"Loja Predibrisa"},{"@type":"BreadcrumbList","@id":"https:\/\/moraissoaresarquitectos.pt\/pt-pt\/projectos\/pavilhao-showroom-velfac\/#breadcrumb","itemListElement":[{"@type":"ListItem","position":1,"name":"Home","item":"https:\/\/moraissoaresarquitectos.pt\/pt-pt\/"},{"@type":"ListItem","position":2,"name":"Projectos","item":"https:\/\/moraissoaresarquitectos.pt\/projectos\/"},{"@type":"ListItem","position":3,"name":"Pavilh\u00e3o showroom Velfac"}]},{"@type":"WebSite","@id":"https:\/\/moraissoaresarquitectos.pt\/#website","url":"https:\/\/moraissoaresarquitectos.pt\/","name":"Morais","description":"Morais Soares Arquitectos","publisher":{"@id":"https:\/\/moraissoaresarquitectos.pt\/#organization"},"potentialAction":[{"@type":"SearchAction","target":{"@type":"EntryPoint","urlTemplate":"https:\/\/moraissoaresarquitectos.pt\/?s={search_term_string}"},"query-input":{"@type":"PropertyValueSpecification","valueRequired":true,"valueName":"search_term_string"}}],"inLanguage":"pt-PT"},{"@type":"Organization","@id":"https:\/\/moraissoaresarquitectos.pt\/#organization","name":"Morais Soares Arquitectos","url":"https:\/\/moraissoaresarquitectos.pt\/","logo":{"@type":"ImageObject","inLanguage":"pt-PT","@id":"https:\/\/moraissoaresarquitectos.pt\/#\/schema\/logo\/image\/","url":"https:\/\/moraissoaresarquitectos.pt\/wp-content\/uploads\/2022\/06\/cropped-logo-selecionado-2022-05-02-copiar.png","contentUrl":"https:\/\/moraissoaresarquitectos.pt\/wp-content\/uploads\/2022\/06\/cropped-logo-selecionado-2022-05-02-copiar.png","width":500,"height":328,"caption":"Morais Soares Arquitectos"},"image":{"@id":"https:\/\/moraissoaresarquitectos.pt\/#\/schema\/logo\/image\/"}}]}},"_links":{"self":[{"href":"https:\/\/moraissoaresarquitectos.pt\/pt-pt\/wp-json\/wp\/v2\/projecto\/2690","targetHints":{"allow":["GET"]}}],"collection":[{"href":"https:\/\/moraissoaresarquitectos.pt\/pt-pt\/wp-json\/wp\/v2\/projecto"}],"about":[{"href":"https:\/\/moraissoaresarquitectos.pt\/pt-pt\/wp-json\/wp\/v2\/types\/projecto"}],"version-history":[{"count":3,"href":"https:\/\/moraissoaresarquitectos.pt\/pt-pt\/wp-json\/wp\/v2\/projecto\/2690\/revisions"}],"predecessor-version":[{"id":4802,"href":"https:\/\/moraissoaresarquitectos.pt\/pt-pt\/wp-json\/wp\/v2\/projecto\/2690\/revisions\/4802"}],"wp:featuredmedia":[{"embeddable":true,"href":"https:\/\/moraissoaresarquitectos.pt\/pt-pt\/wp-json\/wp\/v2\/media\/2696"}],"wp:attachment":[{"href":"https:\/\/moraissoaresarquitectos.pt\/pt-pt\/wp-json\/wp\/v2\/media?parent=2690"}],"wp:term":[{"taxonomy":"tipo_de_projecto","embeddable":true,"href":"https:\/\/moraissoaresarquitectos.pt\/pt-pt\/wp-json\/wp\/v2\/tipo_de_projecto?post=2690"}],"curies":[{"name":"wp","href":"https:\/\/api.w.org\/{rel}","templated":true}]}}

Pavilhão showroom Velfac

<p>Showroom entre a rua do Almada, a Praça de Montpellier ou a Rua José Falcão, visitável por quem estaciona à noite na Baixa…</p>
<p>Fachada lateral exemplificando várias janelas que se abrem para o exterior. Porta/janela, reversível, janela de canto e janela com guia de rotação.</p>

<p>Showroom entre a rua do Almada, a Praça de Montpellier ou a Rua José Falcão, visitável por quem estaciona à noite na Baixa… Fachada lateral exemplificando várias janelas que se abrem para o exterior. Porta/janela, reversível, janela de canto e janela com guia de rotação.</p>

<!-- This site is optimized with the Yoast SEO plugin v26.3 - https://yoast.com/wordpress/plugins/seo/ -->
<title>Pavilhão showroom Velfac - Morais</title>
<meta name="robots" content="index, follow, max-snippet:-1, max-image-preview:large, max-video-preview:-1" />
<link rel="canonical" href="https://moraissoaresarquitectos.pt/pt-pt/projectos/pavilhao-showroom-velfac/" />
<meta property="og:locale" content="pt_PT" />
<meta property="og:type" content="article" />
<meta property="og:title" content="Pavilhão showroom Velfac - Morais" />
<meta property="og:description" content="Showroom entre a rua do Almada, a Praça de Montpellier ou a Rua José Falcão, visitável por quem estaciona à noite na Baixa… Fachada lateral exemplificando várias janelas que se abrem para o exterior. Porta/janela, reversível, janela de canto e janela com guia de rotação." />
<meta property="og:url" content="https://moraissoaresarquitectos.pt/pt-pt/projectos/pavilhao-showroom-velfac/" />
<meta property="og:site_name" content="Morais" />
<meta property="article:modified_time" content="2022-09-19T21:35:43+00:00" />
<meta property="og:image" content="https://moraissoaresarquitectos.pt/wp-content/uploads/2022/05/1-CAPA-5-scaled.jpg" />
	<meta property="og:image:width" content="1920" />
	<meta property="og:image:height" content="2560" />
	<meta property="og:image:type" content="image/jpeg" />
<meta name="twitter:card" content="summary_large_image" />
<meta name="twitter:label1" content="Tempo estimado de leitura" />
	<meta name="twitter:data1" content="1 minuto" />
<script type="application/ld+json" class="yoast-schema-graph">{"@context":"https://schema.org","@graph":[{"@type":"WebPage","@id":"https://moraissoaresarquitectos.pt/pt-pt/projectos/pavilhao-showroom-velfac/","url":"https://moraissoaresarquitectos.pt/pt-pt/projectos/pavilhao-showroom-velfac/","name":"Pavilhão showroom Velfac - Morais","isPartOf":{"@id":"https://moraissoaresarquitectos.pt/#website"},"primaryImageOfPage":{"@id":"https://moraissoaresarquitectos.pt/pt-pt/projectos/pavilhao-showroom-velfac/#primaryimage"},"image":{"@id":"https://moraissoaresarquitectos.pt/pt-pt/projectos/pavilhao-showroom-velfac/#primaryimage"},"thumbnailUrl":"https://moraissoaresarquitectos.pt/wp-content/uploads/2022/05/1-CAPA-5-scaled.jpg","datePublished":"2022-05-26T10:56:18+00:00","dateModified":"2022-09-19T21:35:43+00:00","breadcrumb":{"@id":"https://moraissoaresarquitectos.pt/pt-pt/projectos/pavilhao-showroom-velfac/#breadcrumb"},"inLanguage":"pt-PT","potentialAction":[{"@type":"ReadAction","target":["https://moraissoaresarquitectos.pt/pt-pt/projectos/pavilhao-showroom-velfac/"]}]},{"@type":"ImageObject","inLanguage":"pt-PT","@id":"https://moraissoaresarquitectos.pt/pt-pt/projectos/pavilhao-showroom-velfac/#primaryimage","url":"https://moraissoaresarquitectos.pt/wp-content/uploads/2022/05/1-CAPA-5-scaled.jpg","contentUrl":"https://moraissoaresarquitectos.pt/wp-content/uploads/2022/05/1-CAPA-5-scaled.jpg","width":1920,"height":2560,"caption":"Loja Predibrisa"},{"@type":"BreadcrumbList","@id":"https://moraissoaresarquitectos.pt/pt-pt/projectos/pavilhao-showroom-velfac/#breadcrumb","itemListElement":[{"@type":"ListItem","position":1,"name":"Home","item":"https://moraissoaresarquitectos.pt/pt-pt/"},{"@type":"ListItem","position":2,"name":"Projectos","item":"https://moraissoaresarquitectos.pt/projectos/"},{"@type":"ListItem","position":3,"name":"Pavilhão showroom Velfac"}]},{"@type":"WebSite","@id":"https://moraissoaresarquitectos.pt/#website","url":"https://moraissoaresarquitectos.pt/","name":"Morais","description":"Morais Soares Arquitectos","publisher":{"@id":"https://moraissoaresarquitectos.pt/#organization"},"potentialAction":[{"@type":"SearchAction","target":{"@type":"EntryPoint","urlTemplate":"https://moraissoaresarquitectos.pt/?s={search_term_string}"},"query-input":{"@type":"PropertyValueSpecification","valueRequired":true,"valueName":"search_term_string"}}],"inLanguage":"pt-PT"},{"@type":"Organization","@id":"https://moraissoaresarquitectos.pt/#organization","name":"Morais Soares Arquitectos","url":"https://moraissoaresarquitectos.pt/","logo":{"@type":"ImageObject","inLanguage":"pt-PT","@id":"https://moraissoaresarquitectos.pt/#/schema/logo/image/","url":"https://moraissoaresarquitectos.pt/wp-content/uploads/2022/06/cropped-logo-selecionado-2022-05-02-copiar.png","contentUrl":"https://moraissoaresarquitectos.pt/wp-content/uploads/2022/06/cropped-logo-selecionado-2022-05-02-copiar.png","width":500,"height":328,"caption":"Morais Soares Arquitectos"},"image":{"@id":"https://moraissoaresarquitectos.pt/#/schema/logo/image/"}}]}</script>
<!-- / Yoast SEO plugin. -->

Pavilhão showroom Velfac - Morais

Showroom entre a rua do Almada, a Praça de Montpellier ou a Rua José Falcão, visitável por quem estaciona à noite na Baixa… Fachada lateral exemplificando várias janelas que se abrem para o exterior. Porta/janela, reversível, janela de canto e janela com guia de rotação.
