{"id":2571,"date":"2022-05-26T10:29:39","date_gmt":"2022-05-26T10:29:39","guid":{"rendered":"https:\/\/moraissoaresarquitectos.pt\/?post_type=projecto&#038;p=2571"},"modified":"2022-10-27T17:56:32","modified_gmt":"2022-10-27T17:56:32","slug":"ibar","status":"publish","type":"projecto","link":"https:\/\/moraissoaresarquitectos.pt\/pt-pt\/projectos\/ibar\/","title":{"rendered":"ibar"},"content":{"rendered":"<p>A remodela\u00e7\u00e3o do I-Bar teve como condicionante um or\u00e7amento reduzido. \u201cLimparam-se\u201d as sucessivas interven\u00e7\u00f5es de longos anos, e recuperaram-se alguns elementos existentes, tais como, os planos de estrado sobre os rochedos, prolongando a esplanada at\u00e9 ao mar. A nova disposi\u00e7\u00e3o interior oferece uma melhor panor\u00e2mica sobre o mar.<\/p>\n","protected":false},"excerpt":{"rendered":"<p>A remodela\u00e7\u00e3o do I-Bar teve como condicionante um or\u00e7amento reduzido. \u201cLimparam-se\u201d as sucessivas interven\u00e7\u00f5es de longos anos, e recuperaram-se alguns elementos existentes, tais como, os planos de estrado sobre os rochedos, prolongando a esplanada at\u00e9 ao mar. A nova disposi\u00e7\u00e3o interior oferece uma melhor panor\u00e2mica sobre o mar.<\/p>\n","protected":false},"featured_media":2574,"template":"","tipo_de_projecto":[206],"class_list":["post-2571","projecto","type-projecto","status-publish","has-post-thumbnail","hentry","tipo_de_projecto-hotels-restaurants"],"yoast_head":"<!-- This site is optimized with the Yoast SEO plugin v26.3 - https:\/\/yoast.com\/wordpress\/plugins\/seo\/ -->\n<title>ibar - Morais<\/title>\n<meta name=\"robots\" content=\"index, follow, max-snippet:-1, max-image-preview:large, max-video-preview:-1\" \/>\n<link rel=\"canonical\" href=\"https:\/\/moraissoaresarquitectos.pt\/pt-pt\/projectos\/ibar\/\" \/>\n<meta property=\"og:locale\" content=\"pt_PT\" \/>\n<meta property=\"og:type\" content=\"article\" \/>\n<meta property=\"og:title\" content=\"ibar - Morais\" \/>\n<meta property=\"og:description\" content=\"A remodela\u00e7\u00e3o do I-Bar teve como condicionante um or\u00e7amento reduzido. \u201cLimparam-se\u201d as sucessivas interven\u00e7\u00f5es de longos anos, e recuperaram-se alguns elementos existentes, tais como, os planos de estrado sobre os rochedos, prolongando a esplanada at\u00e9 ao mar. A nova disposi\u00e7\u00e3o interior oferece uma melhor panor\u00e2mica sobre o mar.\" \/>\n<meta property=\"og:url\" content=\"https:\/\/moraissoaresarquitectos.pt\/pt-pt\/projectos\/ibar\/\" \/>\n<meta property=\"og:site_name\" content=\"Morais\" \/>\n<meta property=\"article:modified_time\" content=\"2022-10-27T17:56:32+00:00\" \/>\n<meta property=\"og:image\" content=\"https:\/\/moraissoaresarquitectos.pt\/wp-content\/uploads\/2022\/05\/3-13.jpg\" \/>\n\t<meta property=\"og:image:width\" content=\"1400\" \/>\n\t<meta property=\"og:image:height\" content=\"994\" \/>\n\t<meta property=\"og:image:type\" content=\"image\/jpeg\" \/>\n<meta name=\"twitter:card\" content=\"summary_large_image\" \/>\n<meta name=\"twitter:label1\" content=\"Tempo estimado de leitura\" \/>\n\t<meta name=\"twitter:data1\" content=\"1 minuto\" \/>\n<script type=\"application\/ld+json\" class=\"yoast-schema-graph\">{\"@context\":\"https:\/\/schema.org\",\"@graph\":[{\"@type\":\"WebPage\",\"@id\":\"https:\/\/moraissoaresarquitectos.pt\/pt-pt\/projectos\/ibar\/\",\"url\":\"https:\/\/moraissoaresarquitectos.pt\/pt-pt\/projectos\/ibar\/\",\"name\":\"ibar - Morais\",\"isPartOf\":{\"@id\":\"https:\/\/moraissoaresarquitectos.pt\/#website\"},\"primaryImageOfPage\":{\"@id\":\"https:\/\/moraissoaresarquitectos.pt\/pt-pt\/projectos\/ibar\/#primaryimage\"},\"image\":{\"@id\":\"https:\/\/moraissoaresarquitectos.pt\/pt-pt\/projectos\/ibar\/#primaryimage\"},\"thumbnailUrl\":\"https:\/\/moraissoaresarquitectos.pt\/wp-content\/uploads\/2022\/05\/3-13.jpg\",\"datePublished\":\"2022-05-26T10:29:39+00:00\",\"dateModified\":\"2022-10-27T17:56:32+00:00\",\"breadcrumb\":{\"@id\":\"https:\/\/moraissoaresarquitectos.pt\/pt-pt\/projectos\/ibar\/#breadcrumb\"},\"inLanguage\":\"pt-PT\",\"potentialAction\":[{\"@type\":\"ReadAction\",\"target\":[\"https:\/\/moraissoaresarquitectos.pt\/pt-pt\/projectos\/ibar\/\"]}]},{\"@type\":\"ImageObject\",\"inLanguage\":\"pt-PT\",\"@id\":\"https:\/\/moraissoaresarquitectos.pt\/pt-pt\/projectos\/ibar\/#primaryimage\",\"url\":\"https:\/\/moraissoaresarquitectos.pt\/wp-content\/uploads\/2022\/05\/3-13.jpg\",\"contentUrl\":\"https:\/\/moraissoaresarquitectos.pt\/wp-content\/uploads\/2022\/05\/3-13.jpg\",\"width\":1400,\"height\":994},{\"@type\":\"BreadcrumbList\",\"@id\":\"https:\/\/moraissoaresarquitectos.pt\/pt-pt\/projectos\/ibar\/#breadcrumb\",\"itemListElement\":[{\"@type\":\"ListItem\",\"position\":1,\"name\":\"Home\",\"item\":\"https:\/\/moraissoaresarquitectos.pt\/pt-pt\/\"},{\"@type\":\"ListItem\",\"position\":2,\"name\":\"Projectos\",\"item\":\"https:\/\/moraissoaresarquitectos.pt\/projectos\/\"},{\"@type\":\"ListItem\",\"position\":3,\"name\":\"ibar\"}]},{\"@type\":\"WebSite\",\"@id\":\"https:\/\/moraissoaresarquitectos.pt\/#website\",\"url\":\"https:\/\/moraissoaresarquitectos.pt\/\",\"name\":\"Morais\",\"description\":\"Morais Soares Arquitectos\",\"publisher\":{\"@id\":\"https:\/\/moraissoaresarquitectos.pt\/#organization\"},\"potentialAction\":[{\"@type\":\"SearchAction\",\"target\":{\"@type\":\"EntryPoint\",\"urlTemplate\":\"https:\/\/moraissoaresarquitectos.pt\/?s={search_term_string}\"},\"query-input\":{\"@type\":\"PropertyValueSpecification\",\"valueRequired\":true,\"valueName\":\"search_term_string\"}}],\"inLanguage\":\"pt-PT\"},{\"@type\":\"Organization\",\"@id\":\"https:\/\/moraissoaresarquitectos.pt\/#organization\",\"name\":\"Morais Soares Arquitectos\",\"url\":\"https:\/\/moraissoaresarquitectos.pt\/\",\"logo\":{\"@type\":\"ImageObject\",\"inLanguage\":\"pt-PT\",\"@id\":\"https:\/\/moraissoaresarquitectos.pt\/#\/schema\/logo\/image\/\",\"url\":\"https:\/\/moraissoaresarquitectos.pt\/wp-content\/uploads\/2022\/06\/cropped-logo-selecionado-2022-05-02-copiar.png\",\"contentUrl\":\"https:\/\/moraissoaresarquitectos.pt\/wp-content\/uploads\/2022\/06\/cropped-logo-selecionado-2022-05-02-copiar.png\",\"width\":500,\"height\":328,\"caption\":\"Morais Soares Arquitectos\"},\"image\":{\"@id\":\"https:\/\/moraissoaresarquitectos.pt\/#\/schema\/logo\/image\/\"}}]}<\/script>\n<!-- \/ Yoast SEO plugin. -->","yoast_head_json":{"title":"ibar - Morais","robots":{"index":"index","follow":"follow","max-snippet":"max-snippet:-1","max-image-preview":"max-image-preview:large","max-video-preview":"max-video-preview:-1"},"canonical":"https:\/\/moraissoaresarquitectos.pt\/pt-pt\/projectos\/ibar\/","og_locale":"pt_PT","og_type":"article","og_title":"ibar - Morais","og_description":"A remodela\u00e7\u00e3o do I-Bar teve como condicionante um or\u00e7amento reduzido. \u201cLimparam-se\u201d as sucessivas interven\u00e7\u00f5es de longos anos, e recuperaram-se alguns elementos existentes, tais como, os planos de estrado sobre os rochedos, prolongando a esplanada at\u00e9 ao mar. A nova disposi\u00e7\u00e3o interior oferece uma melhor panor\u00e2mica sobre o mar.","og_url":"https:\/\/moraissoaresarquitectos.pt\/pt-pt\/projectos\/ibar\/","og_site_name":"Morais","article_modified_time":"2022-10-27T17:56:32+00:00","og_image":[{"width":1400,"height":994,"url":"https:\/\/moraissoaresarquitectos.pt\/wp-content\/uploads\/2022\/05\/3-13.jpg","type":"image\/jpeg"}],"twitter_card":"summary_large_image","twitter_misc":{"Tempo estimado de leitura":"1 minuto"},"schema":{"@context":"https:\/\/schema.org","@graph":[{"@type":"WebPage","@id":"https:\/\/moraissoaresarquitectos.pt\/pt-pt\/projectos\/ibar\/","url":"https:\/\/moraissoaresarquitectos.pt\/pt-pt\/projectos\/ibar\/","name":"ibar - Morais","isPartOf":{"@id":"https:\/\/moraissoaresarquitectos.pt\/#website"},"primaryImageOfPage":{"@id":"https:\/\/moraissoaresarquitectos.pt\/pt-pt\/projectos\/ibar\/#primaryimage"},"image":{"@id":"https:\/\/moraissoaresarquitectos.pt\/pt-pt\/projectos\/ibar\/#primaryimage"},"thumbnailUrl":"https:\/\/moraissoaresarquitectos.pt\/wp-content\/uploads\/2022\/05\/3-13.jpg","datePublished":"2022-05-26T10:29:39+00:00","dateModified":"2022-10-27T17:56:32+00:00","breadcrumb":{"@id":"https:\/\/moraissoaresarquitectos.pt\/pt-pt\/projectos\/ibar\/#breadcrumb"},"inLanguage":"pt-PT","potentialAction":[{"@type":"ReadAction","target":["https:\/\/moraissoaresarquitectos.pt\/pt-pt\/projectos\/ibar\/"]}]},{"@type":"ImageObject","inLanguage":"pt-PT","@id":"https:\/\/moraissoaresarquitectos.pt\/pt-pt\/projectos\/ibar\/#primaryimage","url":"https:\/\/moraissoaresarquitectos.pt\/wp-content\/uploads\/2022\/05\/3-13.jpg","contentUrl":"https:\/\/moraissoaresarquitectos.pt\/wp-content\/uploads\/2022\/05\/3-13.jpg","width":1400,"height":994},{"@type":"BreadcrumbList","@id":"https:\/\/moraissoaresarquitectos.pt\/pt-pt\/projectos\/ibar\/#breadcrumb","itemListElement":[{"@type":"ListItem","position":1,"name":"Home","item":"https:\/\/moraissoaresarquitectos.pt\/pt-pt\/"},{"@type":"ListItem","position":2,"name":"Projectos","item":"https:\/\/moraissoaresarquitectos.pt\/projectos\/"},{"@type":"ListItem","position":3,"name":"ibar"}]},{"@type":"WebSite","@id":"https:\/\/moraissoaresarquitectos.pt\/#website","url":"https:\/\/moraissoaresarquitectos.pt\/","name":"Morais","description":"Morais Soares Arquitectos","publisher":{"@id":"https:\/\/moraissoaresarquitectos.pt\/#organization"},"potentialAction":[{"@type":"SearchAction","target":{"@type":"EntryPoint","urlTemplate":"https:\/\/moraissoaresarquitectos.pt\/?s={search_term_string}"},"query-input":{"@type":"PropertyValueSpecification","valueRequired":true,"valueName":"search_term_string"}}],"inLanguage":"pt-PT"},{"@type":"Organization","@id":"https:\/\/moraissoaresarquitectos.pt\/#organization","name":"Morais Soares Arquitectos","url":"https:\/\/moraissoaresarquitectos.pt\/","logo":{"@type":"ImageObject","inLanguage":"pt-PT","@id":"https:\/\/moraissoaresarquitectos.pt\/#\/schema\/logo\/image\/","url":"https:\/\/moraissoaresarquitectos.pt\/wp-content\/uploads\/2022\/06\/cropped-logo-selecionado-2022-05-02-copiar.png","contentUrl":"https:\/\/moraissoaresarquitectos.pt\/wp-content\/uploads\/2022\/06\/cropped-logo-selecionado-2022-05-02-copiar.png","width":500,"height":328,"caption":"Morais Soares Arquitectos"},"image":{"@id":"https:\/\/moraissoaresarquitectos.pt\/#\/schema\/logo\/image\/"}}]}},"_links":{"self":[{"href":"https:\/\/moraissoaresarquitectos.pt\/pt-pt\/wp-json\/wp\/v2\/projecto\/2571","targetHints":{"allow":["GET"]}}],"collection":[{"href":"https:\/\/moraissoaresarquitectos.pt\/pt-pt\/wp-json\/wp\/v2\/projecto"}],"about":[{"href":"https:\/\/moraissoaresarquitectos.pt\/pt-pt\/wp-json\/wp\/v2\/types\/projecto"}],"version-history":[{"count":1,"href":"https:\/\/moraissoaresarquitectos.pt\/pt-pt\/wp-json\/wp\/v2\/projecto\/2571\/revisions"}],"predecessor-version":[{"id":4057,"href":"https:\/\/moraissoaresarquitectos.pt\/pt-pt\/wp-json\/wp\/v2\/projecto\/2571\/revisions\/4057"}],"wp:featuredmedia":[{"embeddable":true,"href":"https:\/\/moraissoaresarquitectos.pt\/pt-pt\/wp-json\/wp\/v2\/media\/2574"}],"wp:attachment":[{"href":"https:\/\/moraissoaresarquitectos.pt\/pt-pt\/wp-json\/wp\/v2\/media?parent=2571"}],"wp:term":[{"taxonomy":"tipo_de_projecto","embeddable":true,"href":"https:\/\/moraissoaresarquitectos.pt\/pt-pt\/wp-json\/wp\/v2\/tipo_de_projecto?post=2571"}],"curies":[{"name":"wp","href":"https:\/\/api.w.org\/{rel}","templated":true}]}}

<p>A remodelação do I-Bar teve como condicionante um orçamento reduzido. “Limparam-se” as sucessivas intervenções de longos anos, e recuperaram-se alguns elementos existentes, tais como, os planos de estrado sobre os rochedos, prolongando a esplanada até ao mar. A nova disposição interior oferece uma melhor panorâmica sobre o mar.</p>

<!-- This site is optimized with the Yoast SEO plugin v26.3 - https://yoast.com/wordpress/plugins/seo/ -->
<title>ibar - Morais</title>
<meta name="robots" content="index, follow, max-snippet:-1, max-image-preview:large, max-video-preview:-1" />
<link rel="canonical" href="https://moraissoaresarquitectos.pt/pt-pt/projectos/ibar/" />
<meta property="og:locale" content="pt_PT" />
<meta property="og:type" content="article" />
<meta property="og:title" content="ibar - Morais" />
<meta property="og:description" content="A remodelação do I-Bar teve como condicionante um orçamento reduzido. “Limparam-se” as sucessivas intervenções de longos anos, e recuperaram-se alguns elementos existentes, tais como, os planos de estrado sobre os rochedos, prolongando a esplanada até ao mar. A nova disposição interior oferece uma melhor panorâmica sobre o mar." />
<meta property="og:url" content="https://moraissoaresarquitectos.pt/pt-pt/projectos/ibar/" />
<meta property="og:site_name" content="Morais" />
<meta property="article:modified_time" content="2022-10-27T17:56:32+00:00" />
<meta property="og:image" content="https://moraissoaresarquitectos.pt/wp-content/uploads/2022/05/3-13.jpg" />
	<meta property="og:image:width" content="1400" />
	<meta property="og:image:height" content="994" />
	<meta property="og:image:type" content="image/jpeg" />
<meta name="twitter:card" content="summary_large_image" />
<meta name="twitter:label1" content="Tempo estimado de leitura" />
	<meta name="twitter:data1" content="1 minuto" />
<script type="application/ld+json" class="yoast-schema-graph">{"@context":"https://schema.org","@graph":[{"@type":"WebPage","@id":"https://moraissoaresarquitectos.pt/pt-pt/projectos/ibar/","url":"https://moraissoaresarquitectos.pt/pt-pt/projectos/ibar/","name":"ibar - Morais","isPartOf":{"@id":"https://moraissoaresarquitectos.pt/#website"},"primaryImageOfPage":{"@id":"https://moraissoaresarquitectos.pt/pt-pt/projectos/ibar/#primaryimage"},"image":{"@id":"https://moraissoaresarquitectos.pt/pt-pt/projectos/ibar/#primaryimage"},"thumbnailUrl":"https://moraissoaresarquitectos.pt/wp-content/uploads/2022/05/3-13.jpg","datePublished":"2022-05-26T10:29:39+00:00","dateModified":"2022-10-27T17:56:32+00:00","breadcrumb":{"@id":"https://moraissoaresarquitectos.pt/pt-pt/projectos/ibar/#breadcrumb"},"inLanguage":"pt-PT","potentialAction":[{"@type":"ReadAction","target":["https://moraissoaresarquitectos.pt/pt-pt/projectos/ibar/"]}]},{"@type":"ImageObject","inLanguage":"pt-PT","@id":"https://moraissoaresarquitectos.pt/pt-pt/projectos/ibar/#primaryimage","url":"https://moraissoaresarquitectos.pt/wp-content/uploads/2022/05/3-13.jpg","contentUrl":"https://moraissoaresarquitectos.pt/wp-content/uploads/2022/05/3-13.jpg","width":1400,"height":994},{"@type":"BreadcrumbList","@id":"https://moraissoaresarquitectos.pt/pt-pt/projectos/ibar/#breadcrumb","itemListElement":[{"@type":"ListItem","position":1,"name":"Home","item":"https://moraissoaresarquitectos.pt/pt-pt/"},{"@type":"ListItem","position":2,"name":"Projectos","item":"https://moraissoaresarquitectos.pt/projectos/"},{"@type":"ListItem","position":3,"name":"ibar"}]},{"@type":"WebSite","@id":"https://moraissoaresarquitectos.pt/#website","url":"https://moraissoaresarquitectos.pt/","name":"Morais","description":"Morais Soares Arquitectos","publisher":{"@id":"https://moraissoaresarquitectos.pt/#organization"},"potentialAction":[{"@type":"SearchAction","target":{"@type":"EntryPoint","urlTemplate":"https://moraissoaresarquitectos.pt/?s={search_term_string}"},"query-input":{"@type":"PropertyValueSpecification","valueRequired":true,"valueName":"search_term_string"}}],"inLanguage":"pt-PT"},{"@type":"Organization","@id":"https://moraissoaresarquitectos.pt/#organization","name":"Morais Soares Arquitectos","url":"https://moraissoaresarquitectos.pt/","logo":{"@type":"ImageObject","inLanguage":"pt-PT","@id":"https://moraissoaresarquitectos.pt/#/schema/logo/image/","url":"https://moraissoaresarquitectos.pt/wp-content/uploads/2022/06/cropped-logo-selecionado-2022-05-02-copiar.png","contentUrl":"https://moraissoaresarquitectos.pt/wp-content/uploads/2022/06/cropped-logo-selecionado-2022-05-02-copiar.png","width":500,"height":328,"caption":"Morais Soares Arquitectos"},"image":{"@id":"https://moraissoaresarquitectos.pt/#/schema/logo/image/"}}]}</script>
<!-- / Yoast SEO plugin. -->

A remodelação do I-Bar teve como condicionante um orçamento reduzido. “Limparam-se” as sucessivas intervenções de longos anos, e recuperaram-se alguns elementos existentes, tais como, os planos de estrado sobre os rochedos, prolongando a esplanada até ao mar. A nova disposição interior oferece uma melhor panorâmica sobre o mar.
