{"id":2561,"date":"2022-05-26T10:25:49","date_gmt":"2022-05-26T10:25:49","guid":{"rendered":"https:\/\/moraissoaresarquitectos.pt\/?post_type=projecto&#038;p=2561"},"modified":"2022-07-21T10:40:29","modified_gmt":"2022-07-21T10:40:29","slug":"homem-do-leme","status":"publish","type":"projecto","link":"https:\/\/moraissoaresarquitectos.pt\/pt-pt\/projectos\/homem-do-leme\/","title":{"rendered":"homem do leme"},"content":{"rendered":"<p>Prop\u00f5e-se uma nova interpreta\u00e7\u00e3o dos v\u00e1rios espa\u00e7os que foram sendo acrescentados sobre a obra original. Deslocou-se o balc\u00e3o do bar principal, que agora interage com os espa\u00e7os interiores e exteriores, atrav\u00e9s de uma caixilharia amov\u00edvel. Telas de grandes dimens\u00f5es fabricadas na velaria \u201cPires de Lima\u201d, d\u00e3o sombra \u00e0 esplanada. Foi tamb\u00e9m tida em conta a intemp\u00e9rie t\u00e3o caracter\u00edstica das esplanadas atl\u00e2nticas, na reformula\u00e7\u00e3o dos corta-ventos que atenuam a rela\u00e7\u00e3o interior\/exterior, calor e frio, num espa\u00e7o aberto a todas as gera\u00e7\u00f5es.<\/p>\n","protected":false},"excerpt":{"rendered":"<p>Prop\u00f5e-se uma nova interpreta\u00e7\u00e3o dos v\u00e1rios espa\u00e7os que foram sendo acrescentados sobre a obra original. Deslocou-se o balc\u00e3o do bar principal, que agora interage com os espa\u00e7os interiores e exteriores, atrav\u00e9s de uma caixilharia amov\u00edvel. Telas de grandes dimens\u00f5es fabricadas na velaria \u201cPires de Lima\u201d, d\u00e3o sombra \u00e0 esplanada. Foi tamb\u00e9m tida em conta a [&hellip;]<\/p>\n<p class=\"read-more\"><a class=\"button\" href=\"https:\/\/moraissoaresarquitectos.pt\/pt-pt\/projectos\/homem-do-leme\/\">Read More<\/a><\/p>\n","protected":false},"featured_media":2562,"template":"","tipo_de_projecto":[206],"class_list":["post-2561","projecto","type-projecto","status-publish","has-post-thumbnail","hentry","tipo_de_projecto-hotels-restaurants"],"yoast_head":"<!-- This site is optimized with the Yoast SEO plugin v26.3 - https:\/\/yoast.com\/wordpress\/plugins\/seo\/ -->\n<title>homem do leme - Morais<\/title>\n<meta name=\"robots\" content=\"index, follow, max-snippet:-1, max-image-preview:large, max-video-preview:-1\" \/>\n<link rel=\"canonical\" href=\"https:\/\/moraissoaresarquitectos.pt\/pt-pt\/projectos\/homem-do-leme\/\" \/>\n<meta property=\"og:locale\" content=\"pt_PT\" \/>\n<meta property=\"og:type\" content=\"article\" \/>\n<meta property=\"og:title\" content=\"homem do leme - Morais\" \/>\n<meta property=\"og:description\" content=\"Prop\u00f5e-se uma nova interpreta\u00e7\u00e3o dos v\u00e1rios espa\u00e7os que foram sendo acrescentados sobre a obra original. Deslocou-se o balc\u00e3o do bar principal, que agora interage com os espa\u00e7os interiores e exteriores, atrav\u00e9s de uma caixilharia amov\u00edvel. Telas de grandes dimens\u00f5es fabricadas na velaria \u201cPires de Lima\u201d, d\u00e3o sombra \u00e0 esplanada. Foi tamb\u00e9m tida em conta a [&hellip;]Read More\" \/>\n<meta property=\"og:url\" content=\"https:\/\/moraissoaresarquitectos.pt\/pt-pt\/projectos\/homem-do-leme\/\" \/>\n<meta property=\"og:site_name\" content=\"Morais\" \/>\n<meta property=\"article:modified_time\" content=\"2022-07-21T10:40:29+00:00\" \/>\n<meta property=\"og:image\" content=\"https:\/\/moraissoaresarquitectos.pt\/wp-content\/uploads\/2022\/05\/1-capa-2.jpg\" \/>\n\t<meta property=\"og:image:width\" content=\"1499\" \/>\n\t<meta property=\"og:image:height\" content=\"756\" \/>\n\t<meta property=\"og:image:type\" content=\"image\/jpeg\" \/>\n<meta name=\"twitter:card\" content=\"summary_large_image\" \/>\n<script type=\"application\/ld+json\" class=\"yoast-schema-graph\">{\"@context\":\"https:\/\/schema.org\",\"@graph\":[{\"@type\":\"WebPage\",\"@id\":\"https:\/\/moraissoaresarquitectos.pt\/pt-pt\/projectos\/homem-do-leme\/\",\"url\":\"https:\/\/moraissoaresarquitectos.pt\/pt-pt\/projectos\/homem-do-leme\/\",\"name\":\"homem do leme - Morais\",\"isPartOf\":{\"@id\":\"https:\/\/moraissoaresarquitectos.pt\/#website\"},\"primaryImageOfPage\":{\"@id\":\"https:\/\/moraissoaresarquitectos.pt\/pt-pt\/projectos\/homem-do-leme\/#primaryimage\"},\"image\":{\"@id\":\"https:\/\/moraissoaresarquitectos.pt\/pt-pt\/projectos\/homem-do-leme\/#primaryimage\"},\"thumbnailUrl\":\"https:\/\/moraissoaresarquitectos.pt\/wp-content\/uploads\/2022\/05\/1-capa-2.jpg\",\"datePublished\":\"2022-05-26T10:25:49+00:00\",\"dateModified\":\"2022-07-21T10:40:29+00:00\",\"breadcrumb\":{\"@id\":\"https:\/\/moraissoaresarquitectos.pt\/pt-pt\/projectos\/homem-do-leme\/#breadcrumb\"},\"inLanguage\":\"pt-PT\",\"potentialAction\":[{\"@type\":\"ReadAction\",\"target\":[\"https:\/\/moraissoaresarquitectos.pt\/pt-pt\/projectos\/homem-do-leme\/\"]}]},{\"@type\":\"ImageObject\",\"inLanguage\":\"pt-PT\",\"@id\":\"https:\/\/moraissoaresarquitectos.pt\/pt-pt\/projectos\/homem-do-leme\/#primaryimage\",\"url\":\"https:\/\/moraissoaresarquitectos.pt\/wp-content\/uploads\/2022\/05\/1-capa-2.jpg\",\"contentUrl\":\"https:\/\/moraissoaresarquitectos.pt\/wp-content\/uploads\/2022\/05\/1-capa-2.jpg\",\"width\":1499,\"height\":756,\"caption\":\"homem do leme\"},{\"@type\":\"BreadcrumbList\",\"@id\":\"https:\/\/moraissoaresarquitectos.pt\/pt-pt\/projectos\/homem-do-leme\/#breadcrumb\",\"itemListElement\":[{\"@type\":\"ListItem\",\"position\":1,\"name\":\"Home\",\"item\":\"https:\/\/moraissoaresarquitectos.pt\/pt-pt\/\"},{\"@type\":\"ListItem\",\"position\":2,\"name\":\"Projectos\",\"item\":\"https:\/\/moraissoaresarquitectos.pt\/projectos\/\"},{\"@type\":\"ListItem\",\"position\":3,\"name\":\"homem do leme\"}]},{\"@type\":\"WebSite\",\"@id\":\"https:\/\/moraissoaresarquitectos.pt\/#website\",\"url\":\"https:\/\/moraissoaresarquitectos.pt\/\",\"name\":\"Morais\",\"description\":\"Morais Soares Arquitectos\",\"publisher\":{\"@id\":\"https:\/\/moraissoaresarquitectos.pt\/#organization\"},\"potentialAction\":[{\"@type\":\"SearchAction\",\"target\":{\"@type\":\"EntryPoint\",\"urlTemplate\":\"https:\/\/moraissoaresarquitectos.pt\/?s={search_term_string}\"},\"query-input\":{\"@type\":\"PropertyValueSpecification\",\"valueRequired\":true,\"valueName\":\"search_term_string\"}}],\"inLanguage\":\"pt-PT\"},{\"@type\":\"Organization\",\"@id\":\"https:\/\/moraissoaresarquitectos.pt\/#organization\",\"name\":\"Morais Soares Arquitectos\",\"url\":\"https:\/\/moraissoaresarquitectos.pt\/\",\"logo\":{\"@type\":\"ImageObject\",\"inLanguage\":\"pt-PT\",\"@id\":\"https:\/\/moraissoaresarquitectos.pt\/#\/schema\/logo\/image\/\",\"url\":\"https:\/\/moraissoaresarquitectos.pt\/wp-content\/uploads\/2022\/06\/cropped-logo-selecionado-2022-05-02-copiar.png\",\"contentUrl\":\"https:\/\/moraissoaresarquitectos.pt\/wp-content\/uploads\/2022\/06\/cropped-logo-selecionado-2022-05-02-copiar.png\",\"width\":500,\"height\":328,\"caption\":\"Morais Soares Arquitectos\"},\"image\":{\"@id\":\"https:\/\/moraissoaresarquitectos.pt\/#\/schema\/logo\/image\/\"}}]}<\/script>\n<!-- \/ Yoast SEO plugin. -->","yoast_head_json":{"title":"homem do leme - Morais","robots":{"index":"index","follow":"follow","max-snippet":"max-snippet:-1","max-image-preview":"max-image-preview:large","max-video-preview":"max-video-preview:-1"},"canonical":"https:\/\/moraissoaresarquitectos.pt\/pt-pt\/projectos\/homem-do-leme\/","og_locale":"pt_PT","og_type":"article","og_title":"homem do leme - Morais","og_description":"Prop\u00f5e-se uma nova interpreta\u00e7\u00e3o dos v\u00e1rios espa\u00e7os que foram sendo acrescentados sobre a obra original. Deslocou-se o balc\u00e3o do bar principal, que agora interage com os espa\u00e7os interiores e exteriores, atrav\u00e9s de uma caixilharia amov\u00edvel. Telas de grandes dimens\u00f5es fabricadas na velaria \u201cPires de Lima\u201d, d\u00e3o sombra \u00e0 esplanada. Foi tamb\u00e9m tida em conta a [&hellip;]Read More","og_url":"https:\/\/moraissoaresarquitectos.pt\/pt-pt\/projectos\/homem-do-leme\/","og_site_name":"Morais","article_modified_time":"2022-07-21T10:40:29+00:00","og_image":[{"width":1499,"height":756,"url":"https:\/\/moraissoaresarquitectos.pt\/wp-content\/uploads\/2022\/05\/1-capa-2.jpg","type":"image\/jpeg"}],"twitter_card":"summary_large_image","schema":{"@context":"https:\/\/schema.org","@graph":[{"@type":"WebPage","@id":"https:\/\/moraissoaresarquitectos.pt\/pt-pt\/projectos\/homem-do-leme\/","url":"https:\/\/moraissoaresarquitectos.pt\/pt-pt\/projectos\/homem-do-leme\/","name":"homem do leme - Morais","isPartOf":{"@id":"https:\/\/moraissoaresarquitectos.pt\/#website"},"primaryImageOfPage":{"@id":"https:\/\/moraissoaresarquitectos.pt\/pt-pt\/projectos\/homem-do-leme\/#primaryimage"},"image":{"@id":"https:\/\/moraissoaresarquitectos.pt\/pt-pt\/projectos\/homem-do-leme\/#primaryimage"},"thumbnailUrl":"https:\/\/moraissoaresarquitectos.pt\/wp-content\/uploads\/2022\/05\/1-capa-2.jpg","datePublished":"2022-05-26T10:25:49+00:00","dateModified":"2022-07-21T10:40:29+00:00","breadcrumb":{"@id":"https:\/\/moraissoaresarquitectos.pt\/pt-pt\/projectos\/homem-do-leme\/#breadcrumb"},"inLanguage":"pt-PT","potentialAction":[{"@type":"ReadAction","target":["https:\/\/moraissoaresarquitectos.pt\/pt-pt\/projectos\/homem-do-leme\/"]}]},{"@type":"ImageObject","inLanguage":"pt-PT","@id":"https:\/\/moraissoaresarquitectos.pt\/pt-pt\/projectos\/homem-do-leme\/#primaryimage","url":"https:\/\/moraissoaresarquitectos.pt\/wp-content\/uploads\/2022\/05\/1-capa-2.jpg","contentUrl":"https:\/\/moraissoaresarquitectos.pt\/wp-content\/uploads\/2022\/05\/1-capa-2.jpg","width":1499,"height":756,"caption":"homem do leme"},{"@type":"BreadcrumbList","@id":"https:\/\/moraissoaresarquitectos.pt\/pt-pt\/projectos\/homem-do-leme\/#breadcrumb","itemListElement":[{"@type":"ListItem","position":1,"name":"Home","item":"https:\/\/moraissoaresarquitectos.pt\/pt-pt\/"},{"@type":"ListItem","position":2,"name":"Projectos","item":"https:\/\/moraissoaresarquitectos.pt\/projectos\/"},{"@type":"ListItem","position":3,"name":"homem do leme"}]},{"@type":"WebSite","@id":"https:\/\/moraissoaresarquitectos.pt\/#website","url":"https:\/\/moraissoaresarquitectos.pt\/","name":"Morais","description":"Morais Soares Arquitectos","publisher":{"@id":"https:\/\/moraissoaresarquitectos.pt\/#organization"},"potentialAction":[{"@type":"SearchAction","target":{"@type":"EntryPoint","urlTemplate":"https:\/\/moraissoaresarquitectos.pt\/?s={search_term_string}"},"query-input":{"@type":"PropertyValueSpecification","valueRequired":true,"valueName":"search_term_string"}}],"inLanguage":"pt-PT"},{"@type":"Organization","@id":"https:\/\/moraissoaresarquitectos.pt\/#organization","name":"Morais Soares Arquitectos","url":"https:\/\/moraissoaresarquitectos.pt\/","logo":{"@type":"ImageObject","inLanguage":"pt-PT","@id":"https:\/\/moraissoaresarquitectos.pt\/#\/schema\/logo\/image\/","url":"https:\/\/moraissoaresarquitectos.pt\/wp-content\/uploads\/2022\/06\/cropped-logo-selecionado-2022-05-02-copiar.png","contentUrl":"https:\/\/moraissoaresarquitectos.pt\/wp-content\/uploads\/2022\/06\/cropped-logo-selecionado-2022-05-02-copiar.png","width":500,"height":328,"caption":"Morais Soares Arquitectos"},"image":{"@id":"https:\/\/moraissoaresarquitectos.pt\/#\/schema\/logo\/image\/"}}]}},"_links":{"self":[{"href":"https:\/\/moraissoaresarquitectos.pt\/pt-pt\/wp-json\/wp\/v2\/projecto\/2561","targetHints":{"allow":["GET"]}}],"collection":[{"href":"https:\/\/moraissoaresarquitectos.pt\/pt-pt\/wp-json\/wp\/v2\/projecto"}],"about":[{"href":"https:\/\/moraissoaresarquitectos.pt\/pt-pt\/wp-json\/wp\/v2\/types\/projecto"}],"version-history":[{"count":1,"href":"https:\/\/moraissoaresarquitectos.pt\/pt-pt\/wp-json\/wp\/v2\/projecto\/2561\/revisions"}],"predecessor-version":[{"id":4064,"href":"https:\/\/moraissoaresarquitectos.pt\/pt-pt\/wp-json\/wp\/v2\/projecto\/2561\/revisions\/4064"}],"wp:featuredmedia":[{"embeddable":true,"href":"https:\/\/moraissoaresarquitectos.pt\/pt-pt\/wp-json\/wp\/v2\/media\/2562"}],"wp:attachment":[{"href":"https:\/\/moraissoaresarquitectos.pt\/pt-pt\/wp-json\/wp\/v2\/media?parent=2561"}],"wp:term":[{"taxonomy":"tipo_de_projecto","embeddable":true,"href":"https:\/\/moraissoaresarquitectos.pt\/pt-pt\/wp-json\/wp\/v2\/tipo_de_projecto?post=2561"}],"curies":[{"name":"wp","href":"https:\/\/api.w.org\/{rel}","templated":true}]}}

<p>Propõe-se uma nova interpretação dos vários espaços que foram sendo acrescentados sobre a obra original. Deslocou-se o balcão do bar principal, que agora interage com os espaços interiores e exteriores, através de uma caixilharia amovível. Telas de grandes dimensões fabricadas na velaria “Pires de Lima”, dão sombra à esplanada. Foi também tida em conta a intempérie tão característica das esplanadas atlânticas, na reformulação dos corta-ventos que atenuam a relação interior/exterior, calor e frio, num espaço aberto a todas as gerações.</p>

<p>Propõe-se uma nova interpretação dos vários espaços que foram sendo acrescentados sobre a obra original. Deslocou-se o balcão do bar principal, que agora interage com os espaços interiores e exteriores, através de uma caixilharia amovível. Telas de grandes dimensões fabricadas na velaria “Pires de Lima”, dão sombra à esplanada. Foi também tida em conta a [&hellip;]</p>
<p class="read-more"><a class="button" href="https://moraissoaresarquitectos.pt/pt-pt/projectos/homem-do-leme/">Read More</a></p>

<!-- This site is optimized with the Yoast SEO plugin v26.3 - https://yoast.com/wordpress/plugins/seo/ -->
<title>homem do leme - Morais</title>
<meta name="robots" content="index, follow, max-snippet:-1, max-image-preview:large, max-video-preview:-1" />
<link rel="canonical" href="https://moraissoaresarquitectos.pt/pt-pt/projectos/homem-do-leme/" />
<meta property="og:locale" content="pt_PT" />
<meta property="og:type" content="article" />
<meta property="og:title" content="homem do leme - Morais" />
<meta property="og:description" content="Propõe-se uma nova interpretação dos vários espaços que foram sendo acrescentados sobre a obra original. Deslocou-se o balcão do bar principal, que agora interage com os espaços interiores e exteriores, através de uma caixilharia amovível. Telas de grandes dimensões fabricadas na velaria “Pires de Lima”, dão sombra à esplanada. Foi também tida em conta a [&hellip;]Read More" />
<meta property="og:url" content="https://moraissoaresarquitectos.pt/pt-pt/projectos/homem-do-leme/" />
<meta property="og:site_name" content="Morais" />
<meta property="article:modified_time" content="2022-07-21T10:40:29+00:00" />
<meta property="og:image" content="https://moraissoaresarquitectos.pt/wp-content/uploads/2022/05/1-capa-2.jpg" />
	<meta property="og:image:width" content="1499" />
	<meta property="og:image:height" content="756" />
	<meta property="og:image:type" content="image/jpeg" />
<meta name="twitter:card" content="summary_large_image" />
<script type="application/ld+json" class="yoast-schema-graph">{"@context":"https://schema.org","@graph":[{"@type":"WebPage","@id":"https://moraissoaresarquitectos.pt/pt-pt/projectos/homem-do-leme/","url":"https://moraissoaresarquitectos.pt/pt-pt/projectos/homem-do-leme/","name":"homem do leme - Morais","isPartOf":{"@id":"https://moraissoaresarquitectos.pt/#website"},"primaryImageOfPage":{"@id":"https://moraissoaresarquitectos.pt/pt-pt/projectos/homem-do-leme/#primaryimage"},"image":{"@id":"https://moraissoaresarquitectos.pt/pt-pt/projectos/homem-do-leme/#primaryimage"},"thumbnailUrl":"https://moraissoaresarquitectos.pt/wp-content/uploads/2022/05/1-capa-2.jpg","datePublished":"2022-05-26T10:25:49+00:00","dateModified":"2022-07-21T10:40:29+00:00","breadcrumb":{"@id":"https://moraissoaresarquitectos.pt/pt-pt/projectos/homem-do-leme/#breadcrumb"},"inLanguage":"pt-PT","potentialAction":[{"@type":"ReadAction","target":["https://moraissoaresarquitectos.pt/pt-pt/projectos/homem-do-leme/"]}]},{"@type":"ImageObject","inLanguage":"pt-PT","@id":"https://moraissoaresarquitectos.pt/pt-pt/projectos/homem-do-leme/#primaryimage","url":"https://moraissoaresarquitectos.pt/wp-content/uploads/2022/05/1-capa-2.jpg","contentUrl":"https://moraissoaresarquitectos.pt/wp-content/uploads/2022/05/1-capa-2.jpg","width":1499,"height":756,"caption":"homem do leme"},{"@type":"BreadcrumbList","@id":"https://moraissoaresarquitectos.pt/pt-pt/projectos/homem-do-leme/#breadcrumb","itemListElement":[{"@type":"ListItem","position":1,"name":"Home","item":"https://moraissoaresarquitectos.pt/pt-pt/"},{"@type":"ListItem","position":2,"name":"Projectos","item":"https://moraissoaresarquitectos.pt/projectos/"},{"@type":"ListItem","position":3,"name":"homem do leme"}]},{"@type":"WebSite","@id":"https://moraissoaresarquitectos.pt/#website","url":"https://moraissoaresarquitectos.pt/","name":"Morais","description":"Morais Soares Arquitectos","publisher":{"@id":"https://moraissoaresarquitectos.pt/#organization"},"potentialAction":[{"@type":"SearchAction","target":{"@type":"EntryPoint","urlTemplate":"https://moraissoaresarquitectos.pt/?s={search_term_string}"},"query-input":{"@type":"PropertyValueSpecification","valueRequired":true,"valueName":"search_term_string"}}],"inLanguage":"pt-PT"},{"@type":"Organization","@id":"https://moraissoaresarquitectos.pt/#organization","name":"Morais Soares Arquitectos","url":"https://moraissoaresarquitectos.pt/","logo":{"@type":"ImageObject","inLanguage":"pt-PT","@id":"https://moraissoaresarquitectos.pt/#/schema/logo/image/","url":"https://moraissoaresarquitectos.pt/wp-content/uploads/2022/06/cropped-logo-selecionado-2022-05-02-copiar.png","contentUrl":"https://moraissoaresarquitectos.pt/wp-content/uploads/2022/06/cropped-logo-selecionado-2022-05-02-copiar.png","width":500,"height":328,"caption":"Morais Soares Arquitectos"},"image":{"@id":"https://moraissoaresarquitectos.pt/#/schema/logo/image/"}}]}</script>
<!-- / Yoast SEO plugin. -->

Propõe-se uma nova interpretação dos vários espaços que foram sendo acrescentados sobre a obra original. Deslocou-se o balcão do bar principal, que agora interage com os espaços interiores e exteriores, através de uma caixilharia amovível. Telas de grandes dimensões fabricadas na velaria “Pires de Lima”, dão sombra à esplanada. Foi também tida em conta a [&hellip;]Read More
