{"id":2524,"date":"2022-05-25T16:48:45","date_gmt":"2022-05-25T16:48:45","guid":{"rendered":"https:\/\/moraissoaresarquitectos.pt\/?post_type=projecto&#038;p=2524"},"modified":"2022-07-21T10:42:03","modified_gmt":"2022-07-21T10:42:03","slug":"studio-residence","status":"publish","type":"projecto","link":"https:\/\/moraissoaresarquitectos.pt\/pt-pt\/projectos\/studio-residence\/","title":{"rendered":"Studio Residence"},"content":{"rendered":"<p>Situados numa Avenida ladeada por arrabaldes, com car\u00e1cter de eixo rodovi\u00e1rio perif\u00e9rico, constru\u00edram-se de cada lado dois edif\u00edcios id\u00eanticos, constituindo-se como um portal indiciando \u201ccidade\u201d, junto a Cruz de Celas. De grandes dimens\u00f5es, um deles \u00e9 integralmente ocupado por apartamentos para estudantes, pessoas deslocadas, na figura de T0 (Est\u00fadio). O outro desenvolve-se em apartamentos T1, T2 e T3. Em vez de galerias comerciais, que a dimens\u00e3o permitia, optou-se por lojas de frente para a rua, com passeios arborizados de amplas dimens\u00f5es.<\/p>\n","protected":false},"excerpt":{"rendered":"<p>Situados numa Avenida ladeada por arrabaldes, com car\u00e1cter de eixo rodovi\u00e1rio perif\u00e9rico, constru\u00edram-se de cada lado dois edif\u00edcios id\u00eanticos, constituindo-se como um portal indiciando \u201ccidade\u201d, junto a Cruz de Celas. De grandes dimens\u00f5es, um deles \u00e9 integralmente ocupado por apartamentos para estudantes, pessoas deslocadas, na figura de T0 (Est\u00fadio). O outro desenvolve-se em apartamentos T1, [&hellip;]<\/p>\n<p class=\"read-more\"><a class=\"button\" href=\"https:\/\/moraissoaresarquitectos.pt\/pt-pt\/projectos\/studio-residence\/\">Read More<\/a><\/p>\n","protected":false},"featured_media":2531,"template":"","tipo_de_projecto":[208],"class_list":["post-2524","projecto","type-projecto","status-publish","has-post-thumbnail","hentry","tipo_de_projecto-housing"],"yoast_head":"<!-- This site is optimized with the Yoast SEO plugin v26.3 - https:\/\/yoast.com\/wordpress\/plugins\/seo\/ -->\n<title>Studio Residence - Morais<\/title>\n<meta name=\"robots\" content=\"index, follow, max-snippet:-1, max-image-preview:large, max-video-preview:-1\" \/>\n<link rel=\"canonical\" href=\"https:\/\/moraissoaresarquitectos.pt\/pt-pt\/projectos\/studio-residence\/\" \/>\n<meta property=\"og:locale\" content=\"pt_PT\" \/>\n<meta property=\"og:type\" content=\"article\" \/>\n<meta property=\"og:title\" content=\"Studio Residence - Morais\" \/>\n<meta property=\"og:description\" content=\"Situados numa Avenida ladeada por arrabaldes, com car\u00e1cter de eixo rodovi\u00e1rio perif\u00e9rico, constru\u00edram-se de cada lado dois edif\u00edcios id\u00eanticos, constituindo-se como um portal indiciando \u201ccidade\u201d, junto a Cruz de Celas. De grandes dimens\u00f5es, um deles \u00e9 integralmente ocupado por apartamentos para estudantes, pessoas deslocadas, na figura de T0 (Est\u00fadio). O outro desenvolve-se em apartamentos T1, [&hellip;]Read More\" \/>\n<meta property=\"og:url\" content=\"https:\/\/moraissoaresarquitectos.pt\/pt-pt\/projectos\/studio-residence\/\" \/>\n<meta property=\"og:site_name\" content=\"Morais\" \/>\n<meta property=\"article:modified_time\" content=\"2022-07-21T10:42:03+00:00\" \/>\n<meta property=\"og:image\" content=\"https:\/\/moraissoaresarquitectos.pt\/wp-content\/uploads\/2022\/05\/Studio-Residence-1-1.jpg\" \/>\n\t<meta property=\"og:image:width\" content=\"1625\" \/>\n\t<meta property=\"og:image:height\" content=\"967\" \/>\n\t<meta property=\"og:image:type\" content=\"image\/jpeg\" \/>\n<meta name=\"twitter:card\" content=\"summary_large_image\" \/>\n<script type=\"application\/ld+json\" class=\"yoast-schema-graph\">{\"@context\":\"https:\/\/schema.org\",\"@graph\":[{\"@type\":\"WebPage\",\"@id\":\"https:\/\/moraissoaresarquitectos.pt\/pt-pt\/projectos\/studio-residence\/\",\"url\":\"https:\/\/moraissoaresarquitectos.pt\/pt-pt\/projectos\/studio-residence\/\",\"name\":\"Studio Residence - Morais\",\"isPartOf\":{\"@id\":\"https:\/\/moraissoaresarquitectos.pt\/#website\"},\"primaryImageOfPage\":{\"@id\":\"https:\/\/moraissoaresarquitectos.pt\/pt-pt\/projectos\/studio-residence\/#primaryimage\"},\"image\":{\"@id\":\"https:\/\/moraissoaresarquitectos.pt\/pt-pt\/projectos\/studio-residence\/#primaryimage\"},\"thumbnailUrl\":\"https:\/\/moraissoaresarquitectos.pt\/wp-content\/uploads\/2022\/05\/Studio-Residence-1-1.jpg\",\"datePublished\":\"2022-05-25T16:48:45+00:00\",\"dateModified\":\"2022-07-21T10:42:03+00:00\",\"breadcrumb\":{\"@id\":\"https:\/\/moraissoaresarquitectos.pt\/pt-pt\/projectos\/studio-residence\/#breadcrumb\"},\"inLanguage\":\"pt-PT\",\"potentialAction\":[{\"@type\":\"ReadAction\",\"target\":[\"https:\/\/moraissoaresarquitectos.pt\/pt-pt\/projectos\/studio-residence\/\"]}]},{\"@type\":\"ImageObject\",\"inLanguage\":\"pt-PT\",\"@id\":\"https:\/\/moraissoaresarquitectos.pt\/pt-pt\/projectos\/studio-residence\/#primaryimage\",\"url\":\"https:\/\/moraissoaresarquitectos.pt\/wp-content\/uploads\/2022\/05\/Studio-Residence-1-1.jpg\",\"contentUrl\":\"https:\/\/moraissoaresarquitectos.pt\/wp-content\/uploads\/2022\/05\/Studio-Residence-1-1.jpg\",\"width\":1625,\"height\":967,\"caption\":\"Studio Residence\"},{\"@type\":\"BreadcrumbList\",\"@id\":\"https:\/\/moraissoaresarquitectos.pt\/pt-pt\/projectos\/studio-residence\/#breadcrumb\",\"itemListElement\":[{\"@type\":\"ListItem\",\"position\":1,\"name\":\"Home\",\"item\":\"https:\/\/moraissoaresarquitectos.pt\/pt-pt\/\"},{\"@type\":\"ListItem\",\"position\":2,\"name\":\"Projectos\",\"item\":\"https:\/\/moraissoaresarquitectos.pt\/projectos\/\"},{\"@type\":\"ListItem\",\"position\":3,\"name\":\"Studio Residence\"}]},{\"@type\":\"WebSite\",\"@id\":\"https:\/\/moraissoaresarquitectos.pt\/#website\",\"url\":\"https:\/\/moraissoaresarquitectos.pt\/\",\"name\":\"Morais\",\"description\":\"Morais Soares Arquitectos\",\"publisher\":{\"@id\":\"https:\/\/moraissoaresarquitectos.pt\/#organization\"},\"potentialAction\":[{\"@type\":\"SearchAction\",\"target\":{\"@type\":\"EntryPoint\",\"urlTemplate\":\"https:\/\/moraissoaresarquitectos.pt\/?s={search_term_string}\"},\"query-input\":{\"@type\":\"PropertyValueSpecification\",\"valueRequired\":true,\"valueName\":\"search_term_string\"}}],\"inLanguage\":\"pt-PT\"},{\"@type\":\"Organization\",\"@id\":\"https:\/\/moraissoaresarquitectos.pt\/#organization\",\"name\":\"Morais Soares Arquitectos\",\"url\":\"https:\/\/moraissoaresarquitectos.pt\/\",\"logo\":{\"@type\":\"ImageObject\",\"inLanguage\":\"pt-PT\",\"@id\":\"https:\/\/moraissoaresarquitectos.pt\/#\/schema\/logo\/image\/\",\"url\":\"https:\/\/moraissoaresarquitectos.pt\/wp-content\/uploads\/2022\/06\/cropped-logo-selecionado-2022-05-02-copiar.png\",\"contentUrl\":\"https:\/\/moraissoaresarquitectos.pt\/wp-content\/uploads\/2022\/06\/cropped-logo-selecionado-2022-05-02-copiar.png\",\"width\":500,\"height\":328,\"caption\":\"Morais Soares Arquitectos\"},\"image\":{\"@id\":\"https:\/\/moraissoaresarquitectos.pt\/#\/schema\/logo\/image\/\"}}]}<\/script>\n<!-- \/ Yoast SEO plugin. -->","yoast_head_json":{"title":"Studio Residence - Morais","robots":{"index":"index","follow":"follow","max-snippet":"max-snippet:-1","max-image-preview":"max-image-preview:large","max-video-preview":"max-video-preview:-1"},"canonical":"https:\/\/moraissoaresarquitectos.pt\/pt-pt\/projectos\/studio-residence\/","og_locale":"pt_PT","og_type":"article","og_title":"Studio Residence - Morais","og_description":"Situados numa Avenida ladeada por arrabaldes, com car\u00e1cter de eixo rodovi\u00e1rio perif\u00e9rico, constru\u00edram-se de cada lado dois edif\u00edcios id\u00eanticos, constituindo-se como um portal indiciando \u201ccidade\u201d, junto a Cruz de Celas. De grandes dimens\u00f5es, um deles \u00e9 integralmente ocupado por apartamentos para estudantes, pessoas deslocadas, na figura de T0 (Est\u00fadio). O outro desenvolve-se em apartamentos T1, [&hellip;]Read More","og_url":"https:\/\/moraissoaresarquitectos.pt\/pt-pt\/projectos\/studio-residence\/","og_site_name":"Morais","article_modified_time":"2022-07-21T10:42:03+00:00","og_image":[{"width":1625,"height":967,"url":"https:\/\/moraissoaresarquitectos.pt\/wp-content\/uploads\/2022\/05\/Studio-Residence-1-1.jpg","type":"image\/jpeg"}],"twitter_card":"summary_large_image","schema":{"@context":"https:\/\/schema.org","@graph":[{"@type":"WebPage","@id":"https:\/\/moraissoaresarquitectos.pt\/pt-pt\/projectos\/studio-residence\/","url":"https:\/\/moraissoaresarquitectos.pt\/pt-pt\/projectos\/studio-residence\/","name":"Studio Residence - Morais","isPartOf":{"@id":"https:\/\/moraissoaresarquitectos.pt\/#website"},"primaryImageOfPage":{"@id":"https:\/\/moraissoaresarquitectos.pt\/pt-pt\/projectos\/studio-residence\/#primaryimage"},"image":{"@id":"https:\/\/moraissoaresarquitectos.pt\/pt-pt\/projectos\/studio-residence\/#primaryimage"},"thumbnailUrl":"https:\/\/moraissoaresarquitectos.pt\/wp-content\/uploads\/2022\/05\/Studio-Residence-1-1.jpg","datePublished":"2022-05-25T16:48:45+00:00","dateModified":"2022-07-21T10:42:03+00:00","breadcrumb":{"@id":"https:\/\/moraissoaresarquitectos.pt\/pt-pt\/projectos\/studio-residence\/#breadcrumb"},"inLanguage":"pt-PT","potentialAction":[{"@type":"ReadAction","target":["https:\/\/moraissoaresarquitectos.pt\/pt-pt\/projectos\/studio-residence\/"]}]},{"@type":"ImageObject","inLanguage":"pt-PT","@id":"https:\/\/moraissoaresarquitectos.pt\/pt-pt\/projectos\/studio-residence\/#primaryimage","url":"https:\/\/moraissoaresarquitectos.pt\/wp-content\/uploads\/2022\/05\/Studio-Residence-1-1.jpg","contentUrl":"https:\/\/moraissoaresarquitectos.pt\/wp-content\/uploads\/2022\/05\/Studio-Residence-1-1.jpg","width":1625,"height":967,"caption":"Studio Residence"},{"@type":"BreadcrumbList","@id":"https:\/\/moraissoaresarquitectos.pt\/pt-pt\/projectos\/studio-residence\/#breadcrumb","itemListElement":[{"@type":"ListItem","position":1,"name":"Home","item":"https:\/\/moraissoaresarquitectos.pt\/pt-pt\/"},{"@type":"ListItem","position":2,"name":"Projectos","item":"https:\/\/moraissoaresarquitectos.pt\/projectos\/"},{"@type":"ListItem","position":3,"name":"Studio Residence"}]},{"@type":"WebSite","@id":"https:\/\/moraissoaresarquitectos.pt\/#website","url":"https:\/\/moraissoaresarquitectos.pt\/","name":"Morais","description":"Morais Soares Arquitectos","publisher":{"@id":"https:\/\/moraissoaresarquitectos.pt\/#organization"},"potentialAction":[{"@type":"SearchAction","target":{"@type":"EntryPoint","urlTemplate":"https:\/\/moraissoaresarquitectos.pt\/?s={search_term_string}"},"query-input":{"@type":"PropertyValueSpecification","valueRequired":true,"valueName":"search_term_string"}}],"inLanguage":"pt-PT"},{"@type":"Organization","@id":"https:\/\/moraissoaresarquitectos.pt\/#organization","name":"Morais Soares Arquitectos","url":"https:\/\/moraissoaresarquitectos.pt\/","logo":{"@type":"ImageObject","inLanguage":"pt-PT","@id":"https:\/\/moraissoaresarquitectos.pt\/#\/schema\/logo\/image\/","url":"https:\/\/moraissoaresarquitectos.pt\/wp-content\/uploads\/2022\/06\/cropped-logo-selecionado-2022-05-02-copiar.png","contentUrl":"https:\/\/moraissoaresarquitectos.pt\/wp-content\/uploads\/2022\/06\/cropped-logo-selecionado-2022-05-02-copiar.png","width":500,"height":328,"caption":"Morais Soares Arquitectos"},"image":{"@id":"https:\/\/moraissoaresarquitectos.pt\/#\/schema\/logo\/image\/"}}]}},"_links":{"self":[{"href":"https:\/\/moraissoaresarquitectos.pt\/pt-pt\/wp-json\/wp\/v2\/projecto\/2524","targetHints":{"allow":["GET"]}}],"collection":[{"href":"https:\/\/moraissoaresarquitectos.pt\/pt-pt\/wp-json\/wp\/v2\/projecto"}],"about":[{"href":"https:\/\/moraissoaresarquitectos.pt\/pt-pt\/wp-json\/wp\/v2\/types\/projecto"}],"version-history":[{"count":1,"href":"https:\/\/moraissoaresarquitectos.pt\/pt-pt\/wp-json\/wp\/v2\/projecto\/2524\/revisions"}],"predecessor-version":[{"id":4077,"href":"https:\/\/moraissoaresarquitectos.pt\/pt-pt\/wp-json\/wp\/v2\/projecto\/2524\/revisions\/4077"}],"wp:featuredmedia":[{"embeddable":true,"href":"https:\/\/moraissoaresarquitectos.pt\/pt-pt\/wp-json\/wp\/v2\/media\/2531"}],"wp:attachment":[{"href":"https:\/\/moraissoaresarquitectos.pt\/pt-pt\/wp-json\/wp\/v2\/media?parent=2524"}],"wp:term":[{"taxonomy":"tipo_de_projecto","embeddable":true,"href":"https:\/\/moraissoaresarquitectos.pt\/pt-pt\/wp-json\/wp\/v2\/tipo_de_projecto?post=2524"}],"curies":[{"name":"wp","href":"https:\/\/api.w.org\/{rel}","templated":true}]}}

<p>Situados numa Avenida ladeada por arrabaldes, com carácter de eixo rodoviário periférico, construíram-se de cada lado dois edifícios idênticos, constituindo-se como um portal indiciando “cidade”, junto a Cruz de Celas. De grandes dimensões, um deles é integralmente ocupado por apartamentos para estudantes, pessoas deslocadas, na figura de T0 (Estúdio). O outro desenvolve-se em apartamentos T1, T2 e T3. Em vez de galerias comerciais, que a dimensão permitia, optou-se por lojas de frente para a rua, com passeios arborizados de amplas dimensões.</p>

<p>Situados numa Avenida ladeada por arrabaldes, com carácter de eixo rodoviário periférico, construíram-se de cada lado dois edifícios idênticos, constituindo-se como um portal indiciando “cidade”, junto a Cruz de Celas. De grandes dimensões, um deles é integralmente ocupado por apartamentos para estudantes, pessoas deslocadas, na figura de T0 (Estúdio). O outro desenvolve-se em apartamentos T1, [&hellip;]</p>
<p class="read-more"><a class="button" href="https://moraissoaresarquitectos.pt/pt-pt/projectos/studio-residence/">Read More</a></p>

<!-- This site is optimized with the Yoast SEO plugin v26.3 - https://yoast.com/wordpress/plugins/seo/ -->
<title>Studio Residence - Morais</title>
<meta name="robots" content="index, follow, max-snippet:-1, max-image-preview:large, max-video-preview:-1" />
<link rel="canonical" href="https://moraissoaresarquitectos.pt/pt-pt/projectos/studio-residence/" />
<meta property="og:locale" content="pt_PT" />
<meta property="og:type" content="article" />
<meta property="og:title" content="Studio Residence - Morais" />
<meta property="og:description" content="Situados numa Avenida ladeada por arrabaldes, com carácter de eixo rodoviário periférico, construíram-se de cada lado dois edifícios idênticos, constituindo-se como um portal indiciando “cidade”, junto a Cruz de Celas. De grandes dimensões, um deles é integralmente ocupado por apartamentos para estudantes, pessoas deslocadas, na figura de T0 (Estúdio). O outro desenvolve-se em apartamentos T1, [&hellip;]Read More" />
<meta property="og:url" content="https://moraissoaresarquitectos.pt/pt-pt/projectos/studio-residence/" />
<meta property="og:site_name" content="Morais" />
<meta property="article:modified_time" content="2022-07-21T10:42:03+00:00" />
<meta property="og:image" content="https://moraissoaresarquitectos.pt/wp-content/uploads/2022/05/Studio-Residence-1-1.jpg" />
	<meta property="og:image:width" content="1625" />
	<meta property="og:image:height" content="967" />
	<meta property="og:image:type" content="image/jpeg" />
<meta name="twitter:card" content="summary_large_image" />
<script type="application/ld+json" class="yoast-schema-graph">{"@context":"https://schema.org","@graph":[{"@type":"WebPage","@id":"https://moraissoaresarquitectos.pt/pt-pt/projectos/studio-residence/","url":"https://moraissoaresarquitectos.pt/pt-pt/projectos/studio-residence/","name":"Studio Residence - Morais","isPartOf":{"@id":"https://moraissoaresarquitectos.pt/#website"},"primaryImageOfPage":{"@id":"https://moraissoaresarquitectos.pt/pt-pt/projectos/studio-residence/#primaryimage"},"image":{"@id":"https://moraissoaresarquitectos.pt/pt-pt/projectos/studio-residence/#primaryimage"},"thumbnailUrl":"https://moraissoaresarquitectos.pt/wp-content/uploads/2022/05/Studio-Residence-1-1.jpg","datePublished":"2022-05-25T16:48:45+00:00","dateModified":"2022-07-21T10:42:03+00:00","breadcrumb":{"@id":"https://moraissoaresarquitectos.pt/pt-pt/projectos/studio-residence/#breadcrumb"},"inLanguage":"pt-PT","potentialAction":[{"@type":"ReadAction","target":["https://moraissoaresarquitectos.pt/pt-pt/projectos/studio-residence/"]}]},{"@type":"ImageObject","inLanguage":"pt-PT","@id":"https://moraissoaresarquitectos.pt/pt-pt/projectos/studio-residence/#primaryimage","url":"https://moraissoaresarquitectos.pt/wp-content/uploads/2022/05/Studio-Residence-1-1.jpg","contentUrl":"https://moraissoaresarquitectos.pt/wp-content/uploads/2022/05/Studio-Residence-1-1.jpg","width":1625,"height":967,"caption":"Studio Residence"},{"@type":"BreadcrumbList","@id":"https://moraissoaresarquitectos.pt/pt-pt/projectos/studio-residence/#breadcrumb","itemListElement":[{"@type":"ListItem","position":1,"name":"Home","item":"https://moraissoaresarquitectos.pt/pt-pt/"},{"@type":"ListItem","position":2,"name":"Projectos","item":"https://moraissoaresarquitectos.pt/projectos/"},{"@type":"ListItem","position":3,"name":"Studio Residence"}]},{"@type":"WebSite","@id":"https://moraissoaresarquitectos.pt/#website","url":"https://moraissoaresarquitectos.pt/","name":"Morais","description":"Morais Soares Arquitectos","publisher":{"@id":"https://moraissoaresarquitectos.pt/#organization"},"potentialAction":[{"@type":"SearchAction","target":{"@type":"EntryPoint","urlTemplate":"https://moraissoaresarquitectos.pt/?s={search_term_string}"},"query-input":{"@type":"PropertyValueSpecification","valueRequired":true,"valueName":"search_term_string"}}],"inLanguage":"pt-PT"},{"@type":"Organization","@id":"https://moraissoaresarquitectos.pt/#organization","name":"Morais Soares Arquitectos","url":"https://moraissoaresarquitectos.pt/","logo":{"@type":"ImageObject","inLanguage":"pt-PT","@id":"https://moraissoaresarquitectos.pt/#/schema/logo/image/","url":"https://moraissoaresarquitectos.pt/wp-content/uploads/2022/06/cropped-logo-selecionado-2022-05-02-copiar.png","contentUrl":"https://moraissoaresarquitectos.pt/wp-content/uploads/2022/06/cropped-logo-selecionado-2022-05-02-copiar.png","width":500,"height":328,"caption":"Morais Soares Arquitectos"},"image":{"@id":"https://moraissoaresarquitectos.pt/#/schema/logo/image/"}}]}</script>
<!-- / Yoast SEO plugin. -->

Situados numa Avenida ladeada por arrabaldes, com carácter de eixo rodoviário periférico, construíram-se de cada lado dois edifícios idênticos, constituindo-se como um portal indiciando “cidade”, junto a Cruz de Celas. De grandes dimensões, um deles é integralmente ocupado por apartamentos para estudantes, pessoas deslocadas, na figura de T0 (Estúdio). O outro desenvolve-se em apartamentos T1, [&hellip;]Read More
