{"id":2430,"date":"2022-05-25T16:18:08","date_gmt":"2022-05-25T16:18:08","guid":{"rendered":"https:\/\/moraissoaresarquitectos.pt\/?post_type=projecto&#038;p=2430"},"modified":"2022-10-28T09:39:26","modified_gmt":"2022-10-28T09:39:26","slug":"vilarinha","status":"publish","type":"projecto","link":"https:\/\/moraissoaresarquitectos.pt\/pt-pt\/projectos\/vilarinha\/","title":{"rendered":"Vilarinha"},"content":{"rendered":"<p>A presente mem\u00f3ria diz respeito ao licenciamento para um edif\u00edcio destinado a albergar duas habita\u00e7\u00f5es unifamiliares, organizadas em forma de propriedade horizontal, a construir no terreno situado na Rua da Vilarinha n.\u00ba 668 \/ 670, Porto.<\/p>\n<p>O terreno de acordo com o P.D.M. encontra-se classificado em \u00c1rea de Habita\u00e7\u00e3o Tipo Unifamiliar e forma um rect\u00e2ngulo com uma \u00e1rea de 897,20m2, com uma frente de cerca de 22,50mts, elevada 3mts sobre a Rua da Vilarinha, e uma profundidade m\u00e9dia de 47,00mts.<\/p>\n<p>O lote encontra-se actualmente ocupado por duas casas antigas de constru\u00e7\u00e3o pobre, sem valor arquitect\u00f3nico de relev\u00e2ncia, com entradas e n\u00fameros de Pol\u00edcia distintos, contudo constituindo apenas um artigo \u00fanico no Registo Predial. O restante terreno encontra-se cultivado com uma horta e n\u00e3o possui esp\u00e9cies arb\u00f3reas aut\u00f3ctones ou de valor significativo.<br \/>\nA constru\u00e7\u00e3o do novo edif\u00edcio prev\u00ea a demoli\u00e7\u00e3o integral das constru\u00e7\u00f5es existentes sobre o terreno, tanto \u00e1 face da rua como nos fundos (anexos). Implantado mais ao centro, o novo corpo albergar\u00e1 duas habita\u00e7\u00f5es unifamiliares de tipologias t4.<\/p>\n<p>A volumetria proposta cria um afastamento significativo do al\u00e7ado frontal \u00e0 rua de cerca de 12,5mts, procurando o alinhamento da casa vizinha a sul, ou como se poder\u00e1 encontrar em outros exemplos na mesma rua, no correr das habita\u00e7\u00f5es em que se encontra integrada a casa Manoel de Oliveira, j\u00e1 em Vias de Classifica\u00e7\u00e3o.<br \/>\nEste recuo permitir\u00e1 abrir uma habita\u00e7\u00e3o orientada a Nascente e outra orientada a Poente, formando jardins mais harmoniosos e quadr\u00e1ticos, menos rectangulares, evitando uma reparti\u00e7\u00e3o longitudinal do terreno que for\u00e7osamente formaria duas tripas, menos \u00fateis, enquanto espa\u00e7os do jardim.<\/p>\n<p>As duas habita\u00e7\u00f5es ser\u00e3o divididas ao n\u00edvel da cave longitudinalmente e ao n\u00edvel dos andares transversalmente, garantindo a privacidade integral dos jardins na sua rela\u00e7\u00e3o com cada casa.<br \/>\nOs acessos peatonal e autom\u00f3vel ser\u00e3o feitos de forma independentemente a cada fogo, a partir da Rua da Vilarinha, sensivelmente 3mts abaixo da cota geral do terreno. As casas ter\u00e3o dois andares acima do terreno e uma cave. A \u00faltima ser\u00e1 escavada no terreno, cobrindo-se pontualmente por uma laje para extens\u00e3o do jardim a Poente. Sob a constru\u00e7\u00e3o formam-se assim alpendres ventilados e iluminados por grandes fossos de luz que comunicam directamente com a rua.<\/p>\n","protected":false},"excerpt":{"rendered":"<p>A presente mem\u00f3ria diz respeito ao licenciamento para um edif\u00edcio destinado a albergar duas habita\u00e7\u00f5es unifamiliares, organizadas em forma de propriedade horizontal, a construir no terreno situado na Rua da Vilarinha n.\u00ba 668 \/ 670, Porto. O terreno de acordo com o P.D.M. encontra-se classificado em \u00c1rea de Habita\u00e7\u00e3o Tipo Unifamiliar e forma um rect\u00e2ngulo [&hellip;]<\/p>\n<p class=\"read-more\"><a class=\"button\" href=\"https:\/\/moraissoaresarquitectos.pt\/pt-pt\/projectos\/vilarinha\/\">Read More<\/a><\/p>\n","protected":false},"featured_media":4116,"template":"","tipo_de_projecto":[208],"class_list":["post-2430","projecto","type-projecto","status-publish","has-post-thumbnail","hentry","tipo_de_projecto-housing"],"yoast_head":"<!-- This site is optimized with the Yoast SEO plugin v26.3 - https:\/\/yoast.com\/wordpress\/plugins\/seo\/ -->\n<title>Vilarinha - Morais<\/title>\n<meta name=\"robots\" content=\"index, follow, max-snippet:-1, max-image-preview:large, max-video-preview:-1\" \/>\n<link rel=\"canonical\" href=\"https:\/\/moraissoaresarquitectos.pt\/pt-pt\/projectos\/vilarinha\/\" \/>\n<meta property=\"og:locale\" content=\"pt_PT\" \/>\n<meta property=\"og:type\" content=\"article\" \/>\n<meta property=\"og:title\" content=\"Vilarinha - Morais\" \/>\n<meta property=\"og:description\" content=\"A presente mem\u00f3ria diz respeito ao licenciamento para um edif\u00edcio destinado a albergar duas habita\u00e7\u00f5es unifamiliares, organizadas em forma de propriedade horizontal, a construir no terreno situado na Rua da Vilarinha n.\u00ba 668 \/ 670, Porto. O terreno de acordo com o P.D.M. encontra-se classificado em \u00c1rea de Habita\u00e7\u00e3o Tipo Unifamiliar e forma um rect\u00e2ngulo [&hellip;]Read More\" \/>\n<meta property=\"og:url\" content=\"https:\/\/moraissoaresarquitectos.pt\/pt-pt\/projectos\/vilarinha\/\" \/>\n<meta property=\"og:site_name\" content=\"Morais\" \/>\n<meta property=\"article:modified_time\" content=\"2022-10-28T09:39:26+00:00\" \/>\n<meta property=\"og:image\" content=\"https:\/\/moraissoaresarquitectos.pt\/wp-content\/uploads\/2022\/05\/download-8-1.jpg\" \/>\n\t<meta property=\"og:image:width\" content=\"1707\" \/>\n\t<meta property=\"og:image:height\" content=\"2560\" \/>\n\t<meta property=\"og:image:type\" content=\"image\/jpeg\" \/>\n<meta name=\"twitter:card\" content=\"summary_large_image\" \/>\n<meta name=\"twitter:label1\" content=\"Tempo estimado de leitura\" \/>\n\t<meta name=\"twitter:data1\" content=\"3 minutos\" \/>\n<script type=\"application\/ld+json\" class=\"yoast-schema-graph\">{\"@context\":\"https:\/\/schema.org\",\"@graph\":[{\"@type\":\"WebPage\",\"@id\":\"https:\/\/moraissoaresarquitectos.pt\/pt-pt\/projectos\/vilarinha\/\",\"url\":\"https:\/\/moraissoaresarquitectos.pt\/pt-pt\/projectos\/vilarinha\/\",\"name\":\"Vilarinha - Morais\",\"isPartOf\":{\"@id\":\"https:\/\/moraissoaresarquitectos.pt\/#website\"},\"primaryImageOfPage\":{\"@id\":\"https:\/\/moraissoaresarquitectos.pt\/pt-pt\/projectos\/vilarinha\/#primaryimage\"},\"image\":{\"@id\":\"https:\/\/moraissoaresarquitectos.pt\/pt-pt\/projectos\/vilarinha\/#primaryimage\"},\"thumbnailUrl\":\"https:\/\/moraissoaresarquitectos.pt\/wp-content\/uploads\/2022\/05\/download-8-1.jpg\",\"datePublished\":\"2022-05-25T16:18:08+00:00\",\"dateModified\":\"2022-10-28T09:39:26+00:00\",\"breadcrumb\":{\"@id\":\"https:\/\/moraissoaresarquitectos.pt\/pt-pt\/projectos\/vilarinha\/#breadcrumb\"},\"inLanguage\":\"pt-PT\",\"potentialAction\":[{\"@type\":\"ReadAction\",\"target\":[\"https:\/\/moraissoaresarquitectos.pt\/pt-pt\/projectos\/vilarinha\/\"]}]},{\"@type\":\"ImageObject\",\"inLanguage\":\"pt-PT\",\"@id\":\"https:\/\/moraissoaresarquitectos.pt\/pt-pt\/projectos\/vilarinha\/#primaryimage\",\"url\":\"https:\/\/moraissoaresarquitectos.pt\/wp-content\/uploads\/2022\/05\/download-8-1.jpg\",\"contentUrl\":\"https:\/\/moraissoaresarquitectos.pt\/wp-content\/uploads\/2022\/05\/download-8-1.jpg\",\"width\":1707,\"height\":2560},{\"@type\":\"BreadcrumbList\",\"@id\":\"https:\/\/moraissoaresarquitectos.pt\/pt-pt\/projectos\/vilarinha\/#breadcrumb\",\"itemListElement\":[{\"@type\":\"ListItem\",\"position\":1,\"name\":\"Home\",\"item\":\"https:\/\/moraissoaresarquitectos.pt\/pt-pt\/\"},{\"@type\":\"ListItem\",\"position\":2,\"name\":\"Projectos\",\"item\":\"https:\/\/moraissoaresarquitectos.pt\/projectos\/\"},{\"@type\":\"ListItem\",\"position\":3,\"name\":\"Vilarinha\"}]},{\"@type\":\"WebSite\",\"@id\":\"https:\/\/moraissoaresarquitectos.pt\/#website\",\"url\":\"https:\/\/moraissoaresarquitectos.pt\/\",\"name\":\"Morais\",\"description\":\"Morais Soares Arquitectos\",\"publisher\":{\"@id\":\"https:\/\/moraissoaresarquitectos.pt\/#organization\"},\"potentialAction\":[{\"@type\":\"SearchAction\",\"target\":{\"@type\":\"EntryPoint\",\"urlTemplate\":\"https:\/\/moraissoaresarquitectos.pt\/?s={search_term_string}\"},\"query-input\":{\"@type\":\"PropertyValueSpecification\",\"valueRequired\":true,\"valueName\":\"search_term_string\"}}],\"inLanguage\":\"pt-PT\"},{\"@type\":\"Organization\",\"@id\":\"https:\/\/moraissoaresarquitectos.pt\/#organization\",\"name\":\"Morais Soares Arquitectos\",\"url\":\"https:\/\/moraissoaresarquitectos.pt\/\",\"logo\":{\"@type\":\"ImageObject\",\"inLanguage\":\"pt-PT\",\"@id\":\"https:\/\/moraissoaresarquitectos.pt\/#\/schema\/logo\/image\/\",\"url\":\"https:\/\/moraissoaresarquitectos.pt\/wp-content\/uploads\/2022\/06\/cropped-logo-selecionado-2022-05-02-copiar.png\",\"contentUrl\":\"https:\/\/moraissoaresarquitectos.pt\/wp-content\/uploads\/2022\/06\/cropped-logo-selecionado-2022-05-02-copiar.png\",\"width\":500,\"height\":328,\"caption\":\"Morais Soares Arquitectos\"},\"image\":{\"@id\":\"https:\/\/moraissoaresarquitectos.pt\/#\/schema\/logo\/image\/\"}}]}<\/script>\n<!-- \/ Yoast SEO plugin. -->","yoast_head_json":{"title":"Vilarinha - Morais","robots":{"index":"index","follow":"follow","max-snippet":"max-snippet:-1","max-image-preview":"max-image-preview:large","max-video-preview":"max-video-preview:-1"},"canonical":"https:\/\/moraissoaresarquitectos.pt\/pt-pt\/projectos\/vilarinha\/","og_locale":"pt_PT","og_type":"article","og_title":"Vilarinha - Morais","og_description":"A presente mem\u00f3ria diz respeito ao licenciamento para um edif\u00edcio destinado a albergar duas habita\u00e7\u00f5es unifamiliares, organizadas em forma de propriedade horizontal, a construir no terreno situado na Rua da Vilarinha n.\u00ba 668 \/ 670, Porto. O terreno de acordo com o P.D.M. encontra-se classificado em \u00c1rea de Habita\u00e7\u00e3o Tipo Unifamiliar e forma um rect\u00e2ngulo [&hellip;]Read More","og_url":"https:\/\/moraissoaresarquitectos.pt\/pt-pt\/projectos\/vilarinha\/","og_site_name":"Morais","article_modified_time":"2022-10-28T09:39:26+00:00","og_image":[{"width":1707,"height":2560,"url":"https:\/\/moraissoaresarquitectos.pt\/wp-content\/uploads\/2022\/05\/download-8-1.jpg","type":"image\/jpeg"}],"twitter_card":"summary_large_image","twitter_misc":{"Tempo estimado de leitura":"3 minutos"},"schema":{"@context":"https:\/\/schema.org","@graph":[{"@type":"WebPage","@id":"https:\/\/moraissoaresarquitectos.pt\/pt-pt\/projectos\/vilarinha\/","url":"https:\/\/moraissoaresarquitectos.pt\/pt-pt\/projectos\/vilarinha\/","name":"Vilarinha - Morais","isPartOf":{"@id":"https:\/\/moraissoaresarquitectos.pt\/#website"},"primaryImageOfPage":{"@id":"https:\/\/moraissoaresarquitectos.pt\/pt-pt\/projectos\/vilarinha\/#primaryimage"},"image":{"@id":"https:\/\/moraissoaresarquitectos.pt\/pt-pt\/projectos\/vilarinha\/#primaryimage"},"thumbnailUrl":"https:\/\/moraissoaresarquitectos.pt\/wp-content\/uploads\/2022\/05\/download-8-1.jpg","datePublished":"2022-05-25T16:18:08+00:00","dateModified":"2022-10-28T09:39:26+00:00","breadcrumb":{"@id":"https:\/\/moraissoaresarquitectos.pt\/pt-pt\/projectos\/vilarinha\/#breadcrumb"},"inLanguage":"pt-PT","potentialAction":[{"@type":"ReadAction","target":["https:\/\/moraissoaresarquitectos.pt\/pt-pt\/projectos\/vilarinha\/"]}]},{"@type":"ImageObject","inLanguage":"pt-PT","@id":"https:\/\/moraissoaresarquitectos.pt\/pt-pt\/projectos\/vilarinha\/#primaryimage","url":"https:\/\/moraissoaresarquitectos.pt\/wp-content\/uploads\/2022\/05\/download-8-1.jpg","contentUrl":"https:\/\/moraissoaresarquitectos.pt\/wp-content\/uploads\/2022\/05\/download-8-1.jpg","width":1707,"height":2560},{"@type":"BreadcrumbList","@id":"https:\/\/moraissoaresarquitectos.pt\/pt-pt\/projectos\/vilarinha\/#breadcrumb","itemListElement":[{"@type":"ListItem","position":1,"name":"Home","item":"https:\/\/moraissoaresarquitectos.pt\/pt-pt\/"},{"@type":"ListItem","position":2,"name":"Projectos","item":"https:\/\/moraissoaresarquitectos.pt\/projectos\/"},{"@type":"ListItem","position":3,"name":"Vilarinha"}]},{"@type":"WebSite","@id":"https:\/\/moraissoaresarquitectos.pt\/#website","url":"https:\/\/moraissoaresarquitectos.pt\/","name":"Morais","description":"Morais Soares Arquitectos","publisher":{"@id":"https:\/\/moraissoaresarquitectos.pt\/#organization"},"potentialAction":[{"@type":"SearchAction","target":{"@type":"EntryPoint","urlTemplate":"https:\/\/moraissoaresarquitectos.pt\/?s={search_term_string}"},"query-input":{"@type":"PropertyValueSpecification","valueRequired":true,"valueName":"search_term_string"}}],"inLanguage":"pt-PT"},{"@type":"Organization","@id":"https:\/\/moraissoaresarquitectos.pt\/#organization","name":"Morais Soares Arquitectos","url":"https:\/\/moraissoaresarquitectos.pt\/","logo":{"@type":"ImageObject","inLanguage":"pt-PT","@id":"https:\/\/moraissoaresarquitectos.pt\/#\/schema\/logo\/image\/","url":"https:\/\/moraissoaresarquitectos.pt\/wp-content\/uploads\/2022\/06\/cropped-logo-selecionado-2022-05-02-copiar.png","contentUrl":"https:\/\/moraissoaresarquitectos.pt\/wp-content\/uploads\/2022\/06\/cropped-logo-selecionado-2022-05-02-copiar.png","width":500,"height":328,"caption":"Morais Soares Arquitectos"},"image":{"@id":"https:\/\/moraissoaresarquitectos.pt\/#\/schema\/logo\/image\/"}}]}},"_links":{"self":[{"href":"https:\/\/moraissoaresarquitectos.pt\/pt-pt\/wp-json\/wp\/v2\/projecto\/2430","targetHints":{"allow":["GET"]}}],"collection":[{"href":"https:\/\/moraissoaresarquitectos.pt\/pt-pt\/wp-json\/wp\/v2\/projecto"}],"about":[{"href":"https:\/\/moraissoaresarquitectos.pt\/pt-pt\/wp-json\/wp\/v2\/types\/projecto"}],"version-history":[{"count":1,"href":"https:\/\/moraissoaresarquitectos.pt\/pt-pt\/wp-json\/wp\/v2\/projecto\/2430\/revisions"}],"predecessor-version":[{"id":4120,"href":"https:\/\/moraissoaresarquitectos.pt\/pt-pt\/wp-json\/wp\/v2\/projecto\/2430\/revisions\/4120"}],"wp:featuredmedia":[{"embeddable":true,"href":"https:\/\/moraissoaresarquitectos.pt\/pt-pt\/wp-json\/wp\/v2\/media\/4116"}],"wp:attachment":[{"href":"https:\/\/moraissoaresarquitectos.pt\/pt-pt\/wp-json\/wp\/v2\/media?parent=2430"}],"wp:term":[{"taxonomy":"tipo_de_projecto","embeddable":true,"href":"https:\/\/moraissoaresarquitectos.pt\/pt-pt\/wp-json\/wp\/v2\/tipo_de_projecto?post=2430"}],"curies":[{"name":"wp","href":"https:\/\/api.w.org\/{rel}","templated":true}]}}

<p>A presente memória diz respeito ao licenciamento para um edifício destinado a albergar duas habitações unifamiliares, organizadas em forma de propriedade horizontal, a construir no terreno situado na Rua da Vilarinha n.º 668 / 670, Porto.</p>
<p>O terreno de acordo com o P.D.M. encontra-se classificado em Área de Habitação Tipo Unifamiliar e forma um rectângulo com uma área de 897,20m2, com uma frente de cerca de 22,50mts, elevada 3mts sobre a Rua da Vilarinha, e uma profundidade média de 47,00mts.</p>
<p>O lote encontra-se actualmente ocupado por duas casas antigas de construção pobre, sem valor arquitectónico de relevância, com entradas e números de Polícia distintos, contudo constituindo apenas um artigo único no Registo Predial. O restante terreno encontra-se cultivado com uma horta e não possui espécies arbóreas autóctones ou de valor significativo.<br />
A construção do novo edifício prevê a demolição integral das construções existentes sobre o terreno, tanto á face da rua como nos fundos (anexos). Implantado mais ao centro, o novo corpo albergará duas habitações unifamiliares de tipologias t4.</p>
<p>A volumetria proposta cria um afastamento significativo do alçado frontal à rua de cerca de 12,5mts, procurando o alinhamento da casa vizinha a sul, ou como se poderá encontrar em outros exemplos na mesma rua, no correr das habitações em que se encontra integrada a casa Manoel de Oliveira, já em Vias de Classificação.<br />
Este recuo permitirá abrir uma habitação orientada a Nascente e outra orientada a Poente, formando jardins mais harmoniosos e quadráticos, menos rectangulares, evitando uma repartição longitudinal do terreno que forçosamente formaria duas tripas, menos úteis, enquanto espaços do jardim.</p>
<p>As duas habitações serão divididas ao nível da cave longitudinalmente e ao nível dos andares transversalmente, garantindo a privacidade integral dos jardins na sua relação com cada casa.<br />
Os acessos peatonal e automóvel serão feitos de forma independentemente a cada fogo, a partir da Rua da Vilarinha, sensivelmente 3mts abaixo da cota geral do terreno. As casas terão dois andares acima do terreno e uma cave. A última será escavada no terreno, cobrindo-se pontualmente por uma laje para extensão do jardim a Poente. Sob a construção formam-se assim alpendres ventilados e iluminados por grandes fossos de luz que comunicam directamente com a rua.</p>

<p>A presente memória diz respeito ao licenciamento para um edifício destinado a albergar duas habitações unifamiliares, organizadas em forma de propriedade horizontal, a construir no terreno situado na Rua da Vilarinha n.º 668 / 670, Porto. O terreno de acordo com o P.D.M. encontra-se classificado em Área de Habitação Tipo Unifamiliar e forma um rectângulo [&hellip;]</p>
<p class="read-more"><a class="button" href="https://moraissoaresarquitectos.pt/pt-pt/projectos/vilarinha/">Read More</a></p>

<!-- This site is optimized with the Yoast SEO plugin v26.3 - https://yoast.com/wordpress/plugins/seo/ -->
<title>Vilarinha - Morais</title>
<meta name="robots" content="index, follow, max-snippet:-1, max-image-preview:large, max-video-preview:-1" />
<link rel="canonical" href="https://moraissoaresarquitectos.pt/pt-pt/projectos/vilarinha/" />
<meta property="og:locale" content="pt_PT" />
<meta property="og:type" content="article" />
<meta property="og:title" content="Vilarinha - Morais" />
<meta property="og:description" content="A presente memória diz respeito ao licenciamento para um edifício destinado a albergar duas habitações unifamiliares, organizadas em forma de propriedade horizontal, a construir no terreno situado na Rua da Vilarinha n.º 668 / 670, Porto. O terreno de acordo com o P.D.M. encontra-se classificado em Área de Habitação Tipo Unifamiliar e forma um rectângulo [&hellip;]Read More" />
<meta property="og:url" content="https://moraissoaresarquitectos.pt/pt-pt/projectos/vilarinha/" />
<meta property="og:site_name" content="Morais" />
<meta property="article:modified_time" content="2022-10-28T09:39:26+00:00" />
<meta property="og:image" content="https://moraissoaresarquitectos.pt/wp-content/uploads/2022/05/download-8-1.jpg" />
	<meta property="og:image:width" content="1707" />
	<meta property="og:image:height" content="2560" />
	<meta property="og:image:type" content="image/jpeg" />
<meta name="twitter:card" content="summary_large_image" />
<meta name="twitter:label1" content="Tempo estimado de leitura" />
	<meta name="twitter:data1" content="3 minutos" />
<script type="application/ld+json" class="yoast-schema-graph">{"@context":"https://schema.org","@graph":[{"@type":"WebPage","@id":"https://moraissoaresarquitectos.pt/pt-pt/projectos/vilarinha/","url":"https://moraissoaresarquitectos.pt/pt-pt/projectos/vilarinha/","name":"Vilarinha - Morais","isPartOf":{"@id":"https://moraissoaresarquitectos.pt/#website"},"primaryImageOfPage":{"@id":"https://moraissoaresarquitectos.pt/pt-pt/projectos/vilarinha/#primaryimage"},"image":{"@id":"https://moraissoaresarquitectos.pt/pt-pt/projectos/vilarinha/#primaryimage"},"thumbnailUrl":"https://moraissoaresarquitectos.pt/wp-content/uploads/2022/05/download-8-1.jpg","datePublished":"2022-05-25T16:18:08+00:00","dateModified":"2022-10-28T09:39:26+00:00","breadcrumb":{"@id":"https://moraissoaresarquitectos.pt/pt-pt/projectos/vilarinha/#breadcrumb"},"inLanguage":"pt-PT","potentialAction":[{"@type":"ReadAction","target":["https://moraissoaresarquitectos.pt/pt-pt/projectos/vilarinha/"]}]},{"@type":"ImageObject","inLanguage":"pt-PT","@id":"https://moraissoaresarquitectos.pt/pt-pt/projectos/vilarinha/#primaryimage","url":"https://moraissoaresarquitectos.pt/wp-content/uploads/2022/05/download-8-1.jpg","contentUrl":"https://moraissoaresarquitectos.pt/wp-content/uploads/2022/05/download-8-1.jpg","width":1707,"height":2560},{"@type":"BreadcrumbList","@id":"https://moraissoaresarquitectos.pt/pt-pt/projectos/vilarinha/#breadcrumb","itemListElement":[{"@type":"ListItem","position":1,"name":"Home","item":"https://moraissoaresarquitectos.pt/pt-pt/"},{"@type":"ListItem","position":2,"name":"Projectos","item":"https://moraissoaresarquitectos.pt/projectos/"},{"@type":"ListItem","position":3,"name":"Vilarinha"}]},{"@type":"WebSite","@id":"https://moraissoaresarquitectos.pt/#website","url":"https://moraissoaresarquitectos.pt/","name":"Morais","description":"Morais Soares Arquitectos","publisher":{"@id":"https://moraissoaresarquitectos.pt/#organization"},"potentialAction":[{"@type":"SearchAction","target":{"@type":"EntryPoint","urlTemplate":"https://moraissoaresarquitectos.pt/?s={search_term_string}"},"query-input":{"@type":"PropertyValueSpecification","valueRequired":true,"valueName":"search_term_string"}}],"inLanguage":"pt-PT"},{"@type":"Organization","@id":"https://moraissoaresarquitectos.pt/#organization","name":"Morais Soares Arquitectos","url":"https://moraissoaresarquitectos.pt/","logo":{"@type":"ImageObject","inLanguage":"pt-PT","@id":"https://moraissoaresarquitectos.pt/#/schema/logo/image/","url":"https://moraissoaresarquitectos.pt/wp-content/uploads/2022/06/cropped-logo-selecionado-2022-05-02-copiar.png","contentUrl":"https://moraissoaresarquitectos.pt/wp-content/uploads/2022/06/cropped-logo-selecionado-2022-05-02-copiar.png","width":500,"height":328,"caption":"Morais Soares Arquitectos"},"image":{"@id":"https://moraissoaresarquitectos.pt/#/schema/logo/image/"}}]}</script>
<!-- / Yoast SEO plugin. -->

A presente memória diz respeito ao licenciamento para um edifício destinado a albergar duas habitações unifamiliares, organizadas em forma de propriedade horizontal, a construir no terreno situado na Rua da Vilarinha n.º 668 / 670, Porto. O terreno de acordo com o P.D.M. encontra-se classificado em Área de Habitação Tipo Unifamiliar e forma um rectângulo [&hellip;]Read More
