{"id":2384,"date":"2022-05-25T15:55:11","date_gmt":"2022-05-25T15:55:11","guid":{"rendered":"https:\/\/moraissoaresarquitectos.pt\/?post_type=projecto&#038;p=2384"},"modified":"2022-07-21T10:00:46","modified_gmt":"2022-07-21T10:00:46","slug":"guerra-junqueiro","status":"publish","type":"projecto","link":"https:\/\/moraissoaresarquitectos.pt\/pt-pt\/projectos\/guerra-junqueiro\/","title":{"rendered":"Guerra Junqueiro"},"content":{"rendered":"<p>&nbsp;<\/p>\n<p>Adaptada a um lote da ordem dos 400 m2, foi desenvolvida em dois pisos, sendo o superior de menor dimens\u00e3o. Com um estudo cuidado de volumes e de telhados, obteve-se o m\u00e1ximo proveito da insola\u00e7\u00e3o e ventila\u00e7\u00e3o.<br \/>\n\u00c9 uma casa que vive em condi\u00e7\u00f5es de conforto, praticamente sem qualquer fonte de aquecimento ou de refrigera\u00e7\u00e3o. Uma piscina exterior adossada \u00e0s paredes, volvida ao quadrante Sul\/Poente, e totalmente protegida de Norte, \u00e9 utilizada (no Porto), desde Maio a Outubro.<\/p>\n","protected":false},"excerpt":{"rendered":"<p>&nbsp; Adaptada a um lote da ordem dos 400 m2, foi desenvolvida em dois pisos, sendo o superior de menor dimens\u00e3o. Com um estudo cuidado de volumes e de telhados, obteve-se o m\u00e1ximo proveito da insola\u00e7\u00e3o e ventila\u00e7\u00e3o. \u00c9 uma casa que vive em condi\u00e7\u00f5es de conforto, praticamente sem qualquer fonte de aquecimento ou de [&hellip;]<\/p>\n<p class=\"read-more\"><a class=\"button\" href=\"https:\/\/moraissoaresarquitectos.pt\/pt-pt\/projectos\/guerra-junqueiro\/\">Read More<\/a><\/p>\n","protected":false},"featured_media":2869,"template":"","tipo_de_projecto":[208],"class_list":["post-2384","projecto","type-projecto","status-publish","has-post-thumbnail","hentry","tipo_de_projecto-housing"],"yoast_head":"<!-- This site is optimized with the Yoast SEO plugin v26.3 - https:\/\/yoast.com\/wordpress\/plugins\/seo\/ -->\n<title>Guerra Junqueiro - Morais<\/title>\n<meta name=\"robots\" content=\"index, follow, max-snippet:-1, max-image-preview:large, max-video-preview:-1\" \/>\n<link rel=\"canonical\" href=\"https:\/\/moraissoaresarquitectos.pt\/pt-pt\/projectos\/guerra-junqueiro\/\" \/>\n<meta property=\"og:locale\" content=\"pt_PT\" \/>\n<meta property=\"og:type\" content=\"article\" \/>\n<meta property=\"og:title\" content=\"Guerra Junqueiro - Morais\" \/>\n<meta property=\"og:description\" content=\"&nbsp; Adaptada a um lote da ordem dos 400 m2, foi desenvolvida em dois pisos, sendo o superior de menor dimens\u00e3o. Com um estudo cuidado de volumes e de telhados, obteve-se o m\u00e1ximo proveito da insola\u00e7\u00e3o e ventila\u00e7\u00e3o. \u00c9 uma casa que vive em condi\u00e7\u00f5es de conforto, praticamente sem qualquer fonte de aquecimento ou de [&hellip;]Read More\" \/>\n<meta property=\"og:url\" content=\"https:\/\/moraissoaresarquitectos.pt\/pt-pt\/projectos\/guerra-junqueiro\/\" \/>\n<meta property=\"og:site_name\" content=\"Morais\" \/>\n<meta property=\"article:modified_time\" content=\"2022-07-21T10:00:46+00:00\" \/>\n<meta property=\"og:image\" content=\"https:\/\/moraissoaresarquitectos.pt\/wp-content\/uploads\/2022\/05\/Moradia-em-Guerra-Junqueiro-1capa.jpg\" \/>\n\t<meta property=\"og:image:width\" content=\"1500\" \/>\n\t<meta property=\"og:image:height\" content=\"1037\" \/>\n\t<meta property=\"og:image:type\" content=\"image\/jpeg\" \/>\n<meta name=\"twitter:card\" content=\"summary_large_image\" \/>\n<script type=\"application\/ld+json\" class=\"yoast-schema-graph\">{\"@context\":\"https:\/\/schema.org\",\"@graph\":[{\"@type\":\"WebPage\",\"@id\":\"https:\/\/moraissoaresarquitectos.pt\/pt-pt\/projectos\/guerra-junqueiro\/\",\"url\":\"https:\/\/moraissoaresarquitectos.pt\/pt-pt\/projectos\/guerra-junqueiro\/\",\"name\":\"Guerra Junqueiro - Morais\",\"isPartOf\":{\"@id\":\"https:\/\/moraissoaresarquitectos.pt\/#website\"},\"primaryImageOfPage\":{\"@id\":\"https:\/\/moraissoaresarquitectos.pt\/pt-pt\/projectos\/guerra-junqueiro\/#primaryimage\"},\"image\":{\"@id\":\"https:\/\/moraissoaresarquitectos.pt\/pt-pt\/projectos\/guerra-junqueiro\/#primaryimage\"},\"thumbnailUrl\":\"https:\/\/moraissoaresarquitectos.pt\/wp-content\/uploads\/2022\/05\/Moradia-em-Guerra-Junqueiro-1capa.jpg\",\"datePublished\":\"2022-05-25T15:55:11+00:00\",\"dateModified\":\"2022-07-21T10:00:46+00:00\",\"breadcrumb\":{\"@id\":\"https:\/\/moraissoaresarquitectos.pt\/pt-pt\/projectos\/guerra-junqueiro\/#breadcrumb\"},\"inLanguage\":\"pt-PT\",\"potentialAction\":[{\"@type\":\"ReadAction\",\"target\":[\"https:\/\/moraissoaresarquitectos.pt\/pt-pt\/projectos\/guerra-junqueiro\/\"]}]},{\"@type\":\"ImageObject\",\"inLanguage\":\"pt-PT\",\"@id\":\"https:\/\/moraissoaresarquitectos.pt\/pt-pt\/projectos\/guerra-junqueiro\/#primaryimage\",\"url\":\"https:\/\/moraissoaresarquitectos.pt\/wp-content\/uploads\/2022\/05\/Moradia-em-Guerra-Junqueiro-1capa.jpg\",\"contentUrl\":\"https:\/\/moraissoaresarquitectos.pt\/wp-content\/uploads\/2022\/05\/Moradia-em-Guerra-Junqueiro-1capa.jpg\",\"width\":1500,\"height\":1037,\"caption\":\"Moradia em Guerra Junqueiro\"},{\"@type\":\"BreadcrumbList\",\"@id\":\"https:\/\/moraissoaresarquitectos.pt\/pt-pt\/projectos\/guerra-junqueiro\/#breadcrumb\",\"itemListElement\":[{\"@type\":\"ListItem\",\"position\":1,\"name\":\"Home\",\"item\":\"https:\/\/moraissoaresarquitectos.pt\/pt-pt\/\"},{\"@type\":\"ListItem\",\"position\":2,\"name\":\"Projectos\",\"item\":\"https:\/\/moraissoaresarquitectos.pt\/projectos\/\"},{\"@type\":\"ListItem\",\"position\":3,\"name\":\"Guerra Junqueiro\"}]},{\"@type\":\"WebSite\",\"@id\":\"https:\/\/moraissoaresarquitectos.pt\/#website\",\"url\":\"https:\/\/moraissoaresarquitectos.pt\/\",\"name\":\"Morais\",\"description\":\"Morais Soares Arquitectos\",\"publisher\":{\"@id\":\"https:\/\/moraissoaresarquitectos.pt\/#organization\"},\"potentialAction\":[{\"@type\":\"SearchAction\",\"target\":{\"@type\":\"EntryPoint\",\"urlTemplate\":\"https:\/\/moraissoaresarquitectos.pt\/?s={search_term_string}\"},\"query-input\":{\"@type\":\"PropertyValueSpecification\",\"valueRequired\":true,\"valueName\":\"search_term_string\"}}],\"inLanguage\":\"pt-PT\"},{\"@type\":\"Organization\",\"@id\":\"https:\/\/moraissoaresarquitectos.pt\/#organization\",\"name\":\"Morais Soares Arquitectos\",\"url\":\"https:\/\/moraissoaresarquitectos.pt\/\",\"logo\":{\"@type\":\"ImageObject\",\"inLanguage\":\"pt-PT\",\"@id\":\"https:\/\/moraissoaresarquitectos.pt\/#\/schema\/logo\/image\/\",\"url\":\"https:\/\/moraissoaresarquitectos.pt\/wp-content\/uploads\/2022\/06\/cropped-logo-selecionado-2022-05-02-copiar.png\",\"contentUrl\":\"https:\/\/moraissoaresarquitectos.pt\/wp-content\/uploads\/2022\/06\/cropped-logo-selecionado-2022-05-02-copiar.png\",\"width\":500,\"height\":328,\"caption\":\"Morais Soares Arquitectos\"},\"image\":{\"@id\":\"https:\/\/moraissoaresarquitectos.pt\/#\/schema\/logo\/image\/\"}}]}<\/script>\n<!-- \/ Yoast SEO plugin. -->","yoast_head_json":{"title":"Guerra Junqueiro - Morais","robots":{"index":"index","follow":"follow","max-snippet":"max-snippet:-1","max-image-preview":"max-image-preview:large","max-video-preview":"max-video-preview:-1"},"canonical":"https:\/\/moraissoaresarquitectos.pt\/pt-pt\/projectos\/guerra-junqueiro\/","og_locale":"pt_PT","og_type":"article","og_title":"Guerra Junqueiro - Morais","og_description":"&nbsp; Adaptada a um lote da ordem dos 400 m2, foi desenvolvida em dois pisos, sendo o superior de menor dimens\u00e3o. Com um estudo cuidado de volumes e de telhados, obteve-se o m\u00e1ximo proveito da insola\u00e7\u00e3o e ventila\u00e7\u00e3o. \u00c9 uma casa que vive em condi\u00e7\u00f5es de conforto, praticamente sem qualquer fonte de aquecimento ou de [&hellip;]Read More","og_url":"https:\/\/moraissoaresarquitectos.pt\/pt-pt\/projectos\/guerra-junqueiro\/","og_site_name":"Morais","article_modified_time":"2022-07-21T10:00:46+00:00","og_image":[{"width":1500,"height":1037,"url":"https:\/\/moraissoaresarquitectos.pt\/wp-content\/uploads\/2022\/05\/Moradia-em-Guerra-Junqueiro-1capa.jpg","type":"image\/jpeg"}],"twitter_card":"summary_large_image","schema":{"@context":"https:\/\/schema.org","@graph":[{"@type":"WebPage","@id":"https:\/\/moraissoaresarquitectos.pt\/pt-pt\/projectos\/guerra-junqueiro\/","url":"https:\/\/moraissoaresarquitectos.pt\/pt-pt\/projectos\/guerra-junqueiro\/","name":"Guerra Junqueiro - Morais","isPartOf":{"@id":"https:\/\/moraissoaresarquitectos.pt\/#website"},"primaryImageOfPage":{"@id":"https:\/\/moraissoaresarquitectos.pt\/pt-pt\/projectos\/guerra-junqueiro\/#primaryimage"},"image":{"@id":"https:\/\/moraissoaresarquitectos.pt\/pt-pt\/projectos\/guerra-junqueiro\/#primaryimage"},"thumbnailUrl":"https:\/\/moraissoaresarquitectos.pt\/wp-content\/uploads\/2022\/05\/Moradia-em-Guerra-Junqueiro-1capa.jpg","datePublished":"2022-05-25T15:55:11+00:00","dateModified":"2022-07-21T10:00:46+00:00","breadcrumb":{"@id":"https:\/\/moraissoaresarquitectos.pt\/pt-pt\/projectos\/guerra-junqueiro\/#breadcrumb"},"inLanguage":"pt-PT","potentialAction":[{"@type":"ReadAction","target":["https:\/\/moraissoaresarquitectos.pt\/pt-pt\/projectos\/guerra-junqueiro\/"]}]},{"@type":"ImageObject","inLanguage":"pt-PT","@id":"https:\/\/moraissoaresarquitectos.pt\/pt-pt\/projectos\/guerra-junqueiro\/#primaryimage","url":"https:\/\/moraissoaresarquitectos.pt\/wp-content\/uploads\/2022\/05\/Moradia-em-Guerra-Junqueiro-1capa.jpg","contentUrl":"https:\/\/moraissoaresarquitectos.pt\/wp-content\/uploads\/2022\/05\/Moradia-em-Guerra-Junqueiro-1capa.jpg","width":1500,"height":1037,"caption":"Moradia em Guerra Junqueiro"},{"@type":"BreadcrumbList","@id":"https:\/\/moraissoaresarquitectos.pt\/pt-pt\/projectos\/guerra-junqueiro\/#breadcrumb","itemListElement":[{"@type":"ListItem","position":1,"name":"Home","item":"https:\/\/moraissoaresarquitectos.pt\/pt-pt\/"},{"@type":"ListItem","position":2,"name":"Projectos","item":"https:\/\/moraissoaresarquitectos.pt\/projectos\/"},{"@type":"ListItem","position":3,"name":"Guerra Junqueiro"}]},{"@type":"WebSite","@id":"https:\/\/moraissoaresarquitectos.pt\/#website","url":"https:\/\/moraissoaresarquitectos.pt\/","name":"Morais","description":"Morais Soares Arquitectos","publisher":{"@id":"https:\/\/moraissoaresarquitectos.pt\/#organization"},"potentialAction":[{"@type":"SearchAction","target":{"@type":"EntryPoint","urlTemplate":"https:\/\/moraissoaresarquitectos.pt\/?s={search_term_string}"},"query-input":{"@type":"PropertyValueSpecification","valueRequired":true,"valueName":"search_term_string"}}],"inLanguage":"pt-PT"},{"@type":"Organization","@id":"https:\/\/moraissoaresarquitectos.pt\/#organization","name":"Morais Soares Arquitectos","url":"https:\/\/moraissoaresarquitectos.pt\/","logo":{"@type":"ImageObject","inLanguage":"pt-PT","@id":"https:\/\/moraissoaresarquitectos.pt\/#\/schema\/logo\/image\/","url":"https:\/\/moraissoaresarquitectos.pt\/wp-content\/uploads\/2022\/06\/cropped-logo-selecionado-2022-05-02-copiar.png","contentUrl":"https:\/\/moraissoaresarquitectos.pt\/wp-content\/uploads\/2022\/06\/cropped-logo-selecionado-2022-05-02-copiar.png","width":500,"height":328,"caption":"Morais Soares Arquitectos"},"image":{"@id":"https:\/\/moraissoaresarquitectos.pt\/#\/schema\/logo\/image\/"}}]}},"_links":{"self":[{"href":"https:\/\/moraissoaresarquitectos.pt\/pt-pt\/wp-json\/wp\/v2\/projecto\/2384","targetHints":{"allow":["GET"]}}],"collection":[{"href":"https:\/\/moraissoaresarquitectos.pt\/pt-pt\/wp-json\/wp\/v2\/projecto"}],"about":[{"href":"https:\/\/moraissoaresarquitectos.pt\/pt-pt\/wp-json\/wp\/v2\/types\/projecto"}],"version-history":[{"count":1,"href":"https:\/\/moraissoaresarquitectos.pt\/pt-pt\/wp-json\/wp\/v2\/projecto\/2384\/revisions"}],"predecessor-version":[{"id":3837,"href":"https:\/\/moraissoaresarquitectos.pt\/pt-pt\/wp-json\/wp\/v2\/projecto\/2384\/revisions\/3837"}],"wp:featuredmedia":[{"embeddable":true,"href":"https:\/\/moraissoaresarquitectos.pt\/pt-pt\/wp-json\/wp\/v2\/media\/2869"}],"wp:attachment":[{"href":"https:\/\/moraissoaresarquitectos.pt\/pt-pt\/wp-json\/wp\/v2\/media?parent=2384"}],"wp:term":[{"taxonomy":"tipo_de_projecto","embeddable":true,"href":"https:\/\/moraissoaresarquitectos.pt\/pt-pt\/wp-json\/wp\/v2\/tipo_de_projecto?post=2384"}],"curies":[{"name":"wp","href":"https:\/\/api.w.org\/{rel}","templated":true}]}}

<p>&nbsp;</p>
<p>Adaptada a um lote da ordem dos 400 m2, foi desenvolvida em dois pisos, sendo o superior de menor dimensão. Com um estudo cuidado de volumes e de telhados, obteve-se o máximo proveito da insolação e ventilação.<br />
É uma casa que vive em condições de conforto, praticamente sem qualquer fonte de aquecimento ou de refrigeração. Uma piscina exterior adossada às paredes, volvida ao quadrante Sul/Poente, e totalmente protegida de Norte, é utilizada (no Porto), desde Maio a Outubro.</p>

<p>&nbsp; Adaptada a um lote da ordem dos 400 m2, foi desenvolvida em dois pisos, sendo o superior de menor dimensão. Com um estudo cuidado de volumes e de telhados, obteve-se o máximo proveito da insolação e ventilação. É uma casa que vive em condições de conforto, praticamente sem qualquer fonte de aquecimento ou de [&hellip;]</p>
<p class="read-more"><a class="button" href="https://moraissoaresarquitectos.pt/pt-pt/projectos/guerra-junqueiro/">Read More</a></p>

<!-- This site is optimized with the Yoast SEO plugin v26.3 - https://yoast.com/wordpress/plugins/seo/ -->
<title>Guerra Junqueiro - Morais</title>
<meta name="robots" content="index, follow, max-snippet:-1, max-image-preview:large, max-video-preview:-1" />
<link rel="canonical" href="https://moraissoaresarquitectos.pt/pt-pt/projectos/guerra-junqueiro/" />
<meta property="og:locale" content="pt_PT" />
<meta property="og:type" content="article" />
<meta property="og:title" content="Guerra Junqueiro - Morais" />
<meta property="og:description" content="&nbsp; Adaptada a um lote da ordem dos 400 m2, foi desenvolvida em dois pisos, sendo o superior de menor dimensão. Com um estudo cuidado de volumes e de telhados, obteve-se o máximo proveito da insolação e ventilação. É uma casa que vive em condições de conforto, praticamente sem qualquer fonte de aquecimento ou de [&hellip;]Read More" />
<meta property="og:url" content="https://moraissoaresarquitectos.pt/pt-pt/projectos/guerra-junqueiro/" />
<meta property="og:site_name" content="Morais" />
<meta property="article:modified_time" content="2022-07-21T10:00:46+00:00" />
<meta property="og:image" content="https://moraissoaresarquitectos.pt/wp-content/uploads/2022/05/Moradia-em-Guerra-Junqueiro-1capa.jpg" />
	<meta property="og:image:width" content="1500" />
	<meta property="og:image:height" content="1037" />
	<meta property="og:image:type" content="image/jpeg" />
<meta name="twitter:card" content="summary_large_image" />
<script type="application/ld+json" class="yoast-schema-graph">{"@context":"https://schema.org","@graph":[{"@type":"WebPage","@id":"https://moraissoaresarquitectos.pt/pt-pt/projectos/guerra-junqueiro/","url":"https://moraissoaresarquitectos.pt/pt-pt/projectos/guerra-junqueiro/","name":"Guerra Junqueiro - Morais","isPartOf":{"@id":"https://moraissoaresarquitectos.pt/#website"},"primaryImageOfPage":{"@id":"https://moraissoaresarquitectos.pt/pt-pt/projectos/guerra-junqueiro/#primaryimage"},"image":{"@id":"https://moraissoaresarquitectos.pt/pt-pt/projectos/guerra-junqueiro/#primaryimage"},"thumbnailUrl":"https://moraissoaresarquitectos.pt/wp-content/uploads/2022/05/Moradia-em-Guerra-Junqueiro-1capa.jpg","datePublished":"2022-05-25T15:55:11+00:00","dateModified":"2022-07-21T10:00:46+00:00","breadcrumb":{"@id":"https://moraissoaresarquitectos.pt/pt-pt/projectos/guerra-junqueiro/#breadcrumb"},"inLanguage":"pt-PT","potentialAction":[{"@type":"ReadAction","target":["https://moraissoaresarquitectos.pt/pt-pt/projectos/guerra-junqueiro/"]}]},{"@type":"ImageObject","inLanguage":"pt-PT","@id":"https://moraissoaresarquitectos.pt/pt-pt/projectos/guerra-junqueiro/#primaryimage","url":"https://moraissoaresarquitectos.pt/wp-content/uploads/2022/05/Moradia-em-Guerra-Junqueiro-1capa.jpg","contentUrl":"https://moraissoaresarquitectos.pt/wp-content/uploads/2022/05/Moradia-em-Guerra-Junqueiro-1capa.jpg","width":1500,"height":1037,"caption":"Moradia em Guerra Junqueiro"},{"@type":"BreadcrumbList","@id":"https://moraissoaresarquitectos.pt/pt-pt/projectos/guerra-junqueiro/#breadcrumb","itemListElement":[{"@type":"ListItem","position":1,"name":"Home","item":"https://moraissoaresarquitectos.pt/pt-pt/"},{"@type":"ListItem","position":2,"name":"Projectos","item":"https://moraissoaresarquitectos.pt/projectos/"},{"@type":"ListItem","position":3,"name":"Guerra Junqueiro"}]},{"@type":"WebSite","@id":"https://moraissoaresarquitectos.pt/#website","url":"https://moraissoaresarquitectos.pt/","name":"Morais","description":"Morais Soares Arquitectos","publisher":{"@id":"https://moraissoaresarquitectos.pt/#organization"},"potentialAction":[{"@type":"SearchAction","target":{"@type":"EntryPoint","urlTemplate":"https://moraissoaresarquitectos.pt/?s={search_term_string}"},"query-input":{"@type":"PropertyValueSpecification","valueRequired":true,"valueName":"search_term_string"}}],"inLanguage":"pt-PT"},{"@type":"Organization","@id":"https://moraissoaresarquitectos.pt/#organization","name":"Morais Soares Arquitectos","url":"https://moraissoaresarquitectos.pt/","logo":{"@type":"ImageObject","inLanguage":"pt-PT","@id":"https://moraissoaresarquitectos.pt/#/schema/logo/image/","url":"https://moraissoaresarquitectos.pt/wp-content/uploads/2022/06/cropped-logo-selecionado-2022-05-02-copiar.png","contentUrl":"https://moraissoaresarquitectos.pt/wp-content/uploads/2022/06/cropped-logo-selecionado-2022-05-02-copiar.png","width":500,"height":328,"caption":"Morais Soares Arquitectos"},"image":{"@id":"https://moraissoaresarquitectos.pt/#/schema/logo/image/"}}]}</script>
<!-- / Yoast SEO plugin. -->

&nbsp; Adaptada a um lote da ordem dos 400 m2, foi desenvolvida em dois pisos, sendo o superior de menor dimensão. Com um estudo cuidado de volumes e de telhados, obteve-se o máximo proveito da insolação e ventilação. É uma casa que vive em condições de conforto, praticamente sem qualquer fonte de aquecimento ou de [&hellip;]Read More
