{"id":1972,"date":"2022-05-20T12:02:01","date_gmt":"2022-05-20T12:02:01","guid":{"rendered":"https:\/\/moraissoaresarquitectos.pt\/?post_type=projecto&#038;p=1972"},"modified":"2022-11-30T10:22:35","modified_gmt":"2022-11-30T10:22:35","slug":"chale-leca","status":"publish","type":"projecto","link":"https:\/\/moraissoaresarquitectos.pt\/pt-pt\/projectos\/chale-leca\/","title":{"rendered":"Chal\u00e9 Le\u00e7a"},"content":{"rendered":"<p>Restauro de uma moradia da \u201cLe\u00e7a Balnear de 1900\u201d, em avan\u00e7ado estado de degrada\u00e7\u00e3o. Introduz-se uma nova estrutura em bet\u00e3o armado, mas s\u00e3o preservados o jogo de telhados, os beirados, o desenho das caixilharias, as molduras de pedra, \u2026 .<\/p>\n<p>Uma amplia\u00e7\u00e3o de desenho contempor\u00e2neo, forrada a chapa ondulada, material actual, tamb\u00e9m frequente \u00e0 \u00e9poca, colmata \/ disfar\u00e7a a enorme empena vizinha.<\/p>\n<p>No interior, recuperam-se algumas carpintarias ou reproduzem-se a partir de \u201cmoldes\u201d da demoli\u00e7\u00e3o, outras de desenho contempor\u00e2neo \u2013 conforme o efeito pretendido.<\/p>\n","protected":false},"excerpt":{"rendered":"<p>Restauro de uma moradia da \u201cLe\u00e7a Balnear de 1900\u201d, em avan\u00e7ado estado de degrada\u00e7\u00e3o. Introduz-se uma nova estrutura em bet\u00e3o armado, mas s\u00e3o preservados o jogo de telhados, os beirados, o desenho das caixilharias, as molduras de pedra, \u2026 . Uma amplia\u00e7\u00e3o de desenho contempor\u00e2neo, forrada a chapa ondulada, material actual, tamb\u00e9m frequente \u00e0 \u00e9poca, [&hellip;]<\/p>\n<p class=\"read-more\"><a class=\"button\" href=\"https:\/\/moraissoaresarquitectos.pt\/pt-pt\/projectos\/chale-leca\/\">Read More<\/a><\/p>\n","protected":false},"featured_media":3917,"template":"","tipo_de_projecto":[208],"class_list":["post-1972","projecto","type-projecto","status-publish","has-post-thumbnail","hentry","tipo_de_projecto-housing"],"yoast_head":"<!-- This site is optimized with the Yoast SEO plugin v26.3 - https:\/\/yoast.com\/wordpress\/plugins\/seo\/ -->\n<title>Chal\u00e9 Le\u00e7a - Morais<\/title>\n<meta name=\"robots\" content=\"index, follow, max-snippet:-1, max-image-preview:large, max-video-preview:-1\" \/>\n<link rel=\"canonical\" href=\"https:\/\/moraissoaresarquitectos.pt\/pt-pt\/projectos\/chale-leca\/\" \/>\n<meta property=\"og:locale\" content=\"pt_PT\" \/>\n<meta property=\"og:type\" content=\"article\" \/>\n<meta property=\"og:title\" content=\"Chal\u00e9 Le\u00e7a - Morais\" \/>\n<meta property=\"og:description\" content=\"Restauro de uma moradia da \u201cLe\u00e7a Balnear de 1900\u201d, em avan\u00e7ado estado de degrada\u00e7\u00e3o. Introduz-se uma nova estrutura em bet\u00e3o armado, mas s\u00e3o preservados o jogo de telhados, os beirados, o desenho das caixilharias, as molduras de pedra, \u2026 . Uma amplia\u00e7\u00e3o de desenho contempor\u00e2neo, forrada a chapa ondulada, material actual, tamb\u00e9m frequente \u00e0 \u00e9poca, [&hellip;]Read More\" \/>\n<meta property=\"og:url\" content=\"https:\/\/moraissoaresarquitectos.pt\/pt-pt\/projectos\/chale-leca\/\" \/>\n<meta property=\"og:site_name\" content=\"Morais\" \/>\n<meta property=\"article:modified_time\" content=\"2022-11-30T10:22:35+00:00\" \/>\n<meta property=\"og:image\" content=\"https:\/\/moraissoaresarquitectos.pt\/wp-content\/uploads\/2022\/05\/download-4-1.jpg\" \/>\n\t<meta property=\"og:image:width\" content=\"1424\" \/>\n\t<meta property=\"og:image:height\" content=\"2144\" \/>\n\t<meta property=\"og:image:type\" content=\"image\/jpeg\" \/>\n<meta name=\"twitter:card\" content=\"summary_large_image\" \/>\n<meta name=\"twitter:label1\" content=\"Tempo estimado de leitura\" \/>\n\t<meta name=\"twitter:data1\" content=\"1 minuto\" \/>\n<script type=\"application\/ld+json\" class=\"yoast-schema-graph\">{\"@context\":\"https:\/\/schema.org\",\"@graph\":[{\"@type\":\"WebPage\",\"@id\":\"https:\/\/moraissoaresarquitectos.pt\/pt-pt\/projectos\/chale-leca\/\",\"url\":\"https:\/\/moraissoaresarquitectos.pt\/pt-pt\/projectos\/chale-leca\/\",\"name\":\"Chal\u00e9 Le\u00e7a - Morais\",\"isPartOf\":{\"@id\":\"https:\/\/moraissoaresarquitectos.pt\/#website\"},\"primaryImageOfPage\":{\"@id\":\"https:\/\/moraissoaresarquitectos.pt\/pt-pt\/projectos\/chale-leca\/#primaryimage\"},\"image\":{\"@id\":\"https:\/\/moraissoaresarquitectos.pt\/pt-pt\/projectos\/chale-leca\/#primaryimage\"},\"thumbnailUrl\":\"https:\/\/moraissoaresarquitectos.pt\/wp-content\/uploads\/2022\/05\/download-4-1.jpg\",\"datePublished\":\"2022-05-20T12:02:01+00:00\",\"dateModified\":\"2022-11-30T10:22:35+00:00\",\"breadcrumb\":{\"@id\":\"https:\/\/moraissoaresarquitectos.pt\/pt-pt\/projectos\/chale-leca\/#breadcrumb\"},\"inLanguage\":\"pt-PT\",\"potentialAction\":[{\"@type\":\"ReadAction\",\"target\":[\"https:\/\/moraissoaresarquitectos.pt\/pt-pt\/projectos\/chale-leca\/\"]}]},{\"@type\":\"ImageObject\",\"inLanguage\":\"pt-PT\",\"@id\":\"https:\/\/moraissoaresarquitectos.pt\/pt-pt\/projectos\/chale-leca\/#primaryimage\",\"url\":\"https:\/\/moraissoaresarquitectos.pt\/wp-content\/uploads\/2022\/05\/download-4-1.jpg\",\"contentUrl\":\"https:\/\/moraissoaresarquitectos.pt\/wp-content\/uploads\/2022\/05\/download-4-1.jpg\",\"width\":1424,\"height\":2144},{\"@type\":\"BreadcrumbList\",\"@id\":\"https:\/\/moraissoaresarquitectos.pt\/pt-pt\/projectos\/chale-leca\/#breadcrumb\",\"itemListElement\":[{\"@type\":\"ListItem\",\"position\":1,\"name\":\"Home\",\"item\":\"https:\/\/moraissoaresarquitectos.pt\/pt-pt\/\"},{\"@type\":\"ListItem\",\"position\":2,\"name\":\"Projectos\",\"item\":\"https:\/\/moraissoaresarquitectos.pt\/projectos\/\"},{\"@type\":\"ListItem\",\"position\":3,\"name\":\"Chal\u00e9 Le\u00e7a\"}]},{\"@type\":\"WebSite\",\"@id\":\"https:\/\/moraissoaresarquitectos.pt\/#website\",\"url\":\"https:\/\/moraissoaresarquitectos.pt\/\",\"name\":\"Morais\",\"description\":\"Morais Soares Arquitectos\",\"publisher\":{\"@id\":\"https:\/\/moraissoaresarquitectos.pt\/#organization\"},\"potentialAction\":[{\"@type\":\"SearchAction\",\"target\":{\"@type\":\"EntryPoint\",\"urlTemplate\":\"https:\/\/moraissoaresarquitectos.pt\/?s={search_term_string}\"},\"query-input\":{\"@type\":\"PropertyValueSpecification\",\"valueRequired\":true,\"valueName\":\"search_term_string\"}}],\"inLanguage\":\"pt-PT\"},{\"@type\":\"Organization\",\"@id\":\"https:\/\/moraissoaresarquitectos.pt\/#organization\",\"name\":\"Morais Soares Arquitectos\",\"url\":\"https:\/\/moraissoaresarquitectos.pt\/\",\"logo\":{\"@type\":\"ImageObject\",\"inLanguage\":\"pt-PT\",\"@id\":\"https:\/\/moraissoaresarquitectos.pt\/#\/schema\/logo\/image\/\",\"url\":\"https:\/\/moraissoaresarquitectos.pt\/wp-content\/uploads\/2022\/06\/cropped-logo-selecionado-2022-05-02-copiar.png\",\"contentUrl\":\"https:\/\/moraissoaresarquitectos.pt\/wp-content\/uploads\/2022\/06\/cropped-logo-selecionado-2022-05-02-copiar.png\",\"width\":500,\"height\":328,\"caption\":\"Morais Soares Arquitectos\"},\"image\":{\"@id\":\"https:\/\/moraissoaresarquitectos.pt\/#\/schema\/logo\/image\/\"}}]}<\/script>\n<!-- \/ Yoast SEO plugin. -->","yoast_head_json":{"title":"Chal\u00e9 Le\u00e7a - Morais","robots":{"index":"index","follow":"follow","max-snippet":"max-snippet:-1","max-image-preview":"max-image-preview:large","max-video-preview":"max-video-preview:-1"},"canonical":"https:\/\/moraissoaresarquitectos.pt\/pt-pt\/projectos\/chale-leca\/","og_locale":"pt_PT","og_type":"article","og_title":"Chal\u00e9 Le\u00e7a - Morais","og_description":"Restauro de uma moradia da \u201cLe\u00e7a Balnear de 1900\u201d, em avan\u00e7ado estado de degrada\u00e7\u00e3o. Introduz-se uma nova estrutura em bet\u00e3o armado, mas s\u00e3o preservados o jogo de telhados, os beirados, o desenho das caixilharias, as molduras de pedra, \u2026 . Uma amplia\u00e7\u00e3o de desenho contempor\u00e2neo, forrada a chapa ondulada, material actual, tamb\u00e9m frequente \u00e0 \u00e9poca, [&hellip;]Read More","og_url":"https:\/\/moraissoaresarquitectos.pt\/pt-pt\/projectos\/chale-leca\/","og_site_name":"Morais","article_modified_time":"2022-11-30T10:22:35+00:00","og_image":[{"width":1424,"height":2144,"url":"https:\/\/moraissoaresarquitectos.pt\/wp-content\/uploads\/2022\/05\/download-4-1.jpg","type":"image\/jpeg"}],"twitter_card":"summary_large_image","twitter_misc":{"Tempo estimado de leitura":"1 minuto"},"schema":{"@context":"https:\/\/schema.org","@graph":[{"@type":"WebPage","@id":"https:\/\/moraissoaresarquitectos.pt\/pt-pt\/projectos\/chale-leca\/","url":"https:\/\/moraissoaresarquitectos.pt\/pt-pt\/projectos\/chale-leca\/","name":"Chal\u00e9 Le\u00e7a - Morais","isPartOf":{"@id":"https:\/\/moraissoaresarquitectos.pt\/#website"},"primaryImageOfPage":{"@id":"https:\/\/moraissoaresarquitectos.pt\/pt-pt\/projectos\/chale-leca\/#primaryimage"},"image":{"@id":"https:\/\/moraissoaresarquitectos.pt\/pt-pt\/projectos\/chale-leca\/#primaryimage"},"thumbnailUrl":"https:\/\/moraissoaresarquitectos.pt\/wp-content\/uploads\/2022\/05\/download-4-1.jpg","datePublished":"2022-05-20T12:02:01+00:00","dateModified":"2022-11-30T10:22:35+00:00","breadcrumb":{"@id":"https:\/\/moraissoaresarquitectos.pt\/pt-pt\/projectos\/chale-leca\/#breadcrumb"},"inLanguage":"pt-PT","potentialAction":[{"@type":"ReadAction","target":["https:\/\/moraissoaresarquitectos.pt\/pt-pt\/projectos\/chale-leca\/"]}]},{"@type":"ImageObject","inLanguage":"pt-PT","@id":"https:\/\/moraissoaresarquitectos.pt\/pt-pt\/projectos\/chale-leca\/#primaryimage","url":"https:\/\/moraissoaresarquitectos.pt\/wp-content\/uploads\/2022\/05\/download-4-1.jpg","contentUrl":"https:\/\/moraissoaresarquitectos.pt\/wp-content\/uploads\/2022\/05\/download-4-1.jpg","width":1424,"height":2144},{"@type":"BreadcrumbList","@id":"https:\/\/moraissoaresarquitectos.pt\/pt-pt\/projectos\/chale-leca\/#breadcrumb","itemListElement":[{"@type":"ListItem","position":1,"name":"Home","item":"https:\/\/moraissoaresarquitectos.pt\/pt-pt\/"},{"@type":"ListItem","position":2,"name":"Projectos","item":"https:\/\/moraissoaresarquitectos.pt\/projectos\/"},{"@type":"ListItem","position":3,"name":"Chal\u00e9 Le\u00e7a"}]},{"@type":"WebSite","@id":"https:\/\/moraissoaresarquitectos.pt\/#website","url":"https:\/\/moraissoaresarquitectos.pt\/","name":"Morais","description":"Morais Soares Arquitectos","publisher":{"@id":"https:\/\/moraissoaresarquitectos.pt\/#organization"},"potentialAction":[{"@type":"SearchAction","target":{"@type":"EntryPoint","urlTemplate":"https:\/\/moraissoaresarquitectos.pt\/?s={search_term_string}"},"query-input":{"@type":"PropertyValueSpecification","valueRequired":true,"valueName":"search_term_string"}}],"inLanguage":"pt-PT"},{"@type":"Organization","@id":"https:\/\/moraissoaresarquitectos.pt\/#organization","name":"Morais Soares Arquitectos","url":"https:\/\/moraissoaresarquitectos.pt\/","logo":{"@type":"ImageObject","inLanguage":"pt-PT","@id":"https:\/\/moraissoaresarquitectos.pt\/#\/schema\/logo\/image\/","url":"https:\/\/moraissoaresarquitectos.pt\/wp-content\/uploads\/2022\/06\/cropped-logo-selecionado-2022-05-02-copiar.png","contentUrl":"https:\/\/moraissoaresarquitectos.pt\/wp-content\/uploads\/2022\/06\/cropped-logo-selecionado-2022-05-02-copiar.png","width":500,"height":328,"caption":"Morais Soares Arquitectos"},"image":{"@id":"https:\/\/moraissoaresarquitectos.pt\/#\/schema\/logo\/image\/"}}]}},"_links":{"self":[{"href":"https:\/\/moraissoaresarquitectos.pt\/pt-pt\/wp-json\/wp\/v2\/projecto\/1972","targetHints":{"allow":["GET"]}}],"collection":[{"href":"https:\/\/moraissoaresarquitectos.pt\/pt-pt\/wp-json\/wp\/v2\/projecto"}],"about":[{"href":"https:\/\/moraissoaresarquitectos.pt\/pt-pt\/wp-json\/wp\/v2\/types\/projecto"}],"version-history":[{"count":3,"href":"https:\/\/moraissoaresarquitectos.pt\/pt-pt\/wp-json\/wp\/v2\/projecto\/1972\/revisions"}],"predecessor-version":[{"id":3921,"href":"https:\/\/moraissoaresarquitectos.pt\/pt-pt\/wp-json\/wp\/v2\/projecto\/1972\/revisions\/3921"}],"wp:featuredmedia":[{"embeddable":true,"href":"https:\/\/moraissoaresarquitectos.pt\/pt-pt\/wp-json\/wp\/v2\/media\/3917"}],"wp:attachment":[{"href":"https:\/\/moraissoaresarquitectos.pt\/pt-pt\/wp-json\/wp\/v2\/media?parent=1972"}],"wp:term":[{"taxonomy":"tipo_de_projecto","embeddable":true,"href":"https:\/\/moraissoaresarquitectos.pt\/pt-pt\/wp-json\/wp\/v2\/tipo_de_projecto?post=1972"}],"curies":[{"name":"wp","href":"https:\/\/api.w.org\/{rel}","templated":true}]}}

Chalé Leça

<p>Restauro de uma moradia da “Leça Balnear de 1900”, em avançado estado de degradação. Introduz-se uma nova estrutura em betão armado, mas são preservados o jogo de telhados, os beirados, o desenho das caixilharias, as molduras de pedra, … .</p>
<p>Uma ampliação de desenho contemporâneo, forrada a chapa ondulada, material actual, também frequente à época, colmata / disfarça a enorme empena vizinha.</p>
<p>No interior, recuperam-se algumas carpintarias ou reproduzem-se a partir de “moldes” da demolição, outras de desenho contemporâneo – conforme o efeito pretendido.</p>

<p>Restauro de uma moradia da “Leça Balnear de 1900”, em avançado estado de degradação. Introduz-se uma nova estrutura em betão armado, mas são preservados o jogo de telhados, os beirados, o desenho das caixilharias, as molduras de pedra, … . Uma ampliação de desenho contemporâneo, forrada a chapa ondulada, material actual, também frequente à época, [&hellip;]</p>
<p class="read-more"><a class="button" href="https://moraissoaresarquitectos.pt/pt-pt/projectos/chale-leca/">Read More</a></p>

<!-- This site is optimized with the Yoast SEO plugin v26.3 - https://yoast.com/wordpress/plugins/seo/ -->
<title>Chalé Leça - Morais</title>
<meta name="robots" content="index, follow, max-snippet:-1, max-image-preview:large, max-video-preview:-1" />
<link rel="canonical" href="https://moraissoaresarquitectos.pt/pt-pt/projectos/chale-leca/" />
<meta property="og:locale" content="pt_PT" />
<meta property="og:type" content="article" />
<meta property="og:title" content="Chalé Leça - Morais" />
<meta property="og:description" content="Restauro de uma moradia da “Leça Balnear de 1900”, em avançado estado de degradação. Introduz-se uma nova estrutura em betão armado, mas são preservados o jogo de telhados, os beirados, o desenho das caixilharias, as molduras de pedra, … . Uma ampliação de desenho contemporâneo, forrada a chapa ondulada, material actual, também frequente à época, [&hellip;]Read More" />
<meta property="og:url" content="https://moraissoaresarquitectos.pt/pt-pt/projectos/chale-leca/" />
<meta property="og:site_name" content="Morais" />
<meta property="article:modified_time" content="2022-11-30T10:22:35+00:00" />
<meta property="og:image" content="https://moraissoaresarquitectos.pt/wp-content/uploads/2022/05/download-4-1.jpg" />
	<meta property="og:image:width" content="1424" />
	<meta property="og:image:height" content="2144" />
	<meta property="og:image:type" content="image/jpeg" />
<meta name="twitter:card" content="summary_large_image" />
<meta name="twitter:label1" content="Tempo estimado de leitura" />
	<meta name="twitter:data1" content="1 minuto" />
<script type="application/ld+json" class="yoast-schema-graph">{"@context":"https://schema.org","@graph":[{"@type":"WebPage","@id":"https://moraissoaresarquitectos.pt/pt-pt/projectos/chale-leca/","url":"https://moraissoaresarquitectos.pt/pt-pt/projectos/chale-leca/","name":"Chalé Leça - Morais","isPartOf":{"@id":"https://moraissoaresarquitectos.pt/#website"},"primaryImageOfPage":{"@id":"https://moraissoaresarquitectos.pt/pt-pt/projectos/chale-leca/#primaryimage"},"image":{"@id":"https://moraissoaresarquitectos.pt/pt-pt/projectos/chale-leca/#primaryimage"},"thumbnailUrl":"https://moraissoaresarquitectos.pt/wp-content/uploads/2022/05/download-4-1.jpg","datePublished":"2022-05-20T12:02:01+00:00","dateModified":"2022-11-30T10:22:35+00:00","breadcrumb":{"@id":"https://moraissoaresarquitectos.pt/pt-pt/projectos/chale-leca/#breadcrumb"},"inLanguage":"pt-PT","potentialAction":[{"@type":"ReadAction","target":["https://moraissoaresarquitectos.pt/pt-pt/projectos/chale-leca/"]}]},{"@type":"ImageObject","inLanguage":"pt-PT","@id":"https://moraissoaresarquitectos.pt/pt-pt/projectos/chale-leca/#primaryimage","url":"https://moraissoaresarquitectos.pt/wp-content/uploads/2022/05/download-4-1.jpg","contentUrl":"https://moraissoaresarquitectos.pt/wp-content/uploads/2022/05/download-4-1.jpg","width":1424,"height":2144},{"@type":"BreadcrumbList","@id":"https://moraissoaresarquitectos.pt/pt-pt/projectos/chale-leca/#breadcrumb","itemListElement":[{"@type":"ListItem","position":1,"name":"Home","item":"https://moraissoaresarquitectos.pt/pt-pt/"},{"@type":"ListItem","position":2,"name":"Projectos","item":"https://moraissoaresarquitectos.pt/projectos/"},{"@type":"ListItem","position":3,"name":"Chalé Leça"}]},{"@type":"WebSite","@id":"https://moraissoaresarquitectos.pt/#website","url":"https://moraissoaresarquitectos.pt/","name":"Morais","description":"Morais Soares Arquitectos","publisher":{"@id":"https://moraissoaresarquitectos.pt/#organization"},"potentialAction":[{"@type":"SearchAction","target":{"@type":"EntryPoint","urlTemplate":"https://moraissoaresarquitectos.pt/?s={search_term_string}"},"query-input":{"@type":"PropertyValueSpecification","valueRequired":true,"valueName":"search_term_string"}}],"inLanguage":"pt-PT"},{"@type":"Organization","@id":"https://moraissoaresarquitectos.pt/#organization","name":"Morais Soares Arquitectos","url":"https://moraissoaresarquitectos.pt/","logo":{"@type":"ImageObject","inLanguage":"pt-PT","@id":"https://moraissoaresarquitectos.pt/#/schema/logo/image/","url":"https://moraissoaresarquitectos.pt/wp-content/uploads/2022/06/cropped-logo-selecionado-2022-05-02-copiar.png","contentUrl":"https://moraissoaresarquitectos.pt/wp-content/uploads/2022/06/cropped-logo-selecionado-2022-05-02-copiar.png","width":500,"height":328,"caption":"Morais Soares Arquitectos"},"image":{"@id":"https://moraissoaresarquitectos.pt/#/schema/logo/image/"}}]}</script>
<!-- / Yoast SEO plugin. -->

Chalé Leça - Morais

Restauro de uma moradia da “Leça Balnear de 1900”, em avançado estado de degradação. Introduz-se uma nova estrutura em betão armado, mas são preservados o jogo de telhados, os beirados, o desenho das caixilharias, as molduras de pedra, … . Uma ampliação de desenho contemporâneo, forrada a chapa ondulada, material actual, também frequente à época, [&hellip;]Read More
